--
--






--
-- Name: bank_accounts; Type: TABLE; Schema: public; Owner: -
--

CREATE TABLE public.bank_accounts (
    id uuid NOT NULL,
    account_name character varying(255) NOT NULL,
    account_number character varying(255) NOT NULL,
    account_type character varying(255),
    bank_name character varying(255) NOT NULL,
    currency character varying(255),
    branch character varying(255),
    created_by uuid,
    updated_by uuid,
    deleted_by uuid,
    created_at timestamp(0) without time zone,
    updated_at timestamp(0) without time zone,
    deleted_at timestamp(0) without time zone
);


--
-- Name: brands; Type: TABLE; Schema: public; Owner: -
--

CREATE TABLE public.brands (
    id uuid NOT NULL,
    name character varying(255) NOT NULL,
    slug character varying(255) NOT NULL,
    description character varying(255),
    image text,
    is_active boolean DEFAULT true NOT NULL,
    created_at timestamp(0) without time zone,
    updated_at timestamp(0) without time zone,
    created_by uuid,
    updated_by uuid,
    deleted_by uuid,
    deleted_at timestamp(0) without time zone
);


--
-- Name: customer_addresses; Type: TABLE; Schema: public; Owner: -
--

CREATE TABLE public.customer_addresses (
    id uuid NOT NULL,
    customer_id uuid NOT NULL,
    label character varying(255),
    address text,
    phone character varying(255),
    is_primary boolean DEFAULT false NOT NULL,
    created_by uuid,
    updated_by uuid,
    created_at timestamp(0) without time zone,
    updated_at timestamp(0) without time zone
);


--
-- Name: customer_categories; Type: TABLE; Schema: public; Owner: -
--

CREATE TABLE public.customer_categories (
    id uuid NOT NULL,
    name character varying(255) NOT NULL,
    description text,
    created_by uuid,
    updated_by uuid,
    deleted_by uuid,
    created_at timestamp(0) without time zone,
    updated_at timestamp(0) without time zone,
    deleted_at timestamp(0) without time zone
);


--
-- Name: customer_category_customer; Type: TABLE; Schema: public; Owner: -
--

CREATE TABLE public.customer_category_customer (
    customer_id uuid NOT NULL,
    customer_category_id uuid NOT NULL,
    created_at timestamp(0) without time zone,
    updated_at timestamp(0) without time zone
);


--
-- Name: customer_histories; Type: TABLE; Schema: public; Owner: -
--

CREATE TABLE public.customer_histories (
    id uuid NOT NULL,
    customer_id uuid NOT NULL,
    description text,
    created_by uuid,
    updated_by uuid,
    created_at timestamp(0) without time zone,
    updated_at timestamp(0) without time zone
);


--
-- Name: customer_ownership; Type: TABLE; Schema: public; Owner: -
--

CREATE TABLE public.customer_ownership (
    id uuid NOT NULL,
    user_id uuid,
    customer_id uuid,
    title character varying(255),
    description text,
    created_by uuid,
    updated_by uuid,
    deleted_by uuid,
    created_at timestamp(0) without time zone,
    updated_at timestamp(0) without time zone,
    deleted_at timestamp(0) without time zone
);


--
-- Name: customer_pic_audits; Type: TABLE; Schema: public; Owner: -
--

CREATE TABLE public.customer_pic_audits (
    id uuid NOT NULL,
    customer_pic_id uuid NOT NULL,
    field character varying(255) NOT NULL,
    old_value text,
    new_value text,
    changed_by uuid,
    changed_at timestamp(0) without time zone,
    created_at timestamp(0) without time zone,
    updated_at timestamp(0) without time zone
);


--
-- Name: customer_pic_changes; Type: TABLE; Schema: public; Owner: -
--

CREATE TABLE public.customer_pic_changes (
    id uuid NOT NULL,
    customer_pic_id uuid NOT NULL,
    changes json NOT NULL,
    status character varying(255) DEFAULT 'pending'::character varying NOT NULL,
    requested_by uuid,
    approved_by uuid,
    approved_at timestamp(0) without time zone,
    rejection_reason text,
    created_at timestamp(0) without time zone,
    updated_at timestamp(0) without time zone,
    CONSTRAINT customer_pic_changes_status_check CHECK (((status)::text = ANY ((ARRAY['pending'::character varying, 'approved'::character varying, 'rejected'::character varying])::text[])))
);


--
-- Name: customer_pics; Type: TABLE; Schema: public; Owner: -
--

CREATE TABLE public.customer_pics (
    id uuid NOT NULL,
    customer_id uuid NOT NULL,
    customer_address_id uuid NOT NULL,
    name character varying(255) NOT NULL,
    email character varying(255),
    phone character varying(20),
    "position" character varying(255),
    is_primary boolean DEFAULT false NOT NULL,
    created_by uuid,
    updated_by uuid,
    deleted_by uuid,
    created_at timestamp(0) without time zone,
    updated_at timestamp(0) without time zone,
    deleted_at timestamp(0) without time zone
);


--
-- Name: customer_shares; Type: TABLE; Schema: public; Owner: -
--

CREATE TABLE public.customer_shares (
    customer_id uuid NOT NULL,
    user_id uuid NOT NULL,
    shared_at timestamp(0) without time zone,
    created_at timestamp(0) without time zone,
    updated_at timestamp(0) without time zone
);


--
-- Name: customer_timelines; Type: TABLE; Schema: public; Owner: -
--

CREATE TABLE public.customer_timelines (
    id uuid NOT NULL,
    customer_id uuid NOT NULL,
    title character varying(255) NOT NULL,
    file character varying(255),
    description text,
    created_by uuid,
    updated_by uuid,
    created_at timestamp(0) without time zone,
    updated_at timestamp(0) without time zone
);


--
-- Name: customers; Type: TABLE; Schema: public; Owner: -
--

CREATE TABLE public.customers (
    id uuid NOT NULL,
    user_id uuid,
    name character varying(255) NOT NULL,
    email character varying(255),
    phone character varying(20),
    image character varying(250),
    created_by uuid,
    updated_by uuid,
    deleted_by uuid,
    created_at timestamp(0) without time zone,
    updated_at timestamp(0) without time zone,
    deleted_at timestamp(0) without time zone
);


--
-- Name: delivery_order_files; Type: TABLE; Schema: public; Owner: -
--

CREATE TABLE public.delivery_order_files (
    id uuid NOT NULL,
    file_name character varying(255) NOT NULL,
    file_path character varying(255) NOT NULL,
    foreign_id uuid NOT NULL,
    created_by uuid,
    updated_by uuid,
    deleted_by uuid,
    deleted_at timestamp(0) without time zone,
    created_at timestamp(0) without time zone,
    updated_at timestamp(0) without time zone
);


--
-- Name: delivery_order_relation_so_items; Type: TABLE; Schema: public; Owner: -
--

CREATE TABLE public.delivery_order_relation_so_items (
    id uuid NOT NULL,
    delivery_order_id uuid NOT NULL,
    sales_order_item_id uuid NOT NULL,
    created_at timestamp(0) without time zone,
    updated_at timestamp(0) without time zone,
    created_by uuid,
    updated_by uuid,
    deleted_by uuid,
    deleted_at timestamp(0) without time zone
);


--
-- Name: delivery_orders; Type: TABLE; Schema: public; Owner: -
--

CREATE TABLE public.delivery_orders (
    id uuid NOT NULL,
    delivery_number character varying(255),
    delivery_number_accurate character varying(255),
    sales_order_id uuid NOT NULL,
    customer_id uuid NOT NULL,
    pic_id uuid NOT NULL,
    customer_po_number character varying(255),
    customer_po_date date,
    created_by uuid,
    updated_by uuid,
    deleted_by uuid,
    deleted_at timestamp(0) without time zone,
    created_at timestamp(0) without time zone,
    updated_at timestamp(0) without time zone
);


--
-- Name: distributor_logs; Type: TABLE; Schema: public; Owner: -
--

CREATE TABLE public.distributor_logs (
    id uuid NOT NULL,
    distributor_id uuid,
    type character varying(255) NOT NULL,
    old_data json,
    new_data json,
    note text,
    status character varying(255) DEFAULT 'waiting_for_approval'::character varying NOT NULL,
    created_at timestamp(0) without time zone,
    updated_at timestamp(0) without time zone,
    created_by uuid,
    updated_by uuid,
    deleted_by uuid,
    deleted_at timestamp(0) without time zone,
    CONSTRAINT distributor_logs_status_check CHECK (((status)::text = ANY ((ARRAY['waiting_for_approval'::character varying, 'approved'::character varying, 'rejected'::character varying])::text[]))),
    CONSTRAINT distributor_logs_type_check CHECK (((type)::text = ANY ((ARRAY['create'::character varying, 'update'::character varying, 'delete'::character varying])::text[])))
);


--
-- Name: distributor_pic; Type: TABLE; Schema: public; Owner: -
--

CREATE TABLE public.distributor_pic (
    id uuid NOT NULL,
    distributor_id uuid NOT NULL,
    full_name character varying(255) NOT NULL,
    phone_number character varying(255),
    brand character varying(255),
    created_at timestamp(0) without time zone,
    updated_at timestamp(0) without time zone,
    created_by uuid,
    updated_by uuid,
    deleted_by uuid,
    deleted_at timestamp(0) without time zone
);


--
-- Name: distributors; Type: TABLE; Schema: public; Owner: -
--

CREATE TABLE public.distributors (
    id uuid NOT NULL,
    name character varying(255) NOT NULL,
    phone_number character varying(255),
    email character varying(255),
    address text,
    image text,
    status character varying(255) DEFAULT 'approved'::character varying NOT NULL,
    is_active boolean DEFAULT true NOT NULL,
    created_at timestamp(0) without time zone,
    updated_at timestamp(0) without time zone,
    created_by uuid,
    updated_by uuid,
    deleted_by uuid,
    deleted_at timestamp(0) without time zone,
    CONSTRAINT distributors_status_check CHECK (((status)::text = ANY ((ARRAY['waiting_for_approval'::character varying, 'approved'::character varying, 'rejected'::character varying])::text[])))
);


--
-- Name: failed_jobs; Type: TABLE; Schema: public; Owner: -
--

CREATE TABLE public.failed_jobs (
    id bigint NOT NULL,
    uuid character varying(255) NOT NULL,
    connection text NOT NULL,
    queue text NOT NULL,
    payload text NOT NULL,
    exception text NOT NULL,
    failed_at timestamp(0) without time zone DEFAULT CURRENT_TIMESTAMP NOT NULL
);


--
-- Name: failed_jobs_id_seq; Type: SEQUENCE; Schema: public; Owner: -
--

CREATE SEQUENCE public.failed_jobs_id_seq
    START WITH 1
    INCREMENT BY 1
    NO MINVALUE
    NO MAXVALUE
    CACHE 1;


--
-- Name: failed_jobs_id_seq; Type: SEQUENCE OWNED BY; Schema: public; Owner: -
--

ALTER SEQUENCE public.failed_jobs_id_seq OWNED BY public.failed_jobs.id;


--
-- Name: general_config_histories; Type: TABLE; Schema: public; Owner: -
--

CREATE TABLE public.general_config_histories (
    id uuid NOT NULL,
    general_config_id uuid NOT NULL,
    title character varying(255),
    description character varying(255),
    old_value numeric(20,2),
    new_value numeric(20,2),
    created_at timestamp(0) without time zone,
    updated_at timestamp(0) without time zone,
    created_by uuid,
    updated_by uuid,
    deleted_by uuid,
    deleted_at timestamp(0) without time zone
);


--
-- Name: general_configs; Type: TABLE; Schema: public; Owner: -
--

CREATE TABLE public.general_configs (
    id uuid NOT NULL,
    name character varying(255),
    slug character varying(255) NOT NULL,
    value numeric(20,2),
    created_at timestamp(0) without time zone,
    updated_at timestamp(0) without time zone,
    created_by uuid,
    updated_by uuid,
    deleted_by uuid,
    deleted_at timestamp(0) without time zone
);


--
-- Name: invoice_bank_accounts; Type: TABLE; Schema: public; Owner: -
--

CREATE TABLE public.invoice_bank_accounts (
    invoice_id uuid NOT NULL,
    bank_account_id uuid NOT NULL,
    created_at timestamp(0) without time zone,
    updated_at timestamp(0) without time zone
);


--
-- Name: invoice_payment_files; Type: TABLE; Schema: public; Owner: -
--

CREATE TABLE public.invoice_payment_files (
    id uuid NOT NULL,
    invoice_payment_id uuid NOT NULL,
    file character varying(255) NOT NULL,
    file_name character varying(255) NOT NULL,
    created_at timestamp(0) without time zone,
    updated_at timestamp(0) without time zone,
    deleted_at timestamp(0) without time zone,
    created_by uuid,
    updated_by uuid,
    deleted_by uuid
);


--
-- Name: invoice_payments; Type: TABLE; Schema: public; Owner: -
--

CREATE TABLE public.invoice_payments (
    id uuid NOT NULL,
    invoice_id uuid NOT NULL,
    bank_account_id uuid NOT NULL,
    payment_date date NOT NULL,
    amount numeric(20,2) NOT NULL,
    description text,
    created_at timestamp(0) without time zone,
    updated_at timestamp(0) without time zone,
    deleted_at timestamp(0) without time zone,
    created_by uuid,
    updated_by uuid,
    deleted_by uuid
);


--
-- Name: invoices; Type: TABLE; Schema: public; Owner: -
--

CREATE TABLE public.invoices (
    id uuid NOT NULL,
    sales_order_id uuid NOT NULL,
    sales_order_milestone_id uuid NOT NULL,
    invoice_number character varying(255) NOT NULL,
    invoice_number_accurate character varying(255),
    tax_number character varying(255),
    total_amount numeric(20,2),
    due_date date,
    status character varying(255) DEFAULT 'progress'::character varying NOT NULL,
    lock boolean DEFAULT false NOT NULL,
    term character varying(255) NOT NULL,
    description text,
    created_at timestamp(0) without time zone,
    updated_at timestamp(0) without time zone,
    deleted_at timestamp(0) without time zone,
    created_by uuid,
    updated_by uuid,
    deleted_by uuid,
    CONSTRAINT invoices_status_check CHECK (((status)::text = ANY ((ARRAY['progress'::character varying, 'finish'::character varying, 'overdue'::character varying, 'invalid'::character varying])::text[])))
);


--
-- Name: job_batches; Type: TABLE; Schema: public; Owner: -
--

CREATE TABLE public.job_batches (
    id character varying(255) NOT NULL,
    name character varying(255) NOT NULL,
    total_jobs integer NOT NULL,
    pending_jobs integer NOT NULL,
    failed_jobs integer NOT NULL,
    failed_job_ids text NOT NULL,
    options text,
    cancelled_at integer,
    created_at integer NOT NULL,
    finished_at integer
);


--
-- Name: jobs; Type: TABLE; Schema: public; Owner: -
--

CREATE TABLE public.jobs (
    id bigint NOT NULL,
    queue character varying(255) NOT NULL,
    payload text NOT NULL,
    attempts smallint NOT NULL,
    reserved_at integer,
    available_at integer NOT NULL,
    created_at integer NOT NULL
);


--
-- Name: jobs_id_seq; Type: SEQUENCE; Schema: public; Owner: -
--

CREATE SEQUENCE public.jobs_id_seq
    START WITH 1
    INCREMENT BY 1
    NO MINVALUE
    NO MAXVALUE
    CACHE 1;


--
-- Name: jobs_id_seq; Type: SEQUENCE OWNED BY; Schema: public; Owner: -
--

ALTER SEQUENCE public.jobs_id_seq OWNED BY public.jobs.id;


--
-- Name: master_companies; Type: TABLE; Schema: public; Owner: -
--

CREATE TABLE public.master_companies (
    id uuid NOT NULL,
    name character varying(255) NOT NULL,
    address character varying(255),
    phone character varying(255),
    telp character varying(255),
    email character varying(255),
    npwp character varying(255),
    image text,
    is_active boolean DEFAULT true NOT NULL,
    created_at timestamp(0) without time zone,
    updated_at timestamp(0) without time zone,
    deleted_at timestamp(0) without time zone,
    created_by uuid,
    updated_by uuid,
    deleted_by uuid
);


--
-- Name: master_ppn; Type: TABLE; Schema: public; Owner: -
--

CREATE TABLE public.master_ppn (
    id uuid NOT NULL,
    name character varying(255) NOT NULL,
    percentage integer NOT NULL,
    year character varying(255) NOT NULL,
    is_active boolean DEFAULT true NOT NULL,
    created_at timestamp(0) without time zone,
    updated_at timestamp(0) without time zone,
    deleted_at timestamp(0) without time zone,
    created_by uuid,
    updated_by uuid,
    deleted_by uuid
);


--
-- Name: menu_actions; Type: TABLE; Schema: public; Owner: -
--

CREATE TABLE public.menu_actions (
    id uuid NOT NULL,
    menu_id uuid NOT NULL,
    action_id uuid NOT NULL,
    created_at timestamp(0) without time zone,
    updated_at timestamp(0) without time zone
);


--
-- Name: menus; Type: TABLE; Schema: public; Owner: -
--

CREATE TABLE public.menus (
    id uuid NOT NULL,
    name character varying(255) NOT NULL,
    slug character varying(255) NOT NULL,
    type character varying(255) DEFAULT 'menu'::character varying NOT NULL,
    url character varying(255),
    description character varying(255),
    icon_active character varying(255),
    icon_active_color character varying(255),
    icon_active_size character varying(255),
    icon_inactive character varying(255),
    icon_inactive_color character varying(255),
    icon_inactive_size character varying(255),
    parent_id uuid,
    "order" integer DEFAULT 0 NOT NULL,
    created_by uuid,
    updated_by uuid,
    deleted_by uuid,
    created_at timestamp(0) without time zone,
    updated_at timestamp(0) without time zone,
    deleted_at timestamp(0) without time zone,
    CONSTRAINT menus_type_check CHECK (((type)::text = ANY ((ARRAY['menu'::character varying, 'submenu'::character varying, 'header'::character varying])::text[])))
);


--
-- Name: migrations; Type: TABLE; Schema: public; Owner: -
--

CREATE TABLE public.migrations (
    id integer NOT NULL,
    migration character varying(255) NOT NULL,
    batch integer NOT NULL
);


--
-- Name: migrations_id_seq; Type: SEQUENCE; Schema: public; Owner: -
--

CREATE SEQUENCE public.migrations_id_seq
    AS integer
    START WITH 1
    INCREMENT BY 1
    NO MINVALUE
    NO MAXVALUE
    CACHE 1;


--
-- Name: migrations_id_seq; Type: SEQUENCE OWNED BY; Schema: public; Owner: -
--

ALTER SEQUENCE public.migrations_id_seq OWNED BY public.migrations.id;


--
-- Name: notifications; Type: TABLE; Schema: public; Owner: -
--

CREATE TABLE public.notifications (
    id uuid NOT NULL,
    user_id uuid,
    foreign_id uuid,
    status character varying(255),
    sub_status character varying(255),
    "to" character varying(255),
    title text,
    description text,
    priority character varying(255),
    is_read boolean DEFAULT false NOT NULL,
    created_at timestamp(0) without time zone,
    updated_at timestamp(0) without time zone,
    created_by uuid,
    updated_by uuid,
    deleted_by uuid,
    deleted_at timestamp(0) without time zone
);


--
-- Name: personal_access_tokens_id_seq; Type: SEQUENCE; Schema: public; Owner: -
--

CREATE SEQUENCE public.personal_access_tokens_id_seq
    START WITH 1
    INCREMENT BY 1
    NO MINVALUE
    NO MAXVALUE
    CACHE 1;


--
-- Name: personal_access_tokens_id_seq; Type: SEQUENCE OWNED BY; Schema: public; Owner: -
--

ALTER SEQUENCE public.personal_access_tokens_id_seq OWNED BY public.personal_access_tokens.id;


--
-- Name: pipeline; Type: TABLE; Schema: public; Owner: -
--

CREATE TABLE public.pipeline (
    id uuid NOT NULL,
    customer_id uuid NOT NULL,
    pic_id uuid NOT NULL,
    user_id uuid NOT NULL,
    group_id uuid,
    name text NOT NULL,
    estimated_value numeric(20,2) DEFAULT '0'::numeric NOT NULL,
    estimated_close timestamp(0) without time zone NOT NULL,
    description text,
    probability_closing character varying(255) DEFAULT '75'::character varying NOT NULL,
    status character varying(255) DEFAULT 'progress'::character varying NOT NULL,
    type character varying(255) DEFAULT 'cold'::character varying NOT NULL,
    lock boolean DEFAULT false NOT NULL,
    is_installation boolean DEFAULT false NOT NULL,
    is_maintenance boolean DEFAULT false NOT NULL,
    is_cabling boolean DEFAULT false NOT NULL,
    is_pm boolean DEFAULT false NOT NULL,
    draft_json json,
    created_at timestamp(0) without time zone,
    updated_at timestamp(0) without time zone,
    created_by uuid,
    updated_by uuid,
    deleted_by uuid,
    deleted_at timestamp(0) without time zone,
    CONSTRAINT pipeline_probability_closing_check CHECK (((probability_closing)::text = ANY ((ARRAY['0'::character varying, '25'::character varying, '50'::character varying, '75'::character varying, '100'::character varying])::text[]))),
    CONSTRAINT pipeline_status_check CHECK (((status)::text = ANY ((ARRAY['finish'::character varying, 'progress'::character varying, 'lose'::character varying, 'invalid'::character varying, 'revisi'::character varying, 'verify'::character varying])::text[]))),
    CONSTRAINT pipeline_type_check CHECK (((type)::text = ANY ((ARRAY['cold'::character varying, 'hot'::character varying])::text[])))
);


--
-- Name: pipeline_costs; Type: TABLE; Schema: public; Owner: -
--

CREATE TABLE public.pipeline_costs (
    id uuid NOT NULL,
    pipeline_id uuid NOT NULL,
    is_discount boolean DEFAULT false NOT NULL,
    is_leasing boolean DEFAULT false NOT NULL,
    discount numeric(20,2) DEFAULT '0'::numeric NOT NULL,
    leasing numeric(20,2) DEFAULT '0'::numeric NOT NULL,
    created_at timestamp(0) without time zone,
    updated_at timestamp(0) without time zone,
    created_by uuid,
    updated_by uuid
);


--
-- Name: pipeline_file; Type: TABLE; Schema: public; Owner: -
--

CREATE TABLE public.pipeline_file (
    id uuid NOT NULL,
    pipeline_id uuid NOT NULL,
    file character varying(255) NOT NULL,
    file_name character varying(255) NOT NULL,
    description text,
    note text,
    created_at timestamp(0) without time zone,
    updated_at timestamp(0) without time zone,
    created_by uuid,
    updated_by uuid,
    deleted_by uuid,
    deleted_at timestamp(0) without time zone
);


--
-- Name: pipeline_history; Type: TABLE; Schema: public; Owner: -
--

CREATE TABLE public.pipeline_history (
    id uuid NOT NULL,
    pipeline_id uuid NOT NULL,
    description text NOT NULL,
    status character varying(255),
    created_at timestamp(0) without time zone,
    updated_at timestamp(0) without time zone,
    created_by uuid,
    updated_by uuid,
    deleted_by uuid,
    deleted_at timestamp(0) without time zone
);


--
-- Name: purchase_order_files; Type: TABLE; Schema: public; Owner: -
--

CREATE TABLE public.purchase_order_files (
    id uuid NOT NULL,
    file_name character varying(255) NOT NULL,
    file_path character varying(255) NOT NULL,
    foreign_id uuid NOT NULL,
    created_by uuid,
    updated_by uuid,
    deleted_by uuid,
    created_at timestamp(0) without time zone,
    updated_at timestamp(0) without time zone,
    deleted_at timestamp(0) without time zone
);


--
-- Name: purchase_order_histories; Type: TABLE; Schema: public; Owner: -
--

CREATE TABLE public.purchase_order_histories (
    id uuid NOT NULL,
    purchase_order_id uuid NOT NULL,
    user_id uuid NOT NULL,
    description text NOT NULL,
    status character varying(255),
    created_at timestamp(0) without time zone,
    updated_at timestamp(0) without time zone,
    created_by uuid,
    updated_by uuid,
    deleted_by uuid,
    deleted_at timestamp(0) without time zone
);


--
-- Name: purchase_order_relation_soitems; Type: TABLE; Schema: public; Owner: -
--

CREATE TABLE public.purchase_order_relation_soitems (
    id uuid NOT NULL,
    purchase_order_id uuid NOT NULL,
    sales_order_item_id uuid NOT NULL,
    created_at timestamp(0) without time zone,
    updated_at timestamp(0) without time zone,
    created_by uuid,
    updated_by uuid,
    deleted_by uuid,
    deleted_at timestamp(0) without time zone
);


--
-- Name: purchase_order_relations; Type: TABLE; Schema: public; Owner: -
--

CREATE TABLE public.purchase_order_relations (
    id uuid NOT NULL,
    purchase_order_id uuid NOT NULL,
    sales_order_id uuid NOT NULL,
    created_at timestamp(0) without time zone,
    updated_at timestamp(0) without time zone,
    created_by uuid,
    updated_by uuid,
    deleted_by uuid,
    deleted_at timestamp(0) without time zone
);


--
-- Name: purchase_orders; Type: TABLE; Schema: public; Owner: -
--

CREATE TABLE public.purchase_orders (
    id uuid NOT NULL,
    purchase_number character varying(255),
    purchase_number_accurate character varying(255),
    delivery_to character varying(255),
    order_status character varying(255) DEFAULT 'po_out'::character varying NOT NULL,
    distributor_id uuid NOT NULL,
    is_ppn boolean DEFAULT false NOT NULL,
    created_by uuid,
    updated_by uuid,
    deleted_by uuid,
    created_at timestamp(0) without time zone,
    updated_at timestamp(0) without time zone,
    deleted_at timestamp(0) without time zone,
    ppn_id uuid,
    CONSTRAINT purchase_orders_order_status_check CHECK (((order_status)::text = ANY ((ARRAY['po_out'::character varying, 'delivery_to_office'::character varying, 'ready_at_office'::character varying, 'delivery_to_customer'::character varying])::text[])))
);


--
-- Name: role_menus; Type: TABLE; Schema: public; Owner: -
--

CREATE TABLE public.role_menus (
    id uuid NOT NULL,
    role_id uuid NOT NULL,
    menu_id uuid NOT NULL,
    created_at timestamp(0) without time zone,
    updated_at timestamp(0) without time zone
);


--
-- Name: roles; Type: TABLE; Schema: public; Owner: -
--

CREATE TABLE public.roles (
    id uuid NOT NULL,
    name character varying(255) NOT NULL,
    description character varying(255),
    slug character varying(255) NOT NULL,
    is_active boolean DEFAULT true NOT NULL,
    created_by uuid,
    updated_by uuid,
    deleted_by uuid,
    created_at timestamp(0) without time zone,
    updated_at timestamp(0) without time zone,
    deleted_at timestamp(0) without time zone
);


--
-- Name: sales_order_histories; Type: TABLE; Schema: public; Owner: -
--

CREATE TABLE public.sales_order_histories (
    id uuid NOT NULL,
    sales_order_id uuid,
    user_id uuid,
    type character varying(255),
    description character varying(255),
    created_at timestamp(0) without time zone,
    updated_at timestamp(0) without time zone,
    created_by uuid,
    updated_by uuid,
    deleted_by uuid,
    deleted_at timestamp(0) without time zone
);


--
-- Name: sales_order_items; Type: TABLE; Schema: public; Owner: -
--

CREATE TABLE public.sales_order_items (
    id uuid NOT NULL,
    sales_order_id uuid,
    pipeline_id uuid,
    brand_id uuid,
    part_number character varying(255),
    description text,
    qty integer,
    cost_unit numeric(20,2),
    cost_total numeric(20,2),
    unit_selling numeric(20,2),
    total_selling numeric(20,2),
    margin numeric(20,2),
    unit_price_list numeric(20,2),
    discount_cost numeric(20,2),
    discount_selling numeric(20,2),
    mark_up numeric(20,2),
    is_mark_up boolean DEFAULT false NOT NULL,
    is_cost_marketing boolean DEFAULT false NOT NULL,
    is_cost_service boolean DEFAULT false NOT NULL,
    is_cost_cabling boolean DEFAULT false NOT NULL,
    is_cost_project boolean DEFAULT false NOT NULL,
    is_draft boolean DEFAULT false NOT NULL,
    warranty integer,
    warranty_date date,
    created_at timestamp(0) without time zone,
    updated_at timestamp(0) without time zone,
    created_by uuid,
    updated_by uuid,
    deleted_by uuid,
    deleted_at timestamp(0) without time zone
);


--
-- Name: sales_order_milestone_items; Type: TABLE; Schema: public; Owner: -
--

CREATE TABLE public.sales_order_milestone_items (
    sales_order_milestone_id uuid NOT NULL,
    sales_order_item_id uuid NOT NULL,
    created_at timestamp(0) without time zone,
    updated_at timestamp(0) without time zone
);


--
-- Name: sales_order_milestones; Type: TABLE; Schema: public; Owner: -
--

CREATE TABLE public.sales_order_milestones (
    id uuid NOT NULL,
    sales_order_id uuid NOT NULL,
    invoice_id uuid,
    sequence integer NOT NULL,
    amount numeric(20,2) NOT NULL,
    percent numeric(5,2) NOT NULL,
    category json NOT NULL,
    description text NOT NULL,
    created_at timestamp(0) without time zone,
    updated_at timestamp(0) without time zone,
    deleted_at timestamp(0) without time zone,
    created_by uuid,
    updated_by uuid,
    deleted_by uuid
);


--
-- Name: sales_orders; Type: TABLE; Schema: public; Owner: -
--

CREATE TABLE public.sales_orders (
    id uuid NOT NULL,
    pipeline_id uuid,
    user_group_id uuid,
    user_id uuid,
    sales_order_number character varying(255) NOT NULL,
    po_customer character varying(255),
    date_purchase_order_customer date,
    date_request date,
    date_approval date,
    remarks text,
    total_cost numeric(20,2),
    total_selling numeric(20,2),
    gross_profit_total numeric(20,2),
    gross_profit_final numeric(20,2),
    bonus numeric(20,2),
    cost_admin numeric(20,2),
    cost_service numeric(20,2),
    cost_marketing numeric(20,2),
    is_payment boolean DEFAULT false NOT NULL,
    bonus_taken character varying(255) DEFAULT 'hold'::character varying NOT NULL,
    is_lock boolean DEFAULT false NOT NULL,
    is_purchase_order boolean DEFAULT false NOT NULL,
    percentage_admin numeric(8,2),
    percentage_bonus numeric(8,2),
    created_at timestamp(0) without time zone,
    updated_at timestamp(0) without time zone,
    created_by uuid,
    updated_by uuid,
    deleted_by uuid,
    deleted_at timestamp(0) without time zone,
    CONSTRAINT sales_orders_bonus_taken_check CHECK (((bonus_taken)::text = ANY ((ARRAY['active'::character varying, 'waiting'::character varying, 'hold'::character varying, 'complete'::character varying])::text[])))
);


--
-- Name: sessions; Type: TABLE; Schema: public; Owner: -
--

CREATE TABLE public.sessions (
    id character varying(255) NOT NULL,
    user_id uuid,
    ip_address character varying(45),
    user_agent text,
    payload text NOT NULL,
    last_activity integer NOT NULL
);


--
-- Name: special_notes; Type: TABLE; Schema: public; Owner: -
--

CREATE TABLE public.special_notes (
    id uuid NOT NULL,
    pipeline_id uuid NOT NULL,
    note text,
    read_by json NOT NULL,
    created_at timestamp(0) without time zone,
    updated_at timestamp(0) without time zone,
    created_by uuid,
    updated_by uuid,
    deleted_by uuid,
    deleted_at timestamp(0) without time zone
);


--
-- Name: user_details; Type: TABLE; Schema: public; Owner: -
--

CREATE TABLE public.user_details (
    id uuid NOT NULL,
    user_id uuid NOT NULL,
    employee_status character varying(255),
    start_date date,
    end_date date,
    is_priority boolean DEFAULT false NOT NULL,
    nik character varying(50),
    nip character varying(50),
    created_by uuid,
    updated_by uuid,
    deleted_by uuid,
    created_at timestamp(0) without time zone,
    updated_at timestamp(0) without time zone,
    deleted_at timestamp(0) without time zone,
    CONSTRAINT user_details_employee_status_check CHECK (((employee_status)::text = ANY ((ARRAY['contract'::character varying, 'resigned'::character varying, 'suspended'::character varying, 'permanent'::character varying, 'probation'::character varying, 'internship'::character varying])::text[])))
);


--
-- Name: user_permissions; Type: TABLE; Schema: public; Owner: -
--

CREATE TABLE public.user_permissions (
    id uuid NOT NULL,
    user_id uuid NOT NULL,
    menu_id uuid NOT NULL,
    action_id uuid NOT NULL,
    created_by uuid,
    updated_by uuid,
    deleted_by uuid,
    created_at timestamp(0) without time zone,
    updated_at timestamp(0) without time zone,
    deleted_at timestamp(0) without time zone
);


--
-- Name: failed_jobs id; Type: DEFAULT; Schema: public; Owner: -
--

ALTER TABLE ONLY public.failed_jobs ALTER COLUMN id SET DEFAULT nextval('public.failed_jobs_id_seq'::regclass);


--
-- Name: jobs id; Type: DEFAULT; Schema: public; Owner: -
--

ALTER TABLE ONLY public.jobs ALTER COLUMN id SET DEFAULT nextval('public.jobs_id_seq'::regclass);


--
-- Name: migrations id; Type: DEFAULT; Schema: public; Owner: -
--

ALTER TABLE ONLY public.migrations ALTER COLUMN id SET DEFAULT nextval('public.migrations_id_seq'::regclass);

--
-- Data for Name: bank_accounts; Type: TABLE DATA; Schema: public; Owner: -
--

COPY public.bank_accounts (id, account_name, account_number, account_type, bank_name, currency, branch, created_by, updated_by, deleted_by, created_at, updated_at, deleted_at) FROM stdin;
\.


--
-- Data for Name: brands; Type: TABLE DATA; Schema: public; Owner: -
--

COPY public.brands (id, name, slug, description, image, is_active, created_at, updated_at, created_by, updated_by, deleted_by, deleted_at) FROM stdin;
\.


--
-- Data for Name: customer_addresses; Type: TABLE DATA; Schema: public; Owner: -
--

COPY public.customer_addresses (id, customer_id, label, address, phone, is_primary, created_by, updated_by, created_at, updated_at) FROM stdin;
227b0dcd-5a8a-43d0-8319-bbefcd813616	6b19826d-5d94-4247-b333-02588f160c0c	Kantor Pusat	Jalan gajah mada	08932492	t	\N	\N	2026-02-20 03:16:57	2026-02-20 03:16:57
\.


--
-- Data for Name: customer_categories; Type: TABLE DATA; Schema: public; Owner: -
--

COPY public.customer_categories (id, name, description, created_by, updated_by, deleted_by, created_at, updated_at, deleted_at) FROM stdin;
4710027c-6c5a-4821-ada6-ef0b3dab3150	Goverment	\N	34dd92c9-4d9a-48b5-a326-c18dfadf92e0	\N	\N	2026-02-20 02:36:52	2026-02-20 02:36:52	\N
85c2cd11-0e73-404e-a5c0-b317db541f08	Corporate	\N	34dd92c9-4d9a-48b5-a326-c18dfadf92e0	\N	\N	2026-02-20 02:37:02	2026-02-20 02:37:02	\N
\.


--
-- Data for Name: customer_category_customer; Type: TABLE DATA; Schema: public; Owner: -
--

COPY public.customer_category_customer (customer_id, customer_category_id, created_at, updated_at) FROM stdin;
\.


--
-- Data for Name: customer_histories; Type: TABLE DATA; Schema: public; Owner: -
--

COPY public.customer_histories (id, customer_id, description, created_by, updated_by, created_at, updated_at) FROM stdin;
dd5c6965-9fe7-4d23-a59a-5084d283df53	6b19826d-5d94-4247-b333-02588f160c0c	Super Admin access PT. Indo Semen (customer) detail	\N	\N	2026-02-26 04:10:42	2026-02-26 04:10:42
bfeb8571-ae51-48ab-b7e3-9e95a4d04f30	6b19826d-5d94-4247-b333-02588f160c0c	Super Admin access PT. Indo Semen (customer) detail	\N	\N	2026-03-17 09:16:34	2026-03-17 09:16:34
e29ae596-bd84-40cd-a31b-afceeca52d05	6b19826d-5d94-4247-b333-02588f160c0c	John Doe access PT. Indo Semen (customer) detail	\N	\N	2026-03-25 10:47:29	2026-03-25 10:47:29
78e7e92f-32e8-4e7f-8aa4-df089485b157	6b19826d-5d94-4247-b333-02588f160c0c	John Doe access PT. Indo Semen (customer) detail	\N	\N	2026-03-25 10:48:09	2026-03-25 10:48:09
38fe2cce-f669-4a9b-a731-73ce057be8c1	6b19826d-5d94-4247-b333-02588f160c0c	John Doe access PT. Indo Semen (customer) detail	\N	\N	2026-03-25 10:48:10	2026-03-25 10:48:10
8f4c03a2-bead-4d87-804f-a7dac472c437	6b19826d-5d94-4247-b333-02588f160c0c	John Doe access PT. Indo Semen (customer) detail	\N	\N	2026-03-25 11:08:41	2026-03-25 11:08:41
\.


--
-- Data for Name: customer_ownership; Type: TABLE DATA; Schema: public; Owner: -
--

COPY public.customer_ownership (id, user_id, customer_id, title, description, created_by, updated_by, deleted_by, created_at, updated_at, deleted_at) FROM stdin;
\.


--
-- Data for Name: customer_pic_audits; Type: TABLE DATA; Schema: public; Owner: -
--

COPY public.customer_pic_audits (id, customer_pic_id, field, old_value, new_value, changed_by, changed_at, created_at, updated_at) FROM stdin;
\.


--
-- Data for Name: customer_pic_changes; Type: TABLE DATA; Schema: public; Owner: -
--

COPY public.customer_pic_changes (id, customer_pic_id, changes, status, requested_by, approved_by, approved_at, rejection_reason, created_at, updated_at) FROM stdin;
\.


--
-- Data for Name: customer_pics; Type: TABLE DATA; Schema: public; Owner: -
--

COPY public.customer_pics (id, customer_id, customer_address_id, name, email, phone, "position", is_primary, created_by, updated_by, deleted_by, created_at, updated_at, deleted_at) FROM stdin;
d728f372-a8a0-4180-aaa3-8d7047a0cc53	6b19826d-5d94-4247-b333-02588f160c0c	227b0dcd-5a8a-43d0-8319-bbefcd813616	Ernando	ernando@gmail.com			t	09c1ac23-2f8c-4677-851f-42c2b6ca9ab2	\N	\N	2026-02-20 03:16:57	2026-02-20 03:16:57	\N
\.


--
-- Data for Name: customer_shares; Type: TABLE DATA; Schema: public; Owner: -
--

COPY public.customer_shares (customer_id, user_id, shared_at, created_at, updated_at) FROM stdin;
\.


--
-- Data for Name: customer_timelines; Type: TABLE DATA; Schema: public; Owner: -
--

COPY public.customer_timelines (id, customer_id, title, file, description, created_by, updated_by, created_at, updated_at) FROM stdin;
\.


--
-- Data for Name: customers; Type: TABLE DATA; Schema: public; Owner: -
--

COPY public.customers (id, user_id, name, email, phone, image, created_by, updated_by, deleted_by, created_at, updated_at, deleted_at) FROM stdin;
6b19826d-5d94-4247-b333-02588f160c0c	09c1ac23-2f8c-4677-851f-42c2b6ca9ab2	PT. Indo Semen	\N	\N	\N	09c1ac23-2f8c-4677-851f-42c2b6ca9ab2	\N	\N	2026-02-20 03:16:57	2026-02-20 03:16:57	\N
\.


--
-- Data for Name: delivery_order_files; Type: TABLE DATA; Schema: public; Owner: -
--

COPY public.delivery_order_files (id, file_name, file_path, foreign_id, created_by, updated_by, deleted_by, deleted_at, created_at, updated_at) FROM stdin;
7d9079d0-3fcd-44dd-9558-8b3cf7b9fdc8	SalarySlip_2026-03-26.pdf	delivery_order/2026-03-27/SalarySlip_2026-03-26.pdf	213a46fa-36e5-4e94-a2fa-e631ca9679f5	1364ec6b-1e04-49ab-81c0-eb4242b767af	\N	\N	\N	2026-03-27 10:54:39	2026-03-27 10:54:39
9cb78377-c190-4897-9429-99a5b3a2de8d	1.jpg	delivery_order/2026-03-31/1.jpg	e0759d71-c89f-4e95-a36a-0eb57ab49d7f	1364ec6b-1e04-49ab-81c0-eb4242b767af	\N	\N	\N	2026-03-31 10:00:40	2026-03-31 10:00:40
\.


--
-- Data for Name: delivery_order_relation_so_items; Type: TABLE DATA; Schema: public; Owner: -
--

COPY public.delivery_order_relation_so_items (id, delivery_order_id, sales_order_item_id, created_at, updated_at, created_by, updated_by, deleted_by, deleted_at) FROM stdin;
6d12a9d3-997c-4a70-9af3-0017925adbb6	213a46fa-36e5-4e94-a2fa-e631ca9679f5	c2fc8535-88ab-4c55-a9d7-3d0595e9454f	2026-03-27 10:54:39	2026-03-27 11:03:23	1364ec6b-1e04-49ab-81c0-eb4242b767af	\N	\N	2026-03-27 11:03:23
a3d269f7-9109-4a6c-8677-f3c71fc0bcbd	213a46fa-36e5-4e94-a2fa-e631ca9679f5	8fd4c3a0-31f1-4e9a-98f2-b21afc05f0aa	2026-03-27 10:54:39	2026-03-27 11:03:23	1364ec6b-1e04-49ab-81c0-eb4242b767af	\N	\N	2026-03-27 11:03:23
002ef661-baba-4c81-b361-0cb702e3d7ae	213a46fa-36e5-4e94-a2fa-e631ca9679f5	559968b7-6082-45db-8ad1-8a2958eb197e	2026-03-27 10:54:39	2026-03-27 11:03:23	1364ec6b-1e04-49ab-81c0-eb4242b767af	\N	\N	2026-03-27 11:03:23
964af9b7-5113-4550-a09a-08b652182018	213a46fa-36e5-4e94-a2fa-e631ca9679f5	f52b1cdd-ca0d-40cf-9115-2e950bd6d0e2	2026-03-27 11:03:23	2026-03-27 11:03:23	1364ec6b-1e04-49ab-81c0-eb4242b767af	\N	\N	\N
037dc4cd-97d4-4d1d-90c3-fbf979ed3b88	213a46fa-36e5-4e94-a2fa-e631ca9679f5	a6824f00-7261-487f-b3ee-d1e0f5063230	2026-03-27 11:03:23	2026-03-27 11:03:23	1364ec6b-1e04-49ab-81c0-eb4242b767af	\N	\N	\N
5b580efa-ac92-4dd1-b838-2901693b42bc	e0759d71-c89f-4e95-a36a-0eb57ab49d7f	c2fc8535-88ab-4c55-a9d7-3d0595e9454f	2026-03-31 10:00:40	2026-03-31 10:00:40	1364ec6b-1e04-49ab-81c0-eb4242b767af	\N	\N	\N
0e979fe9-fa78-4909-898d-232e5f69a6c6	e0759d71-c89f-4e95-a36a-0eb57ab49d7f	8fd4c3a0-31f1-4e9a-98f2-b21afc05f0aa	2026-03-31 10:00:40	2026-03-31 10:00:40	1364ec6b-1e04-49ab-81c0-eb4242b767af	\N	\N	\N
\.


--
-- Data for Name: delivery_orders; Type: TABLE DATA; Schema: public; Owner: -
--

COPY public.delivery_orders (id, delivery_number, delivery_number_accurate, sales_order_id, customer_id, pic_id, customer_po_number, customer_po_date, created_by, updated_by, deleted_by, deleted_at, created_at, updated_at) FROM stdin;
213a46fa-36e5-4e94-a2fa-e631ca9679f5	AT/DO/2026-03/1/PIS	YTP/098	dc4507db-065d-4514-8639-73be9d0cf227	6b19826d-5d94-4247-b333-02588f160c0c	d728f372-a8a0-4180-aaa3-8d7047a0cc53	TRY-098	2026-03-30	1364ec6b-1e04-49ab-81c0-eb4242b767af	09c1ac23-2f8c-4677-851f-42c2b6ca9ab2	09c1ac23-2f8c-4677-851f-42c2b6ca9ab2	2026-03-31 09:55:24	2026-03-27 10:54:39	2026-03-31 09:55:24
e0759d71-c89f-4e95-a36a-0eb57ab49d7f	AT/DO/2026-03/1/PIS	DO/90/ALTROS/2026	218ab2f0-50ab-4d62-8f97-6ce386fe10bd	6b19826d-5d94-4247-b333-02588f160c0c	d728f372-a8a0-4180-aaa3-8d7047a0cc53	ASD/08234/TY	2026-03-28	1364ec6b-1e04-49ab-81c0-eb4242b767af	1364ec6b-1e04-49ab-81c0-eb4242b767af	1364ec6b-1e04-49ab-81c0-eb4242b767af	2026-03-31 10:01:11	2026-03-31 10:00:39	2026-03-31 10:01:11
\.


--
-- Data for Name: distributor_logs; Type: TABLE DATA; Schema: public; Owner: -
--

COPY public.distributor_logs (id, distributor_id, type, old_data, new_data, note, status, created_at, updated_at, created_by, updated_by, deleted_by, deleted_at) FROM stdin;
fd911d3b-5a28-4179-a0db-748813290171	86124869-76ab-4b6c-aa08-b3c1f4b9f494	update	{"name":"Mitra Mandiri"}	{"name":"Mitra Mandiri Utama"}	\N	rejected	2026-03-02 06:45:17	2026-03-02 06:49:01	09c1ac23-2f8c-4677-851f-42c2b6ca9ab2	\N	\N	\N
09c41594-80da-4b22-98ec-0bebe27105e0	86124869-76ab-4b6c-aa08-b3c1f4b9f494	update	{"name":"Mitra Mandiri"}	{"name":"Mitra Mandiri Raya"}	\N	rejected	2026-03-02 06:49:31	2026-03-02 06:50:01	1364ec6b-1e04-49ab-81c0-eb4242b767af	\N	\N	\N
fc8dfb79-0896-4d8a-8ec7-e0cd4653978f	86124869-76ab-4b6c-aa08-b3c1f4b9f494	update	{"name":"Mitra Mandiri Jakarat"}	{"name":"Mitra Mandiri Jakara"}	\N	waiting_for_approval	2026-03-02 06:55:06	2026-03-02 06:55:06	09c1ac23-2f8c-4677-851f-42c2b6ca9ab2	\N	\N	\N
2cb747b6-38cb-496e-8177-f4e06063a8b6	86124869-76ab-4b6c-aa08-b3c1f4b9f494	create	\N	{"name":"MItra Mandiri","phone_number":"085811417123","email":null,"address":"Jl. Tebet Timur Dalam Raya No.43, RT.1\\/RW.11, Tebet Tim., Kec. Tebet, Kota Jakarta Selatan, Daerah Khusus Ibukota Jakarta 12820","status":"waiting_for_approval","pics":[{"name":"Ridwan","phone_number":"085811417123","brand":"Palo Alto"}]}	\N	approved	2026-03-02 06:17:29	2026-03-02 06:18:04	09c1ac23-2f8c-4677-851f-42c2b6ca9ab2	\N	\N	\N
7ea9b5a2-df64-4c25-89b5-b9995cf50ce2	86124869-76ab-4b6c-aa08-b3c1f4b9f494	update	{"name":"MItra Mandiri","status":"approved"}	{"name":"Mitra Mandiri","status":"waiting_for_approval"}	\N	waiting_for_approval	2026-03-02 06:22:15	2026-03-02 06:22:15	09c1ac23-2f8c-4677-851f-42c2b6ca9ab2	\N	\N	\N
cb79dfc1-6449-4e5b-8e37-58b8462b0045	86124869-76ab-4b6c-aa08-b3c1f4b9f494	update	{"name":"MItra Mandiri","email":null,"pics":[{"name":"Ridwan","brand":"Palo Alto","phone_number":"085811417123"}]}	{"name":"Mitra Mandiri","email":"ardevelopment96@gmail.com","pics":[{"name":"Erwin wu","brand":"Cisco","phone_number":"089324983"},{"name":"Ridwan Hanif","brand":"Palo Alto","phone_number":"085811417123"}]}	\N	approved	2026-03-02 06:33:55	2026-03-02 06:44:47	09c1ac23-2f8c-4677-851f-42c2b6ca9ab2	\N	\N	\N
\.


--
-- Data for Name: distributor_pic; Type: TABLE DATA; Schema: public; Owner: -
--

COPY public.distributor_pic (id, distributor_id, full_name, phone_number, brand, created_at, updated_at, created_by, updated_by, deleted_by, deleted_at) FROM stdin;
3299b1f3-d624-4c17-89aa-94293e5e35fe	9aed8768-8fac-4d05-a4d2-001846b61a81	Renaldi	012761238	Cisco	2026-02-27 04:17:33	2026-02-27 07:48:15	09c1ac23-2f8c-4677-851f-42c2b6ca9ab2	\N	\N	2026-02-27 07:48:15
4094ae2e-f3d1-4a26-b751-702d24460e27	9aed8768-8fac-4d05-a4d2-001846b61a81	Renaldi	012761238	Cisco	2026-02-27 07:48:16	2026-02-27 07:48:16	09c1ac23-2f8c-4677-851f-42c2b6ca9ab2	\N	\N	\N
30770cc1-b54c-443a-a4d3-57cd77f80320	31e8ce60-c330-43d0-8777-5363a8f42301	Rani	082034823	Cisco	2026-02-27 08:54:24	2026-03-02 04:06:35	09c1ac23-2f8c-4677-851f-42c2b6ca9ab2	\N	\N	2026-03-02 04:06:35
8fc52c83-452d-42d8-9fb7-1f4a9aedfd5a	31e8ce60-c330-43d0-8777-5363a8f42301	Rano	0982498234	Palo Alto	2026-02-27 08:54:24	2026-03-02 04:06:35	09c1ac23-2f8c-4677-851f-42c2b6ca9ab2	\N	\N	2026-03-02 04:06:35
ae640ef2-e755-4ff7-ac09-4b4d59e9f334	31e8ce60-c330-43d0-8777-5363a8f42301	Rani	082034823	Cisco	2026-03-02 04:06:35	2026-03-02 04:15:43	1364ec6b-1e04-49ab-81c0-eb4242b767af	\N	\N	2026-03-02 04:15:43
54da6cdb-8566-49bb-8f2d-e7b0ea62fc97	31e8ce60-c330-43d0-8777-5363a8f42301	Rano	0982498234	Palo Alto	2026-03-02 04:06:35	2026-03-02 04:15:43	1364ec6b-1e04-49ab-81c0-eb4242b767af	\N	\N	2026-03-02 04:15:43
6035ecf8-2010-4792-a8a0-90f87cee1e87	31e8ce60-c330-43d0-8777-5363a8f42301	Rani	082034823	Cisco	2026-03-02 04:15:43	2026-03-02 04:19:10	1364ec6b-1e04-49ab-81c0-eb4242b767af	\N	\N	2026-03-02 04:19:10
2b98d32b-2c9f-48ff-bf60-f62740873615	31e8ce60-c330-43d0-8777-5363a8f42301	Rano	0982498234	Palo Alto	2026-03-02 04:15:43	2026-03-02 04:19:10	1364ec6b-1e04-49ab-81c0-eb4242b767af	\N	\N	2026-03-02 04:19:10
5c154cc3-be91-4bb0-bfd5-7f179bd281ec	31e8ce60-c330-43d0-8777-5363a8f42301	Rani	082034823	Cisco	2026-03-02 04:19:10	2026-03-02 04:20:34	09c1ac23-2f8c-4677-851f-42c2b6ca9ab2	\N	\N	2026-03-02 04:20:34
f25c3cf9-56df-4637-afc3-ffd7de4281bd	31e8ce60-c330-43d0-8777-5363a8f42301	Rano	0982498234	Palo Alto	2026-03-02 04:19:10	2026-03-02 04:20:34	09c1ac23-2f8c-4677-851f-42c2b6ca9ab2	\N	\N	2026-03-02 04:20:34
0975f43a-3e99-48c2-b065-30f0c8a7a76c	31e8ce60-c330-43d0-8777-5363a8f42301	Rani	082034823	Cisco	2026-03-02 04:20:34	2026-03-02 04:38:38	09c1ac23-2f8c-4677-851f-42c2b6ca9ab2	\N	\N	2026-03-02 04:38:38
ca4c6a02-5377-4687-92ee-8559ea0ff7c5	31e8ce60-c330-43d0-8777-5363a8f42301	Rano	0982498234	Palo Alto	2026-03-02 04:20:34	2026-03-02 04:38:38	09c1ac23-2f8c-4677-851f-42c2b6ca9ab2	\N	\N	2026-03-02 04:38:38
713da40a-ecc5-401f-a62b-ce53c17a43ae	31e8ce60-c330-43d0-8777-5363a8f42301	Rani	082034823	Cisco	2026-03-02 04:38:38	2026-03-02 04:39:25	09c1ac23-2f8c-4677-851f-42c2b6ca9ab2	\N	\N	2026-03-02 04:39:25
9ea06ac1-d6a0-4853-b14c-89ce11f1112c	31e8ce60-c330-43d0-8777-5363a8f42301	Rano	0982498234	Palo Alto	2026-03-02 04:38:38	2026-03-02 04:39:25	09c1ac23-2f8c-4677-851f-42c2b6ca9ab2	\N	\N	2026-03-02 04:39:25
91e49f1c-2687-445e-8d54-dc7caea6c49b	31e8ce60-c330-43d0-8777-5363a8f42301	Ranis	082034823	Cisco	2026-03-02 04:39:25	2026-03-02 04:41:22	09c1ac23-2f8c-4677-851f-42c2b6ca9ab2	\N	\N	2026-03-02 04:41:22
2848a3f8-01bf-458e-8e97-04dbabc3337b	31e8ce60-c330-43d0-8777-5363a8f42301	Ranos	0982498234	Palo Alto	2026-03-02 04:39:25	2026-03-02 04:41:22	09c1ac23-2f8c-4677-851f-42c2b6ca9ab2	\N	\N	2026-03-02 04:41:22
eac874a9-0736-471e-bc2a-de57f8e39b52	31e8ce60-c330-43d0-8777-5363a8f42301	Ranis	082034823	Cisco	2026-03-02 04:41:22	2026-03-02 04:41:31	09c1ac23-2f8c-4677-851f-42c2b6ca9ab2	\N	\N	2026-03-02 04:41:31
8399077f-89e5-4fbf-a663-1d2e1a8eca63	31e8ce60-c330-43d0-8777-5363a8f42301	Rano	0982498234	Palo Alto	2026-03-02 04:41:22	2026-03-02 04:41:31	09c1ac23-2f8c-4677-851f-42c2b6ca9ab2	\N	\N	2026-03-02 04:41:31
673fc352-8993-4ddd-89dd-78c90d23363c	31e8ce60-c330-43d0-8777-5363a8f42301	Ranis	082034823	Cisco	2026-03-02 04:41:31	2026-03-02 04:49:07	1364ec6b-1e04-49ab-81c0-eb4242b767af	\N	\N	2026-03-02 04:49:07
23fb8b21-76f6-43a8-8f9d-0432c892c2b6	31e8ce60-c330-43d0-8777-5363a8f42301	Rano	0982498234	Palo Alto	2026-03-02 04:41:31	2026-03-02 04:49:07	1364ec6b-1e04-49ab-81c0-eb4242b767af	\N	\N	2026-03-02 04:49:07
a97d0a48-e60e-41ef-90c3-e5051408ace2	31e8ce60-c330-43d0-8777-5363a8f42301	Ranis	082034823	Cisco	2026-03-02 04:49:07	2026-03-02 04:51:29	09c1ac23-2f8c-4677-851f-42c2b6ca9ab2	\N	\N	2026-03-02 04:51:29
e1b8d2ba-0c41-44fd-9468-5b67c07c9943	31e8ce60-c330-43d0-8777-5363a8f42301	Rano	0982498234	Palo Alto	2026-03-02 04:49:07	2026-03-02 04:51:29	09c1ac23-2f8c-4677-851f-42c2b6ca9ab2	\N	\N	2026-03-02 04:51:29
81455b1d-33dd-44bb-9b29-db4ba661420a	31e8ce60-c330-43d0-8777-5363a8f42301	YY	912839123	Cisco	2026-03-02 04:49:07	2026-03-02 04:51:29	09c1ac23-2f8c-4677-851f-42c2b6ca9ab2	\N	\N	2026-03-02 04:51:29
e10dcf24-6570-4ed6-bdf6-94cfbdc8fffc	31e8ce60-c330-43d0-8777-5363a8f42301	Ranis	082034823	Cisco	2026-03-02 04:51:29	2026-03-02 04:51:29	1364ec6b-1e04-49ab-81c0-eb4242b767af	\N	\N	\N
0808a1a6-aafe-4e0b-ab0d-0ca7372c9f6e	31e8ce60-c330-43d0-8777-5363a8f42301	Rano	0982498234	Palo Alto	2026-03-02 04:51:29	2026-03-02 04:51:29	1364ec6b-1e04-49ab-81c0-eb4242b767af	\N	\N	\N
f747a77f-643d-4823-848c-ece1bf27ff9a	31e8ce60-c330-43d0-8777-5363a8f42301	YY	912839123	Cisco	2026-03-02 04:51:29	2026-03-02 04:51:29	1364ec6b-1e04-49ab-81c0-eb4242b767af	\N	\N	\N
4555b3ad-f452-43dd-b3d6-625c4698dc5e	86124869-76ab-4b6c-aa08-b3c1f4b9f494	Ridwan	085811417123	Palo Alto	2026-03-02 06:17:29	2026-03-02 06:18:04	09c1ac23-2f8c-4677-851f-42c2b6ca9ab2	\N	\N	2026-03-02 06:18:04
416f3774-ed4c-481b-8553-a04abd47bb72	86124869-76ab-4b6c-aa08-b3c1f4b9f494	Ridwan	085811417123	Palo Alto	2026-03-02 06:18:04	2026-03-02 06:44:47	1364ec6b-1e04-49ab-81c0-eb4242b767af	\N	\N	2026-03-02 06:44:47
801f287f-27ab-4e11-8b77-35383a388218	86124869-76ab-4b6c-aa08-b3c1f4b9f494	Erwin wu	089324983	Cisco	2026-03-02 06:44:47	2026-03-02 06:50:13	1364ec6b-1e04-49ab-81c0-eb4242b767af	\N	\N	2026-03-02 06:50:13
f9265dfd-ab37-468c-bd39-3d3dce634a6f	86124869-76ab-4b6c-aa08-b3c1f4b9f494	Ridwan Hanif	085811417123	Palo Alto	2026-03-02 06:44:47	2026-03-02 06:50:13	1364ec6b-1e04-49ab-81c0-eb4242b767af	\N	\N	2026-03-02 06:50:13
e553a309-2ce6-490c-b93f-030f88299f1b	86124869-76ab-4b6c-aa08-b3c1f4b9f494	Erwin wu	089324983	Cisco	2026-03-02 06:50:13	2026-03-02 06:50:13	1364ec6b-1e04-49ab-81c0-eb4242b767af	\N	\N	\N
c997d63d-ecd1-42fb-9ee8-6563fa6d12d7	86124869-76ab-4b6c-aa08-b3c1f4b9f494	Ridwan Hanif	085811417123	Palo Alto	2026-03-02 06:50:13	2026-03-02 06:50:13	1364ec6b-1e04-49ab-81c0-eb4242b767af	\N	\N	\N
\.


--
-- Data for Name: distributors; Type: TABLE DATA; Schema: public; Owner: -
--

COPY public.distributors (id, name, phone_number, email, address, image, status, is_active, created_at, updated_at, created_by, updated_by, deleted_by, deleted_at) FROM stdin;
86124869-76ab-4b6c-aa08-b3c1f4b9f494	Mitra Mandiri Jakarat	085811417123	ardevelopment96@gmail.com	Jl. Tebet Timur Dalam Raya No.43, RT.1/RW.11, Tebet Tim., Kec. Tebet, Kota Jakarta Selatan, Daerah Khusus Ibukota Jakarta 12820	distributor/2026-03-02/download (5).jpeg	waiting_for_approval	t	2026-03-02 06:17:29	2026-03-02 06:55:06	09c1ac23-2f8c-4677-851f-42c2b6ca9ab2	09c1ac23-2f8c-4677-851f-42c2b6ca9ab2	\N	\N
\.


--
-- Data for Name: failed_jobs; Type: TABLE DATA; Schema: public; Owner: -
--

COPY public.failed_jobs (id, uuid, connection, queue, payload, exception, failed_at) FROM stdin;
\.


--
-- Data for Name: general_config_histories; Type: TABLE DATA; Schema: public; Owner: -
--

COPY public.general_config_histories (id, general_config_id, title, description, old_value, new_value, created_at, updated_at, created_by, updated_by, deleted_by, deleted_at) FROM stdin;
\.


--
-- Data for Name: general_configs; Type: TABLE DATA; Schema: public; Owner: -
--

COPY public.general_configs (id, name, slug, value, created_at, updated_at, created_by, updated_by, deleted_by, deleted_at) FROM stdin;
\.


--
-- Data for Name: invoice_bank_accounts; Type: TABLE DATA; Schema: public; Owner: -
--

COPY public.invoice_bank_accounts (invoice_id, bank_account_id, created_at, updated_at) FROM stdin;
\.


--
-- Data for Name: invoice_payment_files; Type: TABLE DATA; Schema: public; Owner: -
--

COPY public.invoice_payment_files (id, invoice_payment_id, file, file_name, created_at, updated_at, deleted_at, created_by, updated_by, deleted_by) FROM stdin;
\.


--
-- Data for Name: invoice_payments; Type: TABLE DATA; Schema: public; Owner: -
--

COPY public.invoice_payments (id, invoice_id, bank_account_id, payment_date, amount, description, created_at, updated_at, deleted_at, created_by, updated_by, deleted_by) FROM stdin;
\.


--
-- Data for Name: invoices; Type: TABLE DATA; Schema: public; Owner: -
--

COPY public.invoices (id, sales_order_id, sales_order_milestone_id, invoice_number, invoice_number_accurate, tax_number, total_amount, due_date, status, lock, term, description, created_at, updated_at, deleted_at, created_by, updated_by, deleted_by) FROM stdin;
\.


--
-- Data for Name: job_batches; Type: TABLE DATA; Schema: public; Owner: -
--

COPY public.job_batches (id, name, total_jobs, pending_jobs, failed_jobs, failed_job_ids, options, cancelled_at, created_at, finished_at) FROM stdin;
\.


--
-- Data for Name: jobs; Type: TABLE DATA; Schema: public; Owner: -
--

COPY public.jobs (id, queue, payload, attempts, reserved_at, available_at, created_at) FROM stdin;
\.


--
-- Data for Name: master_companies; Type: TABLE DATA; Schema: public; Owner: -
--

COPY public.master_companies (id, name, address, phone, telp, email, npwp, image, is_active, created_at, updated_at, deleted_at, created_by, updated_by, deleted_by) FROM stdin;
c91ec161-4981-4772-b8f8-d44fd95c0011	Altros Teknologi	Komplek Puri Deltamas Blok I/41 Jl.bandengan Selatan no 43 Jakarta Utara 14450, Indonesia.	\N	02166670782	info@altros-tech.com	31.195.959-7-0.168.000	\N	t	2026-03-11 09:40:50	2026-03-11 09:41:19	\N	34dd92c9-4d9a-48b5-a326-c18dfadf92e0	34dd92c9-4d9a-48b5-a326-c18dfadf92e0	\N
\.


--
-- Data for Name: master_ppn; Type: TABLE DATA; Schema: public; Owner: -
--

COPY public.master_ppn (id, name, percentage, year, is_active, created_at, updated_at, deleted_at, created_by, updated_by, deleted_by) FROM stdin;
576c0159-c7a4-4482-b456-2ef20e19eba5	VAT 11%	11	2025	t	2026-03-10 15:34:53	2026-03-10 15:34:53	\N	34dd92c9-4d9a-48b5-a326-c18dfadf92e0	\N	\N
74b00270-a240-4420-b08f-4a7234116593	VAT 11%	11	2026	t	2026-03-10 15:26:34	2026-03-10 15:36:05	\N	34dd92c9-4d9a-48b5-a326-c18dfadf92e0	34dd92c9-4d9a-48b5-a326-c18dfadf92e0	\N
97f52f1b-ae1e-4b80-a331-99f8372f7810	VAT 12%	12	2025	t	2026-03-10 15:40:30	2026-03-10 15:40:30	\N	34dd92c9-4d9a-48b5-a326-c18dfadf92e0	\N	\N
\.


--
-- Data for Name: menu_actions; Type: TABLE DATA; Schema: public; Owner: -
--

COPY public.menu_actions (id, menu_id, action_id, created_at, updated_at) FROM stdin;
efcbc4d1-9cb0-46be-87df-a53cb6d6ffab	a4d14c24-3144-4994-9511-05d5c8c031d2	801ce437-7fe6-48d7-bd47-2afb46c78b2e	2026-02-20 01:38:29	2026-02-20 01:38:29
49ff0eb3-2257-45bd-a1a1-481bc2eafb78	a4d14c24-3144-4994-9511-05d5c8c031d2	18a8336e-b674-4b5f-853e-02cb94517aad	2026-02-20 01:38:29	2026-02-20 01:38:29
3abd68ba-5eab-4c4e-b846-7ee92d969504	a4d14c24-3144-4994-9511-05d5c8c031d2	994b9cd3-8dd3-4c30-be2a-16e44214c7f0	2026-02-20 01:38:29	2026-02-20 01:38:29
5f92c291-1b0d-4413-9267-ac24f5e70d3b	a4d14c24-3144-4994-9511-05d5c8c031d2	7967a005-b5ca-475c-b4f4-a4d5e8f6fbf3	2026-02-20 01:38:29	2026-02-20 01:38:29
57f39a65-4296-4d7f-b5ae-e97a972bc0e6	a4d14c24-3144-4994-9511-05d5c8c031d2	02e156ae-b080-4bb1-b2de-963e8ce444a0	2026-02-20 01:38:29	2026-02-20 01:38:29
b11127a9-6dfe-4ff9-ac8c-5c99d7fdb803	a4d14c24-3144-4994-9511-05d5c8c031d2	e20101dd-1bed-4ac0-a8fe-f5a904f6f8e8	2026-02-20 01:38:29	2026-02-20 01:38:29
e356afa2-6767-44ca-a5ff-3b61336701ca	a4d14c24-3144-4994-9511-05d5c8c031d2	25cbf0b2-f47d-4e5b-90f1-5e09a7baaa24	2026-02-20 01:38:29	2026-02-20 01:38:29
7928197d-ae81-4a83-9706-313d25412ccc	42b17bf1-18b2-411d-a049-f990ba095d3c	801ce437-7fe6-48d7-bd47-2afb46c78b2e	2026-02-20 01:38:29	2026-02-20 01:38:29
e181d54f-0229-4b90-b476-f84b86dbafb0	42b17bf1-18b2-411d-a049-f990ba095d3c	18a8336e-b674-4b5f-853e-02cb94517aad	2026-02-20 01:38:29	2026-02-20 01:38:29
14cc001b-9394-476f-8408-16519471e43a	42b17bf1-18b2-411d-a049-f990ba095d3c	994b9cd3-8dd3-4c30-be2a-16e44214c7f0	2026-02-20 01:38:29	2026-02-20 01:38:29
05a15848-1578-4495-a19f-b3e2b557fd98	42b17bf1-18b2-411d-a049-f990ba095d3c	7967a005-b5ca-475c-b4f4-a4d5e8f6fbf3	2026-02-20 01:38:29	2026-02-20 01:38:29
c5810377-dc2c-4af5-a197-2d20233cb4c2	42b17bf1-18b2-411d-a049-f990ba095d3c	02e156ae-b080-4bb1-b2de-963e8ce444a0	2026-02-20 01:38:29	2026-02-20 01:38:29
5fe824a6-fcc6-421b-b588-28dd142c84ed	42b17bf1-18b2-411d-a049-f990ba095d3c	e20101dd-1bed-4ac0-a8fe-f5a904f6f8e8	2026-02-20 01:38:29	2026-02-20 01:38:29
42bfcf43-a8a3-44a8-a995-04d1330fbe10	42b17bf1-18b2-411d-a049-f990ba095d3c	25cbf0b2-f47d-4e5b-90f1-5e09a7baaa24	2026-02-20 01:38:29	2026-02-20 01:38:29
f559e351-e82d-4c74-8792-7adfb82641b8	ffb107f0-3094-4230-a628-62ec4b749bd5	801ce437-7fe6-48d7-bd47-2afb46c78b2e	2026-02-20 01:38:29	2026-02-20 01:38:29
c5a46c41-1ff3-4f5c-bf3d-2600d56e4ea4	ffb107f0-3094-4230-a628-62ec4b749bd5	18a8336e-b674-4b5f-853e-02cb94517aad	2026-02-20 01:38:29	2026-02-20 01:38:29
987056bd-66cb-4852-99c0-762531cba95d	ffb107f0-3094-4230-a628-62ec4b749bd5	994b9cd3-8dd3-4c30-be2a-16e44214c7f0	2026-02-20 01:38:29	2026-02-20 01:38:29
5636a006-bcd9-4ae5-bef6-1a08543e870d	ffb107f0-3094-4230-a628-62ec4b749bd5	7967a005-b5ca-475c-b4f4-a4d5e8f6fbf3	2026-02-20 01:38:29	2026-02-20 01:38:29
04f1bc78-f393-4308-9087-3911e6377202	ffb107f0-3094-4230-a628-62ec4b749bd5	02e156ae-b080-4bb1-b2de-963e8ce444a0	2026-02-20 01:38:29	2026-02-20 01:38:29
6c84c8ae-c051-42ae-846b-ecff2be607cf	ffb107f0-3094-4230-a628-62ec4b749bd5	e20101dd-1bed-4ac0-a8fe-f5a904f6f8e8	2026-02-20 01:38:29	2026-02-20 01:38:29
8d56c489-a0e9-46d5-a78b-40bee8a5b694	ffb107f0-3094-4230-a628-62ec4b749bd5	25cbf0b2-f47d-4e5b-90f1-5e09a7baaa24	2026-02-20 01:38:29	2026-02-20 01:38:29
4e4d6479-f69f-4884-adb9-d4002ffbde13	57b774b0-e47c-4427-952b-c0e5d5eb552e	801ce437-7fe6-48d7-bd47-2afb46c78b2e	2026-02-20 01:38:29	2026-02-20 01:38:29
3f3a3a0a-4bda-408e-a2b7-24a8d239e551	57b774b0-e47c-4427-952b-c0e5d5eb552e	18a8336e-b674-4b5f-853e-02cb94517aad	2026-02-20 01:38:29	2026-02-20 01:38:29
f9935421-db0b-4aa6-8443-cfc4bdbe666c	57b774b0-e47c-4427-952b-c0e5d5eb552e	994b9cd3-8dd3-4c30-be2a-16e44214c7f0	2026-02-20 01:38:29	2026-02-20 01:38:29
b37cf1f6-9a75-447f-8994-f6fe3d6554ba	57b774b0-e47c-4427-952b-c0e5d5eb552e	7967a005-b5ca-475c-b4f4-a4d5e8f6fbf3	2026-02-20 01:38:29	2026-02-20 01:38:29
1953e2b6-66e8-4e07-a0b0-95e15d173b9c	57b774b0-e47c-4427-952b-c0e5d5eb552e	02e156ae-b080-4bb1-b2de-963e8ce444a0	2026-02-20 01:38:29	2026-02-20 01:38:29
7e5a82a9-1520-4f8a-886a-6923a7c048a2	57b774b0-e47c-4427-952b-c0e5d5eb552e	e20101dd-1bed-4ac0-a8fe-f5a904f6f8e8	2026-02-20 01:38:29	2026-02-20 01:38:29
91808f5f-d818-4c3c-9b96-469fc93314f7	57b774b0-e47c-4427-952b-c0e5d5eb552e	25cbf0b2-f47d-4e5b-90f1-5e09a7baaa24	2026-02-20 01:38:29	2026-02-20 01:38:29
685a562e-2763-455a-9182-f0935362e125	83e144e1-f091-4026-8878-9b57e8293d2a	801ce437-7fe6-48d7-bd47-2afb46c78b2e	2026-02-20 01:38:29	2026-02-20 01:38:29
e5a1273a-4522-4b9e-bb17-3cf901ea9aa6	83e144e1-f091-4026-8878-9b57e8293d2a	18a8336e-b674-4b5f-853e-02cb94517aad	2026-02-20 01:38:29	2026-02-20 01:38:29
32691eba-a0ef-438a-979c-6dd3b69b0c3a	83e144e1-f091-4026-8878-9b57e8293d2a	994b9cd3-8dd3-4c30-be2a-16e44214c7f0	2026-02-20 01:38:29	2026-02-20 01:38:29
6a3008d7-248f-4f64-97de-22649da1cc04	83e144e1-f091-4026-8878-9b57e8293d2a	7967a005-b5ca-475c-b4f4-a4d5e8f6fbf3	2026-02-20 01:38:29	2026-02-20 01:38:29
2bf5ec7c-9065-4673-8c24-1f1fb43f1929	83e144e1-f091-4026-8878-9b57e8293d2a	02e156ae-b080-4bb1-b2de-963e8ce444a0	2026-02-20 01:38:29	2026-02-20 01:38:29
2a8e6e12-3667-4460-878f-7860fba2e449	83e144e1-f091-4026-8878-9b57e8293d2a	e20101dd-1bed-4ac0-a8fe-f5a904f6f8e8	2026-02-20 01:38:29	2026-02-20 01:38:29
1a467182-5b45-42be-b0dd-b474b517d7fb	83e144e1-f091-4026-8878-9b57e8293d2a	25cbf0b2-f47d-4e5b-90f1-5e09a7baaa24	2026-02-20 01:38:29	2026-02-20 01:38:29
\.


--
-- Data for Name: menus; Type: TABLE DATA; Schema: public; Owner: -
--

COPY public.menus (id, name, slug, type, url, description, icon_active, icon_active_color, icon_active_size, icon_inactive, icon_inactive_color, icon_inactive_size, parent_id, "order", created_by, updated_by, deleted_by, created_at, updated_at, deleted_at) FROM stdin;
382b7c37-4b05-4355-865c-175a239b2cfa	Customer Category	customer-categories	submenu	/customer-category	\N	Circle	#0a0a0a	20	Circle	#ffffff	20	6dfe7acd-b788-432e-8aa1-3b2385987657	1	34dd92c9-4d9a-48b5-a326-c18dfadf92e0	34dd92c9-4d9a-48b5-a326-c18dfadf92e0	\N	2026-02-20 02:23:32	2026-02-20 02:36:37	\N
9a9e271a-ecf5-4bb9-bb70-50269cace753	Customer List	customers	submenu	/customer	\N	CircleUser	#000000	20	CircleUser	#ffffff	20	\N	7	34dd92c9-4d9a-48b5-a326-c18dfadf92e0	34dd92c9-4d9a-48b5-a326-c18dfadf92e0	34dd92c9-4d9a-48b5-a326-c18dfadf92e0	2026-02-20 03:09:11	2026-02-20 03:10:15	2026-02-20 03:10:15
5eed8369-4862-42a4-9f27-dd0d6fdbf0bf	Customer List	customers	submenu	/customer	\N	CircleUser	#000000	20	CircleUser	#ffffff	20	6dfe7acd-b788-432e-8aa1-3b2385987657	2	34dd92c9-4d9a-48b5-a326-c18dfadf92e0	\N	\N	2026-02-20 03:11:19	2026-02-20 03:11:19	\N
a4d14c24-3144-4994-9511-05d5c8c031d2	Master Data	master-data	header	\N	\N	\N	\N	\N	\N	\N	\N	\N	2	\N	\N	\N	2026-02-20 01:38:29	2026-02-25 01:27:33	\N
42b17bf1-18b2-411d-a049-f990ba095d3c	Roles	roles	menu	/roles	\N	\N	\N	\N	\N	\N	\N	\N	3	\N	\N	\N	2026-02-20 01:38:29	2026-02-25 01:27:33	\N
ffb107f0-3094-4230-a628-62ec4b749bd5	Users	users	menu	/users	\N	\N	\N	\N	\N	\N	\N	\N	5	\N	\N	\N	2026-02-20 01:38:29	2026-02-25 01:27:33	\N
57b774b0-e47c-4427-952b-c0e5d5eb552e	Settings	setting	header	\N	\N	\N	\N	\N	\N	\N	\N	\N	6	\N	\N	\N	2026-02-20 01:38:29	2026-02-25 01:27:33	\N
83e144e1-f091-4026-8878-9b57e8293d2a	Setting Menu	setting-menu	menu	/setting-menu	\N	\N	\N	\N	\N	\N	\N	\N	7	\N	\N	\N	2026-02-20 01:38:29	2026-02-25 01:27:33	\N
6dfe7acd-b788-432e-8aa1-3b2385987657	Customer	customer	menu	/customer	\N	Circle	#000000	20	Circle	#ffffff	20	\N	4	34dd92c9-4d9a-48b5-a326-c18dfadf92e0	\N	\N	2026-02-20 02:17:12	2026-02-25 01:27:33	\N
ec58f8c0-8108-4181-98d1-63a5d71f0ef2	Setting Action	setting-action	menu	/setting-action	\N	AArrowDown	#ffffff	24	AArrowDown	#000000	24	\N	9	34dd92c9-4d9a-48b5-a326-c18dfadf92e0	\N	\N	2026-02-20 03:52:29	2026-02-25 01:27:33	\N
259ff208-fa57-48ad-a4cd-8ef5f7102028	Sales Order	sales-order	menu	/sales-order	\N	AArrowDown	#ffffff	24	AArrowDown	#000000	24	\N	10	34dd92c9-4d9a-48b5-a326-c18dfadf92e0	\N	\N	2026-02-20 06:29:19	2026-02-25 01:27:33	\N
a9a909dd-a150-44a6-8e12-736f232ddf9a	Pipeline	pipeline	menu	/pipeline	\N	Pipette	#ffffff	24	Pipette	#ffffff	24	\N	8	34dd92c9-4d9a-48b5-a326-c18dfadf92e0	34dd92c9-4d9a-48b5-a326-c18dfadf92e0	\N	2026-02-20 03:18:01	2026-02-25 01:27:33	\N
05aa108a-4f2d-4569-a4c9-3f3f18e564c5	Dashboard	dashboard	menu	/	\N	AArrowDown	#000000	24	AArrowDown	#000000	24	\N	1	34dd92c9-4d9a-48b5-a326-c18dfadf92e0	\N	\N	2026-02-25 01:27:33	2026-02-25 01:27:33	\N
f024721b-8019-46bc-bd99-b7e892afd7fa	Distributor	distributor	menu	/distributor	\N	AArrowDown	#000000	24	AArrowDown	#000000	24	\N	11	34dd92c9-4d9a-48b5-a326-c18dfadf92e0	\N	\N	2026-02-26 01:15:55	2026-02-26 01:15:55	\N
8ba23a88-04d4-42be-a498-669b170cd885	Purchase Order	purchase-order	menu	/purchase-order	\N	AArrowDown	#000000	24	AArrowDown	#000000	24	\N	12	34dd92c9-4d9a-48b5-a326-c18dfadf92e0	\N	\N	2026-03-02 07:18:50	2026-03-02 07:18:50	\N
49188d5f-94a5-4eb6-8ff9-c187dbe44573	Setting Master	setting-master	menu	/setting-master	\N	AArrowDown	#000000	24	AArrowDown	#000000	24	\N	13	34dd92c9-4d9a-48b5-a326-c18dfadf92e0	\N	\N	2026-03-10 14:39:46	2026-03-10 14:39:46	\N
7365d44b-0f0d-4998-8270-a148b2c6ec6a	Delivery Order	delivery-order	menu	/delivery-order	\N	AArrowDown	#000000	24	AArrowDown	#000000	24	\N	14	34dd92c9-4d9a-48b5-a326-c18dfadf92e0	\N	\N	2026-03-17 07:47:28	2026-03-17 07:47:28	\N
e4780eab-f409-45f3-bad7-606e21922383	Invoice	invoices	menu	/invoice	\N	AArrowDown	#000000	24	AArrowDown	#000000	24	\N	15	34dd92c9-4d9a-48b5-a326-c18dfadf92e0	\N	\N	2026-03-17 10:46:39	2026-03-17 10:46:39	\N
\.


--
-- Data for Name: migrations; Type: TABLE DATA; Schema: public; Owner: -
--

COPY public.migrations (id, migration, batch) FROM stdin;
1	0001_01_01_000000_create_users_table	1
2	0001_01_01_000001_create_cache_table	1
3	0001_01_01_000002_create_jobs_table	1
4	2026_01_05_061822_create_roles_table	1
5	2026_01_05_061955_create_menus_table	1
6	2026_01_05_062054_create_actions_table	1
7	2026_01_05_062134_create_role_menus_table	1
8	2026_01_05_062200_create_menu_actions_table	1
9	2026_01_05_062221_create_user_permissions_table	1
10	2026_01_05_072532_create_personal_access_tokens_table	1
11	2026_01_06_023824_create_customers_table	1
12	2026_01_06_024117_create_customer_addresses_table	1
13	2026_01_06_025231_create_customer_pics_table	1
14	2026_01_06_032407_create_customer_pic_changes_table	1
15	2026_01_06_032426_create_customer_pic_audits_table	1
16	2026_01_06_040840_create_customer_shares_table	1
17	2026_01_06_040848_create_customer_ownership_table	1
18	2026_01_06_040905_create_customer_categories_table	1
19	2026_01_06_041058_create_customer_category_customers_table	1
20	2026_01_06_042814_create_customer_histories_table	1
21	2026_01_06_042822_create_customer_timelines_table	1
22	2026_01_06_062829_create_pipeline_table	1
23	2026_01_06_071441_create_pipeline_history_table	1
24	2026_01_06_072354_create_pipeline_file_table	1
25	2026_01_13_022603_create_reset_passwords_table	1
26	2026_01_14_020349_create_brands_table	1
27	2026_01_14_020350_create_sales_orders_table	1
28	2026_01_14_062824_create_sales_order_items_table	1
29	2026_01_14_084945_create_sales_order_histories_table	1
30	2026_01_14_085339_create_notifications_table	1
31	2026_01_15_072611_create_general_configs_table	1
32	2026_01_15_072904_create_general_config_histories_table	1
33	2026_01_15_074528_create_special_notes_table	1
34	2026_01_29_065158_create_pipeline_costs_table	1
57	2026_02_25_021105_create_distributors_table	2
58	2026_02_25_033354_create_distributor_pic_table	2
59	2026_02_26_043611_create_purchase_orders_table	2
60	2026_02_26_043632_create_purchase_order_files_table	2
61	2026_02_26_044037_create_purchase_order_relations_table	2
62	2026_02_26_044101_create_purchase_order_relation_s_oitems_table	2
63	2026_02_26_073047_create_distributor_logs_table	2
64	2026_02_26_012846_create_bank_accounts_table	3
65	2026_03_04_073731_create_purchase_order_histories_table	4
69	2026_03_10_141119_create_master_ppn_table	5
70	2026_03_10_141638_create_master_companies_table	5
71	2026_03_10_141845_alter_add_relation_ppn_purchase_order_table	5
90	2026_03_03_031548_create_sales_order_milestones_table	6
91	2026_03_03_031549_create_invoices_table	6
92	2026_03_03_031601_create_invoice_payments_table	6
93	2026_03_03_035649_create_invoice_bank_accounts	6
94	2026_03_04_014517_create_invoice_payment_files_table	6
95	2026_03_05_033708_create_sales_order_milestone_items	6
96	2026_03_13_144345_create_delivery_orders_table	6
97	2026_03_13_145106_create_delivery_order_files_table	6
98	2026_03_13_145248_create_delivery_order_relation_so_items_table	6
\.


--
-- Data for Name: notifications; Type: TABLE DATA; Schema: public; Owner: -
--

COPY public.notifications (id, user_id, foreign_id, status, sub_status, "to", title, description, priority, is_read, created_at, updated_at, created_by, updated_by, deleted_by, deleted_at) FROM stdin;
dbbac005-89f4-411e-ae55-5bc7f99c60d9	1364ec6b-1e04-49ab-81c0-eb4242b767af	9aed8768-8fac-4d05-a4d2-001846b61a81	distributor	waiting-approval	admin	Waiting Approval Distributor	Waiting approval new distributor PT. Angkara Pusaka	\N	f	2026-02-27 04:17:33	2026-02-27 04:17:33	09c1ac23-2f8c-4677-851f-42c2b6ca9ab2	\N	\N	\N
7ebf58dc-ca9d-4263-a552-80eb821fb16e	1364ec6b-1e04-49ab-81c0-eb4242b767af	31e8ce60-c330-43d0-8777-5363a8f42301	distributor	waiting-approval	admin	Waiting Approval Distributor	Waiting approval new distributor PT Mitra Mugi Lancar	\N	f	2026-02-27 08:54:24	2026-02-27 08:54:24	09c1ac23-2f8c-4677-851f-42c2b6ca9ab2	\N	\N	\N
a1105024-78d1-4a25-93ae-33aa363bd842	1364ec6b-1e04-49ab-81c0-eb4242b767af	86124869-76ab-4b6c-aa08-b3c1f4b9f494	distributor	waiting-approval	admin	Waiting Approval Distributor	Waiting approval new distributor MItra Mandiri	\N	f	2026-03-02 06:17:29	2026-03-02 06:17:29	09c1ac23-2f8c-4677-851f-42c2b6ca9ab2	\N	\N	\N
4670d7c8-9f3a-4b4c-a756-dd79dc3cc182	09c1ac23-2f8c-4677-851f-42c2b6ca9ab2	5821f33f-c08d-4de6-a55e-a28732987016	purchase-order	on-progress	sales	Purchase Order Created	Purchase Order AT/PO/2026-03/3/MMJ has been created by Super Admin	\N	f	2026-03-06 10:21:26	2026-03-06 10:21:26	\N	\N	\N	\N
96b4a537-86a6-4004-ae66-611f58c6f67d	09c1ac23-2f8c-4677-851f-42c2b6ca9ab2	53f099b3-3c89-43dc-ae9a-1f2ac4148349	purchase-order	on-progress	sales	Purchase Order Updated	Purchase Order AT/PO/2026-03/2/MMJ has been updated by Super Admin	\N	f	2026-03-11 11:04:11	2026-03-11 11:04:11	\N	\N	\N	\N
6aa6c13d-057d-4f4a-a31c-da78bf09e146	09c1ac23-2f8c-4677-851f-42c2b6ca9ab2	5821f33f-c08d-4de6-a55e-a28732987016	purchase-order	on-progress	sales	Purchase Order Updated	Purchase Order AT/PO/2026-03/3/MMJ has been updated by Super Admin	\N	f	2026-03-11 11:04:11	2026-03-11 11:04:11	\N	\N	\N	\N
c674038c-4f22-4c7e-904f-50d0027cf5cd	09c1ac23-2f8c-4677-851f-42c2b6ca9ab2	61916b5f-ca35-48d5-b080-e1d9667119c8	purchase-order	on-progress	sales	Purchase Order Created	Purchase Order AT/PO/2026-03/4/MMJ has been created by Super Admin	\N	f	2026-03-11 11:04:11	2026-03-11 11:04:11	\N	\N	\N	\N
71998846-851b-442c-a468-dcefd02c0afb	09c1ac23-2f8c-4677-851f-42c2b6ca9ab2	61916b5f-ca35-48d5-b080-e1d9667119c8	purchase-order	on-progress	sales	Purchase Order Updated	Purchase Order AT/PO/2026-03/4/MMJ has been updated by Super Admin	\N	f	2026-03-11 11:04:11	2026-03-11 11:04:11	\N	\N	\N	\N
af1d5319-2eb0-4c12-a995-e5f5e47b2546	09c1ac23-2f8c-4677-851f-42c2b6ca9ab2	2e0deaad-0577-408f-8719-0f4bc3fc392d	purchase-order	on-progress	sales	Purchase Order Created	Purchase Order AT/PO/2026-03/1/MMJ has been created by Super Admin	\N	f	2026-03-11 11:04:11	2026-03-11 11:04:11	\N	\N	\N	\N
5388d5fb-1a9b-4df3-a730-586d137bd5a7	09c1ac23-2f8c-4677-851f-42c2b6ca9ab2	2e0deaad-0577-408f-8719-0f4bc3fc392d	purchase-order	on-progress	sales	Purchase Order Updated	Purchase Order AT/PO/2026-03/1/MMJ has been updated by Super Admin	\N	f	2026-03-17 14:30:00	2026-03-17 14:30:00	\N	\N	\N	\N
d458f696-9121-4e87-8f3d-8261f29a0b0c	34dd92c9-4d9a-48b5-a326-c18dfadf92e0	2e0deaad-0577-408f-8719-0f4bc3fc392d	purchase-order	on-progress	superadmin	Purchase Order Updated	Purchase Order AT/PO/2026-03/1/MMJ has been updated by Super Admin	\N	f	2026-03-17 14:30:00	2026-03-17 14:30:00	\N	\N	\N	\N
c0f21e55-7f00-4acb-a693-036f375ce8a9	34dd92c9-4d9a-48b5-a326-c18dfadf92e0	2e0deaad-0577-408f-8719-0f4bc3fc392d	purchase-order	on-progress	superadmin	Purchase Order Updated	Purchase Order AT/PO/2026-03/1/MMJ has been updated by Super Admin	\N	f	2026-03-17 14:30:00	2026-03-17 14:30:00	\N	\N	\N	\N
f718696f-d46f-43f5-a1a5-10eec9a6ea4a	34dd92c9-4d9a-48b5-a326-c18dfadf92e0	2e0deaad-0577-408f-8719-0f4bc3fc392d	purchase-order	on-progress	superadmin	Purchase Order Updated	Purchase Order AT/PO/2026-03/1/MMJ has been updated by Super Admin	\N	f	2026-03-17 14:30:00	2026-03-17 14:30:00	\N	\N	\N	\N
b1a64ed9-0f60-41c3-aa9e-e1b4a8435540	34dd92c9-4d9a-48b5-a326-c18dfadf92e0	2e0deaad-0577-408f-8719-0f4bc3fc392d	purchase-order	on-progress	superadmin	Purchase Order Updated	Purchase Order AT/PO/2026-03/1/MMJ has been updated by Super Admin	\N	f	2026-03-17 14:30:00	2026-03-17 14:30:00	\N	\N	\N	\N
9d386619-d171-46d3-828c-bec831d6fdef	09c1ac23-2f8c-4677-851f-42c2b6ca9ab2	2e0deaad-0577-408f-8719-0f4bc3fc392d	purchase-order	on-progress	sales	Purchase Order Updated	Purchase Order AT/PO/2026-03/1/MMJ has been updated by Super Admin	\N	f	2026-03-17 14:30:00	2026-03-17 14:30:00	\N	\N	\N	\N
\.


--
-- Data for Name: pipeline; Type: TABLE DATA; Schema: public; Owner: -
--

COPY public.pipeline (id, customer_id, pic_id, user_id, group_id, name, estimated_value, estimated_close, description, probability_closing, status, type, lock, is_installation, is_maintenance, is_cabling, is_pm, draft_json, created_at, updated_at, created_by, updated_by, deleted_by, deleted_at) FROM stdin;
baeda011-a70b-480d-a85a-c43cb6641207	6b19826d-5d94-4247-b333-02588f160c0c	d728f372-a8a0-4180-aaa3-8d7047a0cc53	34dd92c9-4d9a-48b5-a326-c18dfadf92e0	\N	Renewal Palo Alto	20000000.00	2026-03-30 00:00:00	\N	75	progress	hot	f	f	f	f	f	\N	2026-02-20 03:20:12	2026-02-20 03:46:34	34dd92c9-4d9a-48b5-a326-c18dfadf92e0	34dd92c9-4d9a-48b5-a326-c18dfadf92e0	34dd92c9-4d9a-48b5-a326-c18dfadf92e0	2026-02-20 03:46:34
07892947-5334-4b63-a270-3bbf5f8c6b70	6b19826d-5d94-4247-b333-02588f160c0c	d728f372-a8a0-4180-aaa3-8d7047a0cc53	09c1ac23-2f8c-4677-851f-42c2b6ca9ab2	\N	Renewal Fortige	60000000.00	2026-03-31 00:00:00	\N	50	finish	cold	t	t	f	f	f	\N	2026-02-20 03:47:35	2026-02-20 06:21:03	09c1ac23-2f8c-4677-851f-42c2b6ca9ab2	1364ec6b-1e04-49ab-81c0-eb4242b767af	\N	\N
88a7298a-c2fb-4b40-9e8a-1ffa327846ec	6b19826d-5d94-4247-b333-02588f160c0c	d728f372-a8a0-4180-aaa3-8d7047a0cc53	34dd92c9-4d9a-48b5-a326-c18dfadf92e0	\N	TEST	200000000.00	2026-03-31 00:00:00	TEST	75	finish	hot	t	t	f	f	f	\N	2026-03-12 14:24:02	2026-03-12 14:26:29	34dd92c9-4d9a-48b5-a326-c18dfadf92e0	34dd92c9-4d9a-48b5-a326-c18dfadf92e0	\N	\N
\.


--
-- Data for Name: pipeline_costs; Type: TABLE DATA; Schema: public; Owner: -
--

COPY public.pipeline_costs (id, pipeline_id, is_discount, is_leasing, discount, leasing, created_at, updated_at, created_by, updated_by) FROM stdin;
\.


--
-- Data for Name: pipeline_file; Type: TABLE DATA; Schema: public; Owner: -
--

COPY public.pipeline_file (id, pipeline_id, file, file_name, description, note, created_at, updated_at, created_by, updated_by, deleted_by, deleted_at) FROM stdin;
267053e8-6642-4f43-97b7-cb75ba21bb63	07892947-5334-4b63-a270-3bbf5f8c6b70	https://assets.altros-tech.com/uploads/gwn/pipeline/2026-02-20/1750768161_0.docx	1750768161_0.docx	DOC	\N	2026-02-20 06:18:21	2026-02-20 06:18:21	09c1ac23-2f8c-4677-851f-42c2b6ca9ab2	\N	\N	\N
97421faf-3026-4d51-a65b-6a268b705e3a	88a7298a-c2fb-4b40-9e8a-1ffa327846ec	/pipeline/2026-03-12/20.0.png	20.0.png	gjg	\N	2026-03-12 14:26:20	2026-03-12 14:26:20	34dd92c9-4d9a-48b5-a326-c18dfadf92e0	\N	\N	\N
\.


--
-- Data for Name: pipeline_history; Type: TABLE DATA; Schema: public; Owner: -
--

COPY public.pipeline_history (id, pipeline_id, description, status, created_at, updated_at, created_by, updated_by, deleted_by, deleted_at) FROM stdin;
83b8a1a1-a3d5-4c97-a311-f48972bef2b3	baeda011-a70b-480d-a85a-c43cb6641207	Project Name Renewal Palo Alto	progress	2026-02-20 03:20:12	2026-02-20 03:20:12	34dd92c9-4d9a-48b5-a326-c18dfadf92e0	\N	\N	\N
eeb35a4a-fffc-4141-a9ca-62101b3205d4	baeda011-a70b-480d-a85a-c43cb6641207	Meeting quotation	progress	2026-02-20 03:20:50	2026-02-20 03:20:50	34dd92c9-4d9a-48b5-a326-c18dfadf92e0	\N	\N	\N
f3b557b5-db0d-4f71-a53a-010ccc0b9f85	07892947-5334-4b63-a270-3bbf5f8c6b70	Project Name Renewal Fortige	progress	2026-02-20 03:47:35	2026-02-20 03:47:35	09c1ac23-2f8c-4677-851f-42c2b6ca9ab2	\N	\N	\N
f0ace86a-c37d-41a5-84fc-bc84af0d4c4e	07892947-5334-4b63-a270-3bbf5f8c6b70	Update status Pipeline to Verify	verify	2026-02-20 06:18:31	2026-02-20 06:18:31	09c1ac23-2f8c-4677-851f-42c2b6ca9ab2	\N	\N	\N
1fc1fcfb-7ded-4f50-8223-68dc8c6a04f4	07892947-5334-4b63-a270-3bbf5f8c6b70	Update status Pipeline to Finish	finish	2026-02-20 06:21:03	2026-02-20 06:21:03	1364ec6b-1e04-49ab-81c0-eb4242b767af	\N	\N	\N
4e658bae-7c82-4098-95ab-2d15a58d1ffe	07892947-5334-4b63-a270-3bbf5f8c6b70	Sales Order has been created 1/02-2026	finish	2026-02-25 01:39:52	2026-02-25 01:39:52	1364ec6b-1e04-49ab-81c0-eb4242b767af	\N	\N	\N
a4b8f88b-0411-4264-9cb0-6d8693090c69	07892947-5334-4b63-a270-3bbf5f8c6b70	Sales Order has been created 1/03-2026	finish	2026-03-11 09:43:37	2026-03-11 09:43:37	34dd92c9-4d9a-48b5-a326-c18dfadf92e0	\N	\N	\N
28207941-0eed-44e4-b626-92632b520d36	07892947-5334-4b63-a270-3bbf5f8c6b70	Sales Order has been created 2/03-2026	finish	2026-03-12 14:22:02	2026-03-12 14:22:02	34dd92c9-4d9a-48b5-a326-c18dfadf92e0	\N	\N	\N
c27b56ca-4a53-44f5-8345-e8832a9dc429	88a7298a-c2fb-4b40-9e8a-1ffa327846ec	Project Name TEST	progress	2026-03-12 14:24:02	2026-03-12 14:24:02	34dd92c9-4d9a-48b5-a326-c18dfadf92e0	\N	\N	\N
92c105d7-e674-4fb7-9bba-01e75389f0b0	88a7298a-c2fb-4b40-9e8a-1ffa327846ec	Update status Pipeline to Verify	verify	2026-03-12 14:25:40	2026-03-12 14:25:40	34dd92c9-4d9a-48b5-a326-c18dfadf92e0	\N	\N	\N
c4ab3178-17ff-44cc-a40f-cab3136364c9	88a7298a-c2fb-4b40-9e8a-1ffa327846ec	Update status Pipeline to Finish	finish	2026-03-12 14:26:29	2026-03-12 14:26:29	34dd92c9-4d9a-48b5-a326-c18dfadf92e0	\N	\N	\N
94aef6d6-8fa5-40de-81d3-a3159b03de3a	88a7298a-c2fb-4b40-9e8a-1ffa327846ec	Sales Order has been created 3/03-2026	finish	2026-03-12 14:26:49	2026-03-12 14:26:49	34dd92c9-4d9a-48b5-a326-c18dfadf92e0	\N	\N	\N
\.


--
-- Data for Name: purchase_order_files; Type: TABLE DATA; Schema: public; Owner: -
--

COPY public.purchase_order_files (id, file_name, file_path, foreign_id, created_by, updated_by, deleted_by, created_at, updated_at, deleted_at) FROM stdin;
5356f3b8-eee2-4074-810c-81cab501ca11	a5e9848e-0331-4247-ab95-803e4399bc4b_169.jpeg	purchase_order_file/2026-03-11/a5e9848e-0331-4247-ab95-803e4399bc4b_169.jpeg	2e0deaad-0577-408f-8719-0f4bc3fc392d	34dd92c9-4d9a-48b5-a326-c18dfadf92e0	\N	\N	2026-03-11 14:26:40	2026-03-11 14:26:40	\N
b0808c82-bf67-4132-9f28-f7262baf5d65	Attendance_2025-11-13.xlsx	purchase_order_file/2026-03-11/Attendance_2025-11-13.xlsx	2e0deaad-0577-408f-8719-0f4bc3fc392d	34dd92c9-4d9a-48b5-a326-c18dfadf92e0	\N	\N	2026-03-11 14:39:48	2026-03-11 14:39:48	\N
\.


--
-- Data for Name: purchase_order_histories; Type: TABLE DATA; Schema: public; Owner: -
--

COPY public.purchase_order_histories (id, purchase_order_id, user_id, description, status, created_at, updated_at, created_by, updated_by, deleted_by, deleted_at) FROM stdin;
01440a2d-f6f6-4a6e-983a-c77e910fbccb	2e0deaad-0577-408f-8719-0f4bc3fc392d	34dd92c9-4d9a-48b5-a326-c18dfadf92e0	Super Admin create purchase order	\N	2026-03-11 10:11:36	2026-03-31 13:24:54	34dd92c9-4d9a-48b5-a326-c18dfadf92e0	\N	\N	2026-03-31 13:24:54
d5ec59a8-076f-4f48-8603-1429f1c4eba4	2e0deaad-0577-408f-8719-0f4bc3fc392d	34dd92c9-4d9a-48b5-a326-c18dfadf92e0	Super Admin updated purchase order	\N	2026-03-11 10:17:18	2026-03-31 13:24:54	34dd92c9-4d9a-48b5-a326-c18dfadf92e0	\N	\N	2026-03-31 13:24:54
2c17b62d-28b1-489c-979a-94e66d9b926c	2e0deaad-0577-408f-8719-0f4bc3fc392d	34dd92c9-4d9a-48b5-a326-c18dfadf92e0	Super Admin updated purchase order	\N	2026-03-11 10:19:26	2026-03-31 13:24:54	34dd92c9-4d9a-48b5-a326-c18dfadf92e0	\N	\N	2026-03-31 13:24:54
30bfb62a-df60-4808-8d96-ae216fde0bdc	2e0deaad-0577-408f-8719-0f4bc3fc392d	34dd92c9-4d9a-48b5-a326-c18dfadf92e0	Super Admin updated purchase order	\N	2026-03-11 10:20:23	2026-03-31 13:24:54	34dd92c9-4d9a-48b5-a326-c18dfadf92e0	\N	\N	2026-03-31 13:24:54
f58fc611-4e5d-438c-9708-15f78a2e90bc	2e0deaad-0577-408f-8719-0f4bc3fc392d	34dd92c9-4d9a-48b5-a326-c18dfadf92e0	Super Admin updated purchase order	\N	2026-03-11 10:22:44	2026-03-31 13:24:54	34dd92c9-4d9a-48b5-a326-c18dfadf92e0	\N	\N	2026-03-31 13:24:54
b880bc76-798f-4474-bf39-ba5607eb118b	2e0deaad-0577-408f-8719-0f4bc3fc392d	34dd92c9-4d9a-48b5-a326-c18dfadf92e0	Super Admin updated purchase order	\N	2026-03-11 10:28:56	2026-03-31 13:24:54	34dd92c9-4d9a-48b5-a326-c18dfadf92e0	\N	\N	2026-03-31 13:24:54
af82703c-eea0-4464-b42b-dc8a5309d785	2e0deaad-0577-408f-8719-0f4bc3fc392d	34dd92c9-4d9a-48b5-a326-c18dfadf92e0	Super Admin updated purchase order	\N	2026-03-11 10:29:36	2026-03-31 13:24:54	34dd92c9-4d9a-48b5-a326-c18dfadf92e0	\N	\N	2026-03-31 13:24:54
517091c7-271b-425f-a9eb-69dd836f6d9d	2e0deaad-0577-408f-8719-0f4bc3fc392d	34dd92c9-4d9a-48b5-a326-c18dfadf92e0	Super Admin updated purchase order	\N	2026-03-11 10:29:50	2026-03-31 13:24:54	34dd92c9-4d9a-48b5-a326-c18dfadf92e0	\N	\N	2026-03-31 13:24:54
aed460a5-ed91-4bef-9037-d5ffc8e00ad9	2e0deaad-0577-408f-8719-0f4bc3fc392d	34dd92c9-4d9a-48b5-a326-c18dfadf92e0	Super Admin updated purchase order	\N	2026-03-12 13:14:59	2026-03-31 13:24:54	34dd92c9-4d9a-48b5-a326-c18dfadf92e0	\N	\N	2026-03-31 13:24:54
054e0a8c-db61-4319-aad0-06e69e725a3e	2e0deaad-0577-408f-8719-0f4bc3fc392d	34dd92c9-4d9a-48b5-a326-c18dfadf92e0	Super Admin updated purchase order	\N	2026-03-12 15:56:46	2026-03-31 13:24:54	34dd92c9-4d9a-48b5-a326-c18dfadf92e0	\N	\N	2026-03-31 13:24:54
2445c196-1ecb-4c84-8516-01f33e52ff13	2e0deaad-0577-408f-8719-0f4bc3fc392d	34dd92c9-4d9a-48b5-a326-c18dfadf92e0	Super Admin updated purchase order	\N	2026-03-12 17:06:38	2026-03-31 13:24:54	34dd92c9-4d9a-48b5-a326-c18dfadf92e0	\N	\N	2026-03-31 13:24:54
\.


--
-- Data for Name: purchase_order_relation_soitems; Type: TABLE DATA; Schema: public; Owner: -
--

COPY public.purchase_order_relation_soitems (id, purchase_order_id, sales_order_item_id, created_at, updated_at, created_by, updated_by, deleted_by, deleted_at) FROM stdin;
\.


--
-- Data for Name: purchase_order_relations; Type: TABLE DATA; Schema: public; Owner: -
--

COPY public.purchase_order_relations (id, purchase_order_id, sales_order_id, created_at, updated_at, created_by, updated_by, deleted_by, deleted_at) FROM stdin;
\.


--
-- Data for Name: purchase_orders; Type: TABLE DATA; Schema: public; Owner: -
--

COPY public.purchase_orders (id, purchase_number, purchase_number_accurate, delivery_to, order_status, distributor_id, is_ppn, created_by, updated_by, deleted_by, created_at, updated_at, deleted_at, ppn_id) FROM stdin;
2e0deaad-0577-408f-8719-0f4bc3fc392d	AT/PO/2026-03/1/MMJ	AT/PO/2026-03/1/MMJ	Customer	delivery_to_customer	86124869-76ab-4b6c-aa08-b3c1f4b9f494	t	34dd92c9-4d9a-48b5-a326-c18dfadf92e0	1364ec6b-1e04-49ab-81c0-eb4242b767af	1364ec6b-1e04-49ab-81c0-eb4242b767af	2026-03-11 10:11:36	2026-03-31 13:24:54	2026-03-31 13:24:54	74b00270-a240-4420-b08f-4a7234116593
\.


--
-- Data for Name: role_menus; Type: TABLE DATA; Schema: public; Owner: -
--

COPY public.role_menus (id, role_id, menu_id, created_at, updated_at) FROM stdin;
d78dfdd9-5745-4c52-a716-9d81e4401b88	24a96052-cd46-4a3e-8b8f-f32a0047bd1f	a4d14c24-3144-4994-9511-05d5c8c031d2	2026-02-20 01:38:29	2026-02-20 01:38:29
c346cafc-9679-4c6c-a6b4-920f95eedcad	24a96052-cd46-4a3e-8b8f-f32a0047bd1f	42b17bf1-18b2-411d-a049-f990ba095d3c	2026-02-20 01:38:29	2026-02-20 01:38:29
190005e8-9ada-4147-acf4-fd452bfa6d0a	24a96052-cd46-4a3e-8b8f-f32a0047bd1f	ffb107f0-3094-4230-a628-62ec4b749bd5	2026-02-20 01:38:29	2026-02-20 01:38:29
29dd1079-d9c0-439f-91d9-665f1a6df597	24a96052-cd46-4a3e-8b8f-f32a0047bd1f	57b774b0-e47c-4427-952b-c0e5d5eb552e	2026-02-20 01:38:29	2026-02-20 01:38:29
e3fedf00-5948-4d96-ae11-aff9f13ef8c9	24a96052-cd46-4a3e-8b8f-f32a0047bd1f	83e144e1-f091-4026-8878-9b57e8293d2a	2026-02-20 01:38:29	2026-02-20 01:38:29
dab43694-dfc8-4ee7-9438-30de6e07c6a1	24a96052-cd46-4a3e-8b8f-f32a0047bd1f	6dfe7acd-b788-432e-8aa1-3b2385987657	2026-02-20 02:17:12	2026-02-20 02:17:12
4e1de5cb-3003-471c-bb4e-c2b7dc70a309	450f50bd-fae3-4ba4-8e02-222c0efb3e60	6dfe7acd-b788-432e-8aa1-3b2385987657	2026-02-20 02:17:12	2026-02-20 02:17:12
1d36dace-f45f-4bf5-8483-c28179e46bf9	873e4925-fc05-4b19-b3d3-505a50ba51df	6dfe7acd-b788-432e-8aa1-3b2385987657	2026-02-20 02:17:12	2026-02-20 02:17:12
078fcec2-cfa7-46ba-af8b-9b6347f4bbd3	24a96052-cd46-4a3e-8b8f-f32a0047bd1f	382b7c37-4b05-4355-865c-175a239b2cfa	2026-02-20 03:07:58	2026-02-20 03:07:58
4e21e19e-7bb7-401d-b20f-27ca9765ee95	450f50bd-fae3-4ba4-8e02-222c0efb3e60	382b7c37-4b05-4355-865c-175a239b2cfa	2026-02-20 03:07:58	2026-02-20 03:07:58
1a68db82-f820-4807-bd5d-16b05d9e2676	873e4925-fc05-4b19-b3d3-505a50ba51df	382b7c37-4b05-4355-865c-175a239b2cfa	2026-02-20 03:07:58	2026-02-20 03:07:58
a0fec88a-5ad4-4194-b8d0-908a5dee54e1	24a96052-cd46-4a3e-8b8f-f32a0047bd1f	9a9e271a-ecf5-4bb9-bb70-50269cace753	2026-02-20 03:09:58	2026-02-20 03:09:58
a6f011e6-ac70-462e-9475-4a8236e59ec9	450f50bd-fae3-4ba4-8e02-222c0efb3e60	9a9e271a-ecf5-4bb9-bb70-50269cace753	2026-02-20 03:09:58	2026-02-20 03:09:58
b363f170-f2ec-4ae5-a965-deb657886992	873e4925-fc05-4b19-b3d3-505a50ba51df	9a9e271a-ecf5-4bb9-bb70-50269cace753	2026-02-20 03:09:58	2026-02-20 03:09:58
21975cad-6506-4ca2-a749-cf9fb50e500c	24a96052-cd46-4a3e-8b8f-f32a0047bd1f	5eed8369-4862-42a4-9f27-dd0d6fdbf0bf	2026-02-20 03:11:19	2026-02-20 03:11:19
c72d84ee-7a0e-4249-b8dd-ff510c969402	450f50bd-fae3-4ba4-8e02-222c0efb3e60	5eed8369-4862-42a4-9f27-dd0d6fdbf0bf	2026-02-20 03:11:19	2026-02-20 03:11:19
c02d5450-ddc0-4a3a-8ac5-c171569c44e1	873e4925-fc05-4b19-b3d3-505a50ba51df	5eed8369-4862-42a4-9f27-dd0d6fdbf0bf	2026-02-20 03:11:19	2026-02-20 03:11:19
47b1a42f-5d17-4d15-8124-79e8bc6e9473	24a96052-cd46-4a3e-8b8f-f32a0047bd1f	ec58f8c0-8108-4181-98d1-63a5d71f0ef2	2026-02-20 03:52:29	2026-02-20 03:52:29
c1ffac74-be35-4b5b-bd7c-30121d50f5ce	450f50bd-fae3-4ba4-8e02-222c0efb3e60	ec58f8c0-8108-4181-98d1-63a5d71f0ef2	2026-02-20 03:52:29	2026-02-20 03:52:29
222f6247-d0d5-4a1c-8725-b4f7899d1b94	873e4925-fc05-4b19-b3d3-505a50ba51df	ec58f8c0-8108-4181-98d1-63a5d71f0ef2	2026-02-20 03:52:29	2026-02-20 03:52:29
06aa24f3-d7a0-4e58-8b6c-6847dbb025de	24a96052-cd46-4a3e-8b8f-f32a0047bd1f	259ff208-fa57-48ad-a4cd-8ef5f7102028	2026-02-20 06:29:19	2026-02-20 06:29:19
3ee3c85c-c5c1-449c-a248-7d393c80943c	450f50bd-fae3-4ba4-8e02-222c0efb3e60	259ff208-fa57-48ad-a4cd-8ef5f7102028	2026-02-20 06:29:19	2026-02-20 06:29:19
792fa4e1-2a6f-429b-804b-b693e9f5bb1e	873e4925-fc05-4b19-b3d3-505a50ba51df	259ff208-fa57-48ad-a4cd-8ef5f7102028	2026-02-20 06:29:19	2026-02-20 06:29:19
f1181eec-8882-482c-a472-a03a6ec51968	24a96052-cd46-4a3e-8b8f-f32a0047bd1f	a9a909dd-a150-44a6-8e12-736f232ddf9a	2026-02-25 01:24:01	2026-02-25 01:24:01
ba479c0a-ac7b-4931-baf4-56785cae853c	450f50bd-fae3-4ba4-8e02-222c0efb3e60	a9a909dd-a150-44a6-8e12-736f232ddf9a	2026-02-25 01:24:01	2026-02-25 01:24:01
070c03ae-292f-4f89-b84d-7c95b327aa64	873e4925-fc05-4b19-b3d3-505a50ba51df	a9a909dd-a150-44a6-8e12-736f232ddf9a	2026-02-25 01:24:01	2026-02-25 01:24:01
85934788-22b8-4387-a4d1-be695e954177	24a96052-cd46-4a3e-8b8f-f32a0047bd1f	05aa108a-4f2d-4569-a4c9-3f3f18e564c5	2026-02-25 01:27:33	2026-02-25 01:27:33
9b124dc9-8e9b-4b71-915b-931f43630142	450f50bd-fae3-4ba4-8e02-222c0efb3e60	05aa108a-4f2d-4569-a4c9-3f3f18e564c5	2026-02-25 01:27:33	2026-02-25 01:27:33
2187c18f-02e0-4cd0-9730-eadf61f2f54a	873e4925-fc05-4b19-b3d3-505a50ba51df	05aa108a-4f2d-4569-a4c9-3f3f18e564c5	2026-02-25 01:27:33	2026-02-25 01:27:33
b6edc424-5039-4628-b493-fbf4b43220d0	450f50bd-fae3-4ba4-8e02-222c0efb3e60	f024721b-8019-46bc-bd99-b7e892afd7fa	2026-02-26 01:15:55	2026-02-26 01:15:55
81dd18ea-3402-4b02-9133-35975ea7c5cf	24a96052-cd46-4a3e-8b8f-f32a0047bd1f	f024721b-8019-46bc-bd99-b7e892afd7fa	2026-02-26 01:15:55	2026-02-26 01:15:55
cb578668-64bb-4da4-8b3c-b3078dec7f17	873e4925-fc05-4b19-b3d3-505a50ba51df	f024721b-8019-46bc-bd99-b7e892afd7fa	2026-02-26 01:15:55	2026-02-26 01:15:55
f3ae6c66-6c0d-409a-a1f9-f9461ca10cf4	24a96052-cd46-4a3e-8b8f-f32a0047bd1f	8ba23a88-04d4-42be-a498-669b170cd885	2026-03-02 07:18:50	2026-03-02 07:18:50
89c004bb-7942-425a-9a60-1ed853f76c38	450f50bd-fae3-4ba4-8e02-222c0efb3e60	8ba23a88-04d4-42be-a498-669b170cd885	2026-03-02 07:18:50	2026-03-02 07:18:50
e86252b3-e642-4817-8093-0cfe3219852b	873e4925-fc05-4b19-b3d3-505a50ba51df	8ba23a88-04d4-42be-a498-669b170cd885	2026-03-02 07:18:50	2026-03-02 07:18:50
f676cdef-6fdd-42f2-afe4-d2a75eb37958	24a96052-cd46-4a3e-8b8f-f32a0047bd1f	49188d5f-94a5-4eb6-8ff9-c187dbe44573	2026-03-10 14:39:46	2026-03-10 14:39:46
93e99393-7401-4ca8-82f4-9ac41883c415	450f50bd-fae3-4ba4-8e02-222c0efb3e60	49188d5f-94a5-4eb6-8ff9-c187dbe44573	2026-03-10 14:39:46	2026-03-10 14:39:46
e5faf228-0fb4-42dd-a869-e8a0801ac610	873e4925-fc05-4b19-b3d3-505a50ba51df	49188d5f-94a5-4eb6-8ff9-c187dbe44573	2026-03-10 14:39:46	2026-03-10 14:39:46
b327faf1-bddf-42e3-8f9b-41a98d884a4f	24a96052-cd46-4a3e-8b8f-f32a0047bd1f	7365d44b-0f0d-4998-8270-a148b2c6ec6a	2026-03-17 07:47:28	2026-03-17 07:47:28
75b4860b-1c03-48a7-ac57-778d2062d70b	450f50bd-fae3-4ba4-8e02-222c0efb3e60	7365d44b-0f0d-4998-8270-a148b2c6ec6a	2026-03-17 07:47:28	2026-03-17 07:47:28
63dcd67b-9958-4e1a-9477-b5cd71f4a6e4	873e4925-fc05-4b19-b3d3-505a50ba51df	7365d44b-0f0d-4998-8270-a148b2c6ec6a	2026-03-17 07:47:28	2026-03-17 07:47:28
c998bd5b-4146-4dc1-b283-a6a79b8a802d	24a96052-cd46-4a3e-8b8f-f32a0047bd1f	e4780eab-f409-45f3-bad7-606e21922383	2026-03-17 10:46:39	2026-03-17 10:46:39
5df87d17-df9e-46ac-977a-f58abdfccf1d	873e4925-fc05-4b19-b3d3-505a50ba51df	e4780eab-f409-45f3-bad7-606e21922383	2026-03-17 10:46:39	2026-03-17 10:46:39
188f7e14-5766-426b-bc31-7256b6871e79	450f50bd-fae3-4ba4-8e02-222c0efb3e60	e4780eab-f409-45f3-bad7-606e21922383	2026-03-17 10:46:39	2026-03-17 10:46:39
\.


--
-- Data for Name: roles; Type: TABLE DATA; Schema: public; Owner: -
--

COPY public.roles (id, name, description, slug, is_active, created_by, updated_by, deleted_by, created_at, updated_at, deleted_at) FROM stdin;
24a96052-cd46-4a3e-8b8f-f32a0047bd1f	Super Admin	Full access	superadmin	t	\N	\N	\N	2026-02-20 01:38:28	2026-02-20 01:38:28	\N
450f50bd-fae3-4ba4-8e02-222c0efb3e60	Admin Sales		admin-sales	t	\N	\N	\N	2026-02-20 01:38:28	2026-02-20 01:38:28	\N
873e4925-fc05-4b19-b3d3-505a50ba51df	Sales		sales	t	\N	\N	\N	2026-02-20 01:38:28	2026-02-20 01:38:28	\N
\.


--
-- Data for Name: sales_order_histories; Type: TABLE DATA; Schema: public; Owner: -
--

COPY public.sales_order_histories (id, sales_order_id, user_id, type, description, created_at, updated_at, created_by, updated_by, deleted_by, deleted_at) FROM stdin;
5059bbcb-7f43-4b86-9fe5-c329880c04c2	3080c38b-ff35-4140-88e6-9a1899ca53bb	34dd92c9-4d9a-48b5-a326-c18dfadf92e0	\N	Super Admin create sales order for pipeline Renewal Fortige	2026-03-11 09:43:37	2026-03-11 09:43:37	\N	\N	\N	\N
43505023-fda7-4e6c-b5e8-434198a02d02	218ab2f0-50ab-4d62-8f97-6ce386fe10bd	34dd92c9-4d9a-48b5-a326-c18dfadf92e0	\N	Super Admin create sales order for pipeline Renewal Fortige	2026-03-12 14:22:02	2026-03-12 14:22:02	\N	\N	\N	\N
c777656e-6f36-4abc-9c9e-f5d89790ab3d	dc4507db-065d-4514-8639-73be9d0cf227	34dd92c9-4d9a-48b5-a326-c18dfadf92e0	\N	Super Admin create sales order for pipeline TEST	2026-03-12 14:26:49	2026-03-12 14:26:49	\N	\N	\N	\N
\.


--
-- Data for Name: sales_order_items; Type: TABLE DATA; Schema: public; Owner: -
--

COPY public.sales_order_items (id, sales_order_id, pipeline_id, brand_id, part_number, description, qty, cost_unit, cost_total, unit_selling, total_selling, margin, unit_price_list, discount_cost, discount_selling, mark_up, is_mark_up, is_cost_marketing, is_cost_service, is_cost_cabling, is_cost_project, is_draft, warranty, warranty_date, created_at, updated_at, created_by, updated_by, deleted_by, deleted_at) FROM stdin;
c2fc8535-88ab-4c55-a9d7-3d0595e9454f	218ab2f0-50ab-4d62-8f97-6ce386fe10bd	07892947-5334-4b63-a270-3bbf5f8c6b70	\N	RF-001	Kabel fiber optik 200 M	1	65000000.00	65000000.00	90000000.00	90000000.00	25000000.00	45000000.00	\N	\N	38.46	f	f	f	f	f	f	1	\N	2026-03-11 09:45:25	2026-03-17 14:30:00	34dd92c9-4d9a-48b5-a326-c18dfadf92e0	\N	\N	\N
8fd4c3a0-31f1-4e9a-98f2-b21afc05f0aa	218ab2f0-50ab-4d62-8f97-6ce386fe10bd	07892947-5334-4b63-a270-3bbf5f8c6b70	\N	RF-001	Kabel fiber optik 200 M	1	65000000.00	65000000.00	90000000.00	90000000.00	25000000.00	45000000.00	\N	\N	38.46	f	f	f	f	f	f	1	\N	2026-03-11 09:45:31	2026-03-17 14:30:00	34dd92c9-4d9a-48b5-a326-c18dfadf92e0	\N	\N	\N
559968b7-6082-45db-8ad1-8a2958eb197e	218ab2f0-50ab-4d62-8f97-6ce386fe10bd	07892947-5334-4b63-a270-3bbf5f8c6b70	\N	RF-001	Kabel fiber optik 200 M	1	65000000.00	65000000.00	90000000.00	90000000.00	25000000.00	45000000.00	\N	\N	38.46	f	f	f	f	f	f	1	\N	2026-03-11 09:45:33	2026-03-17 14:30:00	34dd92c9-4d9a-48b5-a326-c18dfadf92e0	\N	\N	\N
f52b1cdd-ca0d-40cf-9115-2e950bd6d0e2	dc4507db-065d-4514-8639-73be9d0cf227	88a7298a-c2fb-4b40-9e8a-1ffa327846ec	\N	YUID-091	TEST-IDS	1	3450000.00	3450000.00	3980000.00	3980000.00	530000.00	3450000.00	\N	\N	15.36	f	f	f	f	f	t	\N	\N	2026-03-12 14:25:28	2026-03-17 14:30:00	34dd92c9-4d9a-48b5-a326-c18dfadf92e0	\N	\N	\N
a6824f00-7261-487f-b3ee-d1e0f5063230	dc4507db-065d-4514-8639-73be9d0cf227	88a7298a-c2fb-4b40-9e8a-1ffa327846ec	\N	Cost Service	YEJS-091	1	1450000.00	1450000.00	1550000.00	1550000.00	100000.00	1450000.00	\N	\N	6.90	f	f	t	f	f	f	\N	\N	2026-03-17 08:09:18	2026-03-17 14:30:00	34dd92c9-4d9a-48b5-a326-c18dfadf92e0	\N	\N	\N
\.


--
-- Data for Name: sales_order_milestone_items; Type: TABLE DATA; Schema: public; Owner: -
--

COPY public.sales_order_milestone_items (sales_order_milestone_id, sales_order_item_id, created_at, updated_at) FROM stdin;
\.


--
-- Data for Name: sales_order_milestones; Type: TABLE DATA; Schema: public; Owner: -
--

COPY public.sales_order_milestones (id, sales_order_id, invoice_id, sequence, amount, percent, category, description, created_at, updated_at, deleted_at, created_by, updated_by, deleted_by) FROM stdin;
\.


--
-- Data for Name: sales_orders; Type: TABLE DATA; Schema: public; Owner: -
--

COPY public.sales_orders (id, pipeline_id, user_group_id, user_id, sales_order_number, po_customer, date_purchase_order_customer, date_request, date_approval, remarks, total_cost, total_selling, gross_profit_total, gross_profit_final, bonus, cost_admin, cost_service, cost_marketing, is_payment, bonus_taken, is_lock, is_purchase_order, percentage_admin, percentage_bonus, created_at, updated_at, created_by, updated_by, deleted_by, deleted_at) FROM stdin;
3080c38b-ff35-4140-88e6-9a1899ca53bb	07892947-5334-4b63-a270-3bbf5f8c6b70	\N	09c1ac23-2f8c-4677-851f-42c2b6ca9ab2	1/03-2026	21/RF/2026/001	2026-03-25	\N	\N	\N	195000000.00	270000000.00	75000000.00	71100000.00	2133000.00	3900000.00	0.00	0.00	f	hold	f	f	\N	\N	2026-03-11 09:43:37	2026-03-11 09:45:33	34dd92c9-4d9a-48b5-a326-c18dfadf92e0	34dd92c9-4d9a-48b5-a326-c18dfadf92e0	\N	\N
218ab2f0-50ab-4d62-8f97-6ce386fe10bd	07892947-5334-4b63-a270-3bbf5f8c6b70	\N	09c1ac23-2f8c-4677-851f-42c2b6ca9ab2	2/03-2026	ASD/08234/TY	2026-03-28	\N	\N	\N	195000000.00	270000000.00	75000000.00	71100000.00	2133000.00	3900000.00	0.00	0.00	f	hold	f	f	\N	\N	2026-03-12 14:22:02	2026-03-12 14:22:02	34dd92c9-4d9a-48b5-a326-c18dfadf92e0	\N	\N	\N
dc4507db-065d-4514-8639-73be9d0cf227	88a7298a-c2fb-4b40-9e8a-1ffa327846ec	\N	34dd92c9-4d9a-48b5-a326-c18dfadf92e0	3/03-2026	TRY-098	2026-03-30	\N	\N	\N	4900000.00	5530000.00	630000.00	532000.00	15960.00	98000.00	1450000.00	0.00	f	hold	f	f	\N	\N	2026-03-12 14:26:49	2026-03-17 08:09:18	34dd92c9-4d9a-48b5-a326-c18dfadf92e0	34dd92c9-4d9a-48b5-a326-c18dfadf92e0	\N	\N
\.


--
-- Data for Name: sessions; Type: TABLE DATA; Schema: public; Owner: -
--

COPY public.sessions (id, user_id, ip_address, user_agent, payload, last_activity) FROM stdin;
P85PYChiCslPuWgT4ZlVIwq7gV5AX4jbJo2AuI3w	\N	127.0.0.1	Mozilla/5.0 (Macintosh; Intel Mac OS X 10_15_7) AppleWebKit/537.36 (KHTML, like Gecko) Chrome/145.0.0.0 Safari/537.36	YTozOntzOjY6Il90b2tlbiI7czo0MDoiSng5WnRXamFZSUlha2V1TkF3azcxR1FNZ2VaZjhaclJmcnI3ZmI3QyI7czo5OiJfcHJldmlvdXMiO2E6Mjp7czozOiJ1cmwiO3M6MjE6Imh0dHA6Ly8xMjcuMC4wLjE6ODAwMCI7czo1OiJyb3V0ZSI7Tjt9czo2OiJfZmxhc2giO2E6Mjp7czozOiJvbGQiO2E6MDp7fXM6MzoibmV3IjthOjA6e319fQ==	1773039719
\.


--
-- Data for Name: special_notes; Type: TABLE DATA; Schema: public; Owner: -
--

COPY public.special_notes (id, pipeline_id, note, read_by, created_at, updated_at, created_by, updated_by, deleted_by, deleted_at) FROM stdin;
\.


--
-- Data for Name: user_details; Type: TABLE DATA; Schema: public; Owner: -
--

COPY public.user_details (id, user_id, employee_status, start_date, end_date, is_priority, nik, nip, created_by, updated_by, deleted_by, created_at, updated_at, deleted_at) FROM stdin;
07a73818-9cd8-4984-bb2c-49f4b61d70ac	09c1ac23-2f8c-4677-851f-42c2b6ca9ab2	permanent	2024-02-01	\N	f	\N	\N	34dd92c9-4d9a-48b5-a326-c18dfadf92e0	\N	\N	2026-02-20 03:15:47	2026-02-20 03:15:47	\N
28507e5e-76bc-4c03-b267-fd7d53e2d584	1364ec6b-1e04-49ab-81c0-eb4242b767af	contract	2025-02-03	\N	f	\N	\N	34dd92c9-4d9a-48b5-a326-c18dfadf92e0	\N	\N	2026-02-20 06:19:57	2026-02-20 06:19:57	\N
\.


--
-- Data for Name: user_permissions; Type: TABLE DATA; Schema: public; Owner: -
--

COPY public.user_permissions (id, user_id, menu_id, action_id, created_by, updated_by, deleted_by, created_at, updated_at, deleted_at) FROM stdin;
77a7b344-8037-4eb4-9975-81766bef04a5	34dd92c9-4d9a-48b5-a326-c18dfadf92e0	a4d14c24-3144-4994-9511-05d5c8c031d2	801ce437-7fe6-48d7-bd47-2afb46c78b2e	\N	\N	\N	2026-02-20 01:38:29	2026-02-20 01:38:29	\N
c57a1e07-9a4c-411c-86a3-2712d10451cb	34dd92c9-4d9a-48b5-a326-c18dfadf92e0	a4d14c24-3144-4994-9511-05d5c8c031d2	18a8336e-b674-4b5f-853e-02cb94517aad	\N	\N	\N	2026-02-20 01:38:29	2026-02-20 01:38:29	\N
41b4bd69-9a32-4778-bf65-34f5cdf0d5ca	34dd92c9-4d9a-48b5-a326-c18dfadf92e0	a4d14c24-3144-4994-9511-05d5c8c031d2	994b9cd3-8dd3-4c30-be2a-16e44214c7f0	\N	\N	\N	2026-02-20 01:38:29	2026-02-20 01:38:29	\N
9404385e-38cc-49d0-8ceb-a70285b75542	34dd92c9-4d9a-48b5-a326-c18dfadf92e0	a4d14c24-3144-4994-9511-05d5c8c031d2	7967a005-b5ca-475c-b4f4-a4d5e8f6fbf3	\N	\N	\N	2026-02-20 01:38:29	2026-02-20 01:38:29	\N
5893f76f-316a-4403-8fad-fdb6669f9ec6	34dd92c9-4d9a-48b5-a326-c18dfadf92e0	a4d14c24-3144-4994-9511-05d5c8c031d2	02e156ae-b080-4bb1-b2de-963e8ce444a0	\N	\N	\N	2026-02-20 01:38:29	2026-02-20 01:38:29	\N
9d6653e6-8d06-49c9-8226-458998febef9	34dd92c9-4d9a-48b5-a326-c18dfadf92e0	a4d14c24-3144-4994-9511-05d5c8c031d2	e20101dd-1bed-4ac0-a8fe-f5a904f6f8e8	\N	\N	\N	2026-02-20 01:38:29	2026-02-20 01:38:29	\N
775958f1-e9b4-4549-a213-0c274c799c44	34dd92c9-4d9a-48b5-a326-c18dfadf92e0	42b17bf1-18b2-411d-a049-f990ba095d3c	801ce437-7fe6-48d7-bd47-2afb46c78b2e	\N	\N	\N	2026-02-20 01:38:29	2026-02-20 01:38:29	\N
c6695d0d-7b19-42d0-a937-5e27e528b3e6	34dd92c9-4d9a-48b5-a326-c18dfadf92e0	42b17bf1-18b2-411d-a049-f990ba095d3c	18a8336e-b674-4b5f-853e-02cb94517aad	\N	\N	\N	2026-02-20 01:38:29	2026-02-20 01:38:29	\N
29412f0f-f1b5-4da3-aada-4c03c20ab10b	34dd92c9-4d9a-48b5-a326-c18dfadf92e0	42b17bf1-18b2-411d-a049-f990ba095d3c	994b9cd3-8dd3-4c30-be2a-16e44214c7f0	\N	\N	\N	2026-02-20 01:38:29	2026-02-20 01:38:29	\N
27e9f88e-52df-42f7-810e-8e36ebc4b9d3	34dd92c9-4d9a-48b5-a326-c18dfadf92e0	42b17bf1-18b2-411d-a049-f990ba095d3c	7967a005-b5ca-475c-b4f4-a4d5e8f6fbf3	\N	\N	\N	2026-02-20 01:38:29	2026-02-20 01:38:29	\N
c366c9b5-af21-4c4f-b4e3-815bafb8c09d	34dd92c9-4d9a-48b5-a326-c18dfadf92e0	42b17bf1-18b2-411d-a049-f990ba095d3c	02e156ae-b080-4bb1-b2de-963e8ce444a0	\N	\N	\N	2026-02-20 01:38:29	2026-02-20 01:38:29	\N
c70cab30-55c3-4918-bcd0-b7c883a8a561	34dd92c9-4d9a-48b5-a326-c18dfadf92e0	42b17bf1-18b2-411d-a049-f990ba095d3c	e20101dd-1bed-4ac0-a8fe-f5a904f6f8e8	\N	\N	\N	2026-02-20 01:38:29	2026-02-20 01:38:29	\N
136991cc-411e-468e-b992-8a7e557af606	34dd92c9-4d9a-48b5-a326-c18dfadf92e0	ffb107f0-3094-4230-a628-62ec4b749bd5	801ce437-7fe6-48d7-bd47-2afb46c78b2e	\N	\N	\N	2026-02-20 01:38:29	2026-02-20 01:38:29	\N
aba9e28d-5c68-4e92-a53b-d0e040ec7fa5	34dd92c9-4d9a-48b5-a326-c18dfadf92e0	ffb107f0-3094-4230-a628-62ec4b749bd5	18a8336e-b674-4b5f-853e-02cb94517aad	\N	\N	\N	2026-02-20 01:38:29	2026-02-20 01:38:29	\N
3b2c0ee6-7736-4a12-b368-f5c516d36c02	34dd92c9-4d9a-48b5-a326-c18dfadf92e0	ffb107f0-3094-4230-a628-62ec4b749bd5	994b9cd3-8dd3-4c30-be2a-16e44214c7f0	\N	\N	\N	2026-02-20 01:38:29	2026-02-20 01:38:29	\N
1896ed3a-0a53-454e-9f81-a98f5a473c89	34dd92c9-4d9a-48b5-a326-c18dfadf92e0	ffb107f0-3094-4230-a628-62ec4b749bd5	7967a005-b5ca-475c-b4f4-a4d5e8f6fbf3	\N	\N	\N	2026-02-20 01:38:29	2026-02-20 01:38:29	\N
35ed97b0-3c96-49cc-891c-0b485dd793e0	34dd92c9-4d9a-48b5-a326-c18dfadf92e0	ffb107f0-3094-4230-a628-62ec4b749bd5	02e156ae-b080-4bb1-b2de-963e8ce444a0	\N	\N	\N	2026-02-20 01:38:29	2026-02-20 01:38:29	\N
1ed846b2-e6b5-4691-a78e-b54681c39dc7	34dd92c9-4d9a-48b5-a326-c18dfadf92e0	ffb107f0-3094-4230-a628-62ec4b749bd5	e20101dd-1bed-4ac0-a8fe-f5a904f6f8e8	\N	\N	\N	2026-02-20 01:38:29	2026-02-20 01:38:29	\N
e186ee42-2961-4602-a543-03599471f877	34dd92c9-4d9a-48b5-a326-c18dfadf92e0	57b774b0-e47c-4427-952b-c0e5d5eb552e	801ce437-7fe6-48d7-bd47-2afb46c78b2e	\N	\N	\N	2026-02-20 01:38:29	2026-02-20 01:38:29	\N
a61eafe7-6483-41c7-89d0-d223950d3a78	34dd92c9-4d9a-48b5-a326-c18dfadf92e0	57b774b0-e47c-4427-952b-c0e5d5eb552e	18a8336e-b674-4b5f-853e-02cb94517aad	\N	\N	\N	2026-02-20 01:38:29	2026-02-20 01:38:29	\N
0a528f84-09b5-423d-8744-cb7a918fe67f	34dd92c9-4d9a-48b5-a326-c18dfadf92e0	57b774b0-e47c-4427-952b-c0e5d5eb552e	994b9cd3-8dd3-4c30-be2a-16e44214c7f0	\N	\N	\N	2026-02-20 01:38:29	2026-02-20 01:38:29	\N
bd505723-2ecd-462e-bdce-68414e290343	34dd92c9-4d9a-48b5-a326-c18dfadf92e0	57b774b0-e47c-4427-952b-c0e5d5eb552e	7967a005-b5ca-475c-b4f4-a4d5e8f6fbf3	\N	\N	\N	2026-02-20 01:38:29	2026-02-20 01:38:29	\N
fad02a6d-be33-4600-aed7-00a5b1011324	34dd92c9-4d9a-48b5-a326-c18dfadf92e0	57b774b0-e47c-4427-952b-c0e5d5eb552e	02e156ae-b080-4bb1-b2de-963e8ce444a0	\N	\N	\N	2026-02-20 01:38:29	2026-02-20 01:38:29	\N
c068e4f3-8f96-4749-aa7b-f5a931b17bc7	34dd92c9-4d9a-48b5-a326-c18dfadf92e0	57b774b0-e47c-4427-952b-c0e5d5eb552e	e20101dd-1bed-4ac0-a8fe-f5a904f6f8e8	\N	\N	\N	2026-02-20 01:38:29	2026-02-20 01:38:29	\N
52bf4ec2-6434-4c14-9211-860e3f564a55	34dd92c9-4d9a-48b5-a326-c18dfadf92e0	83e144e1-f091-4026-8878-9b57e8293d2a	801ce437-7fe6-48d7-bd47-2afb46c78b2e	\N	\N	\N	2026-02-20 01:38:29	2026-02-20 01:38:29	\N
4b768977-9733-40fb-9a58-326483c62051	34dd92c9-4d9a-48b5-a326-c18dfadf92e0	83e144e1-f091-4026-8878-9b57e8293d2a	18a8336e-b674-4b5f-853e-02cb94517aad	\N	\N	\N	2026-02-20 01:38:29	2026-02-20 01:38:29	\N
a5db35fa-3d13-44a3-baf1-75d33517d31e	34dd92c9-4d9a-48b5-a326-c18dfadf92e0	83e144e1-f091-4026-8878-9b57e8293d2a	994b9cd3-8dd3-4c30-be2a-16e44214c7f0	\N	\N	\N	2026-02-20 01:38:29	2026-02-20 01:38:29	\N
b98ec3d5-d506-4608-b12a-835842fc4913	34dd92c9-4d9a-48b5-a326-c18dfadf92e0	83e144e1-f091-4026-8878-9b57e8293d2a	7967a005-b5ca-475c-b4f4-a4d5e8f6fbf3	\N	\N	\N	2026-02-20 01:38:29	2026-02-20 01:38:29	\N
60eca96f-7634-4cac-b4bf-ce087e45386f	34dd92c9-4d9a-48b5-a326-c18dfadf92e0	83e144e1-f091-4026-8878-9b57e8293d2a	02e156ae-b080-4bb1-b2de-963e8ce444a0	\N	\N	\N	2026-02-20 01:38:29	2026-02-20 01:38:29	\N
4efd6234-fb68-4097-9f80-9458eb17bddf	34dd92c9-4d9a-48b5-a326-c18dfadf92e0	83e144e1-f091-4026-8878-9b57e8293d2a	e20101dd-1bed-4ac0-a8fe-f5a904f6f8e8	\N	\N	\N	2026-02-20 01:38:29	2026-02-20 01:38:29	\N
8075307e-e52a-4f35-9682-75f3fcf54471	34dd92c9-4d9a-48b5-a326-c18dfadf92e0	6dfe7acd-b788-432e-8aa1-3b2385987657	801ce437-7fe6-48d7-bd47-2afb46c78b2e	34dd92c9-4d9a-48b5-a326-c18dfadf92e0	\N	\N	2026-02-20 02:17:12	2026-02-20 02:17:12	\N
c6dfb10f-aff9-4ff4-afd6-6e3156de1d08	34dd92c9-4d9a-48b5-a326-c18dfadf92e0	6dfe7acd-b788-432e-8aa1-3b2385987657	18a8336e-b674-4b5f-853e-02cb94517aad	34dd92c9-4d9a-48b5-a326-c18dfadf92e0	\N	\N	2026-02-20 02:17:12	2026-02-20 02:17:12	\N
6968197e-2e62-45f1-9ba8-195dbe29de1a	34dd92c9-4d9a-48b5-a326-c18dfadf92e0	6dfe7acd-b788-432e-8aa1-3b2385987657	994b9cd3-8dd3-4c30-be2a-16e44214c7f0	34dd92c9-4d9a-48b5-a326-c18dfadf92e0	\N	\N	2026-02-20 02:17:12	2026-02-20 02:17:12	\N
6137e716-15b4-4cb6-90d4-ecdb4fccc48b	34dd92c9-4d9a-48b5-a326-c18dfadf92e0	6dfe7acd-b788-432e-8aa1-3b2385987657	7967a005-b5ca-475c-b4f4-a4d5e8f6fbf3	34dd92c9-4d9a-48b5-a326-c18dfadf92e0	\N	\N	2026-02-20 02:17:12	2026-02-20 02:17:12	\N
7980d40d-4ecb-41e4-af16-dd60d84a3b52	34dd92c9-4d9a-48b5-a326-c18dfadf92e0	6dfe7acd-b788-432e-8aa1-3b2385987657	02e156ae-b080-4bb1-b2de-963e8ce444a0	34dd92c9-4d9a-48b5-a326-c18dfadf92e0	\N	\N	2026-02-20 02:17:12	2026-02-20 02:17:12	\N
a6cec4da-b7c5-4260-88b5-2b161b10a4e2	34dd92c9-4d9a-48b5-a326-c18dfadf92e0	382b7c37-4b05-4355-865c-175a239b2cfa	801ce437-7fe6-48d7-bd47-2afb46c78b2e	34dd92c9-4d9a-48b5-a326-c18dfadf92e0	\N	\N	2026-02-20 02:23:32	2026-02-20 02:23:32	\N
3f1ba8e1-7cdd-4d05-a211-6484becc738e	34dd92c9-4d9a-48b5-a326-c18dfadf92e0	382b7c37-4b05-4355-865c-175a239b2cfa	18a8336e-b674-4b5f-853e-02cb94517aad	34dd92c9-4d9a-48b5-a326-c18dfadf92e0	\N	\N	2026-02-20 02:23:32	2026-02-20 02:23:32	\N
5d6b8282-5c51-48af-8ece-d25f71897e62	34dd92c9-4d9a-48b5-a326-c18dfadf92e0	382b7c37-4b05-4355-865c-175a239b2cfa	994b9cd3-8dd3-4c30-be2a-16e44214c7f0	34dd92c9-4d9a-48b5-a326-c18dfadf92e0	\N	\N	2026-02-20 02:23:32	2026-02-20 02:23:32	\N
e33a9e0c-34f5-4264-b5d6-a9d788b73afb	34dd92c9-4d9a-48b5-a326-c18dfadf92e0	382b7c37-4b05-4355-865c-175a239b2cfa	7967a005-b5ca-475c-b4f4-a4d5e8f6fbf3	34dd92c9-4d9a-48b5-a326-c18dfadf92e0	\N	\N	2026-02-20 02:23:32	2026-02-20 02:23:32	\N
1e50f79a-aea7-4389-b4c8-1e2ce3536e88	34dd92c9-4d9a-48b5-a326-c18dfadf92e0	382b7c37-4b05-4355-865c-175a239b2cfa	02e156ae-b080-4bb1-b2de-963e8ce444a0	34dd92c9-4d9a-48b5-a326-c18dfadf92e0	\N	\N	2026-02-20 02:23:32	2026-02-20 02:23:32	\N
469ad5d4-db0a-4cf3-8fa6-5eb6fe9501cc	34dd92c9-4d9a-48b5-a326-c18dfadf92e0	9a9e271a-ecf5-4bb9-bb70-50269cace753	801ce437-7fe6-48d7-bd47-2afb46c78b2e	34dd92c9-4d9a-48b5-a326-c18dfadf92e0	\N	\N	2026-02-20 03:09:11	2026-02-20 03:09:11	\N
174d4003-e673-4bf1-9aa4-612f9e5f347f	34dd92c9-4d9a-48b5-a326-c18dfadf92e0	9a9e271a-ecf5-4bb9-bb70-50269cace753	18a8336e-b674-4b5f-853e-02cb94517aad	34dd92c9-4d9a-48b5-a326-c18dfadf92e0	\N	\N	2026-02-20 03:09:11	2026-02-20 03:09:11	\N
80793c61-0cb4-4bf8-887a-7aad87454983	34dd92c9-4d9a-48b5-a326-c18dfadf92e0	9a9e271a-ecf5-4bb9-bb70-50269cace753	994b9cd3-8dd3-4c30-be2a-16e44214c7f0	34dd92c9-4d9a-48b5-a326-c18dfadf92e0	\N	\N	2026-02-20 03:09:11	2026-02-20 03:09:11	\N
a10efadb-156b-4627-829b-51d597e966fb	34dd92c9-4d9a-48b5-a326-c18dfadf92e0	9a9e271a-ecf5-4bb9-bb70-50269cace753	7967a005-b5ca-475c-b4f4-a4d5e8f6fbf3	34dd92c9-4d9a-48b5-a326-c18dfadf92e0	\N	\N	2026-02-20 03:09:11	2026-02-20 03:09:11	\N
7a974035-ce4b-49a7-8bbf-d7bef12bd6e5	34dd92c9-4d9a-48b5-a326-c18dfadf92e0	9a9e271a-ecf5-4bb9-bb70-50269cace753	02e156ae-b080-4bb1-b2de-963e8ce444a0	34dd92c9-4d9a-48b5-a326-c18dfadf92e0	\N	\N	2026-02-20 03:09:11	2026-02-20 03:09:11	\N
586fbcff-8044-41df-bc00-055512b846e4	34dd92c9-4d9a-48b5-a326-c18dfadf92e0	5eed8369-4862-42a4-9f27-dd0d6fdbf0bf	801ce437-7fe6-48d7-bd47-2afb46c78b2e	34dd92c9-4d9a-48b5-a326-c18dfadf92e0	\N	\N	2026-02-20 03:11:19	2026-02-20 03:11:19	\N
a507cfb2-a44f-496e-8d9a-21b0d1b4c1df	34dd92c9-4d9a-48b5-a326-c18dfadf92e0	5eed8369-4862-42a4-9f27-dd0d6fdbf0bf	18a8336e-b674-4b5f-853e-02cb94517aad	34dd92c9-4d9a-48b5-a326-c18dfadf92e0	\N	\N	2026-02-20 03:11:19	2026-02-20 03:11:19	\N
2a20817d-e741-44e4-8885-a2d264d775fd	34dd92c9-4d9a-48b5-a326-c18dfadf92e0	5eed8369-4862-42a4-9f27-dd0d6fdbf0bf	994b9cd3-8dd3-4c30-be2a-16e44214c7f0	34dd92c9-4d9a-48b5-a326-c18dfadf92e0	\N	\N	2026-02-20 03:11:19	2026-02-20 03:11:19	\N
ae78b882-0753-44dc-9ab2-4dec1e95cd85	34dd92c9-4d9a-48b5-a326-c18dfadf92e0	5eed8369-4862-42a4-9f27-dd0d6fdbf0bf	7967a005-b5ca-475c-b4f4-a4d5e8f6fbf3	34dd92c9-4d9a-48b5-a326-c18dfadf92e0	\N	\N	2026-02-20 03:11:19	2026-02-20 03:11:19	\N
11c3b90a-83f6-4744-8b48-b947fd90c5e8	34dd92c9-4d9a-48b5-a326-c18dfadf92e0	5eed8369-4862-42a4-9f27-dd0d6fdbf0bf	02e156ae-b080-4bb1-b2de-963e8ce444a0	34dd92c9-4d9a-48b5-a326-c18dfadf92e0	\N	\N	2026-02-20 03:11:19	2026-02-20 03:11:19	\N
61ee89fe-c3b4-4ba9-95de-50e43edbce38	09c1ac23-2f8c-4677-851f-42c2b6ca9ab2	6dfe7acd-b788-432e-8aa1-3b2385987657	801ce437-7fe6-48d7-bd47-2afb46c78b2e	\N	\N	\N	2026-02-20 03:15:47	2026-02-20 03:15:47	\N
bec40410-ba80-46d4-9976-d28d72ba522d	09c1ac23-2f8c-4677-851f-42c2b6ca9ab2	382b7c37-4b05-4355-865c-175a239b2cfa	801ce437-7fe6-48d7-bd47-2afb46c78b2e	\N	\N	\N	2026-02-20 03:15:47	2026-02-20 03:15:47	\N
412e8352-268c-4a4b-b330-160acf1732fc	09c1ac23-2f8c-4677-851f-42c2b6ca9ab2	5eed8369-4862-42a4-9f27-dd0d6fdbf0bf	801ce437-7fe6-48d7-bd47-2afb46c78b2e	\N	\N	\N	2026-02-20 03:15:47	2026-02-20 03:15:47	\N
bcdf386c-f4ec-4e5f-a9f5-2014758f2d8c	09c1ac23-2f8c-4677-851f-42c2b6ca9ab2	6dfe7acd-b788-432e-8aa1-3b2385987657	18a8336e-b674-4b5f-853e-02cb94517aad	\N	\N	\N	2026-02-20 03:15:47	2026-02-20 03:15:47	\N
8a3a5d14-67d1-4f1c-a7ff-2db41cabc590	09c1ac23-2f8c-4677-851f-42c2b6ca9ab2	382b7c37-4b05-4355-865c-175a239b2cfa	18a8336e-b674-4b5f-853e-02cb94517aad	\N	\N	\N	2026-02-20 03:15:47	2026-02-20 03:15:47	\N
89ba3596-fc25-4d03-b682-78d5d565db7b	09c1ac23-2f8c-4677-851f-42c2b6ca9ab2	5eed8369-4862-42a4-9f27-dd0d6fdbf0bf	18a8336e-b674-4b5f-853e-02cb94517aad	\N	\N	\N	2026-02-20 03:15:47	2026-02-20 03:15:47	\N
a731ed97-7150-4374-ba49-d6fede68732a	09c1ac23-2f8c-4677-851f-42c2b6ca9ab2	6dfe7acd-b788-432e-8aa1-3b2385987657	994b9cd3-8dd3-4c30-be2a-16e44214c7f0	\N	\N	\N	2026-02-20 03:15:47	2026-02-20 03:15:47	\N
f9e33f02-d9ab-4e83-8f3c-255c40e5d9c2	09c1ac23-2f8c-4677-851f-42c2b6ca9ab2	382b7c37-4b05-4355-865c-175a239b2cfa	994b9cd3-8dd3-4c30-be2a-16e44214c7f0	\N	\N	\N	2026-02-20 03:15:47	2026-02-20 03:15:47	\N
356e966a-5571-480f-82ef-3cdafa2339cd	09c1ac23-2f8c-4677-851f-42c2b6ca9ab2	5eed8369-4862-42a4-9f27-dd0d6fdbf0bf	994b9cd3-8dd3-4c30-be2a-16e44214c7f0	\N	\N	\N	2026-02-20 03:15:47	2026-02-20 03:15:47	\N
3a29964b-2309-47ec-b886-eade47b5432c	09c1ac23-2f8c-4677-851f-42c2b6ca9ab2	6dfe7acd-b788-432e-8aa1-3b2385987657	7967a005-b5ca-475c-b4f4-a4d5e8f6fbf3	\N	\N	\N	2026-02-20 03:15:47	2026-02-20 03:15:47	\N
f26cdd50-0551-4cb1-921a-12fefb0286be	09c1ac23-2f8c-4677-851f-42c2b6ca9ab2	382b7c37-4b05-4355-865c-175a239b2cfa	7967a005-b5ca-475c-b4f4-a4d5e8f6fbf3	\N	\N	\N	2026-02-20 03:15:47	2026-02-20 03:15:47	\N
7cf0a787-37eb-4146-a377-ac975c50c6d4	09c1ac23-2f8c-4677-851f-42c2b6ca9ab2	5eed8369-4862-42a4-9f27-dd0d6fdbf0bf	7967a005-b5ca-475c-b4f4-a4d5e8f6fbf3	\N	\N	\N	2026-02-20 03:15:47	2026-02-20 03:15:47	\N
f9b4209a-3b9b-4217-9da6-1f7788ede575	09c1ac23-2f8c-4677-851f-42c2b6ca9ab2	6dfe7acd-b788-432e-8aa1-3b2385987657	02e156ae-b080-4bb1-b2de-963e8ce444a0	\N	\N	\N	2026-02-20 03:15:47	2026-02-20 03:15:47	\N
993bffa0-34fc-4485-8f32-972c41ffa281	09c1ac23-2f8c-4677-851f-42c2b6ca9ab2	382b7c37-4b05-4355-865c-175a239b2cfa	02e156ae-b080-4bb1-b2de-963e8ce444a0	\N	\N	\N	2026-02-20 03:15:47	2026-02-20 03:15:47	\N
d8a7eb83-3a5b-4813-8b43-1ae9f93738ae	09c1ac23-2f8c-4677-851f-42c2b6ca9ab2	5eed8369-4862-42a4-9f27-dd0d6fdbf0bf	02e156ae-b080-4bb1-b2de-963e8ce444a0	\N	\N	\N	2026-02-20 03:15:47	2026-02-20 03:15:47	\N
74c959ed-2526-42f1-bfb9-69c5da0fbea8	34dd92c9-4d9a-48b5-a326-c18dfadf92e0	a9a909dd-a150-44a6-8e12-736f232ddf9a	801ce437-7fe6-48d7-bd47-2afb46c78b2e	34dd92c9-4d9a-48b5-a326-c18dfadf92e0	\N	\N	2026-02-20 03:18:01	2026-02-20 03:18:01	\N
6358dfed-4e1e-4a7e-bb9f-5204a6bca4b6	34dd92c9-4d9a-48b5-a326-c18dfadf92e0	a9a909dd-a150-44a6-8e12-736f232ddf9a	18a8336e-b674-4b5f-853e-02cb94517aad	34dd92c9-4d9a-48b5-a326-c18dfadf92e0	\N	\N	2026-02-20 03:18:01	2026-02-20 03:18:01	\N
9baa19b2-09b9-4f7d-bd59-9b78ae1ee598	34dd92c9-4d9a-48b5-a326-c18dfadf92e0	a9a909dd-a150-44a6-8e12-736f232ddf9a	994b9cd3-8dd3-4c30-be2a-16e44214c7f0	34dd92c9-4d9a-48b5-a326-c18dfadf92e0	\N	\N	2026-02-20 03:18:01	2026-02-20 03:18:01	\N
8c420307-7a1f-4449-bfae-919b50b27611	34dd92c9-4d9a-48b5-a326-c18dfadf92e0	a9a909dd-a150-44a6-8e12-736f232ddf9a	7967a005-b5ca-475c-b4f4-a4d5e8f6fbf3	34dd92c9-4d9a-48b5-a326-c18dfadf92e0	\N	\N	2026-02-20 03:18:01	2026-02-20 03:18:01	\N
9a2aa993-0e5c-446b-a019-49e5c36fbd4f	34dd92c9-4d9a-48b5-a326-c18dfadf92e0	a9a909dd-a150-44a6-8e12-736f232ddf9a	02e156ae-b080-4bb1-b2de-963e8ce444a0	34dd92c9-4d9a-48b5-a326-c18dfadf92e0	\N	\N	2026-02-20 03:18:01	2026-02-20 03:18:01	\N
7e1f5b3e-409c-4479-97bc-db642ce85934	09c1ac23-2f8c-4677-851f-42c2b6ca9ab2	a9a909dd-a150-44a6-8e12-736f232ddf9a	801ce437-7fe6-48d7-bd47-2afb46c78b2e	34dd92c9-4d9a-48b5-a326-c18dfadf92e0	\N	\N	2026-02-20 03:18:01	2026-02-20 03:18:01	\N
01df5606-74b3-4602-8add-3c9aadebf767	09c1ac23-2f8c-4677-851f-42c2b6ca9ab2	a9a909dd-a150-44a6-8e12-736f232ddf9a	18a8336e-b674-4b5f-853e-02cb94517aad	34dd92c9-4d9a-48b5-a326-c18dfadf92e0	\N	\N	2026-02-20 03:18:01	2026-02-20 03:18:01	\N
c3a4302c-9bcc-448c-8cff-2e96ac24a042	09c1ac23-2f8c-4677-851f-42c2b6ca9ab2	a9a909dd-a150-44a6-8e12-736f232ddf9a	994b9cd3-8dd3-4c30-be2a-16e44214c7f0	34dd92c9-4d9a-48b5-a326-c18dfadf92e0	\N	\N	2026-02-20 03:18:01	2026-02-20 03:18:01	\N
73e7405b-fd05-4508-8f6b-50105704264d	09c1ac23-2f8c-4677-851f-42c2b6ca9ab2	a9a909dd-a150-44a6-8e12-736f232ddf9a	7967a005-b5ca-475c-b4f4-a4d5e8f6fbf3	34dd92c9-4d9a-48b5-a326-c18dfadf92e0	\N	\N	2026-02-20 03:18:01	2026-02-20 03:18:01	\N
ea603297-59bc-4311-a139-78a0fcc06f72	09c1ac23-2f8c-4677-851f-42c2b6ca9ab2	a9a909dd-a150-44a6-8e12-736f232ddf9a	02e156ae-b080-4bb1-b2de-963e8ce444a0	34dd92c9-4d9a-48b5-a326-c18dfadf92e0	\N	\N	2026-02-20 03:18:01	2026-02-20 03:18:01	\N
5af20d3a-750b-436d-8b84-009274686abf	34dd92c9-4d9a-48b5-a326-c18dfadf92e0	ec58f8c0-8108-4181-98d1-63a5d71f0ef2	801ce437-7fe6-48d7-bd47-2afb46c78b2e	34dd92c9-4d9a-48b5-a326-c18dfadf92e0	\N	\N	2026-02-20 03:52:29	2026-02-20 03:52:29	\N
ea4738aa-5cff-493c-930b-6d20aabdebb6	34dd92c9-4d9a-48b5-a326-c18dfadf92e0	ec58f8c0-8108-4181-98d1-63a5d71f0ef2	18a8336e-b674-4b5f-853e-02cb94517aad	34dd92c9-4d9a-48b5-a326-c18dfadf92e0	\N	\N	2026-02-20 03:52:29	2026-02-20 03:52:29	\N
58ad39d4-9669-4710-8537-c94ac5c2ad0b	34dd92c9-4d9a-48b5-a326-c18dfadf92e0	ec58f8c0-8108-4181-98d1-63a5d71f0ef2	994b9cd3-8dd3-4c30-be2a-16e44214c7f0	34dd92c9-4d9a-48b5-a326-c18dfadf92e0	\N	\N	2026-02-20 03:52:29	2026-02-20 03:52:29	\N
f450f038-fed9-48d2-a6db-251a55885c9e	34dd92c9-4d9a-48b5-a326-c18dfadf92e0	ec58f8c0-8108-4181-98d1-63a5d71f0ef2	7967a005-b5ca-475c-b4f4-a4d5e8f6fbf3	34dd92c9-4d9a-48b5-a326-c18dfadf92e0	\N	\N	2026-02-20 03:52:29	2026-02-20 03:52:29	\N
e7898953-c782-4dda-8433-487bb89cd8d5	34dd92c9-4d9a-48b5-a326-c18dfadf92e0	ec58f8c0-8108-4181-98d1-63a5d71f0ef2	02e156ae-b080-4bb1-b2de-963e8ce444a0	34dd92c9-4d9a-48b5-a326-c18dfadf92e0	\N	\N	2026-02-20 03:52:29	2026-02-20 03:52:29	\N
208fc72c-9d6a-4029-adfd-4b55d4bf552e	09c1ac23-2f8c-4677-851f-42c2b6ca9ab2	ec58f8c0-8108-4181-98d1-63a5d71f0ef2	801ce437-7fe6-48d7-bd47-2afb46c78b2e	34dd92c9-4d9a-48b5-a326-c18dfadf92e0	\N	\N	2026-02-20 03:52:29	2026-02-20 03:52:29	\N
78f5619e-34de-4530-9931-129459ce7102	09c1ac23-2f8c-4677-851f-42c2b6ca9ab2	ec58f8c0-8108-4181-98d1-63a5d71f0ef2	18a8336e-b674-4b5f-853e-02cb94517aad	34dd92c9-4d9a-48b5-a326-c18dfadf92e0	\N	\N	2026-02-20 03:52:29	2026-02-20 03:52:29	\N
1815ccc4-12ea-4a13-ba1f-5eee9695424d	09c1ac23-2f8c-4677-851f-42c2b6ca9ab2	ec58f8c0-8108-4181-98d1-63a5d71f0ef2	994b9cd3-8dd3-4c30-be2a-16e44214c7f0	34dd92c9-4d9a-48b5-a326-c18dfadf92e0	\N	\N	2026-02-20 03:52:29	2026-02-20 03:52:29	\N
f0ab6d08-ff70-4e26-8d32-5cdffd5e34a8	09c1ac23-2f8c-4677-851f-42c2b6ca9ab2	ec58f8c0-8108-4181-98d1-63a5d71f0ef2	7967a005-b5ca-475c-b4f4-a4d5e8f6fbf3	34dd92c9-4d9a-48b5-a326-c18dfadf92e0	\N	\N	2026-02-20 03:52:29	2026-02-20 03:52:29	\N
cfa8f829-fd1e-455d-b3a7-8ddbec2f0ed0	09c1ac23-2f8c-4677-851f-42c2b6ca9ab2	ec58f8c0-8108-4181-98d1-63a5d71f0ef2	02e156ae-b080-4bb1-b2de-963e8ce444a0	34dd92c9-4d9a-48b5-a326-c18dfadf92e0	\N	\N	2026-02-20 03:52:29	2026-02-20 03:52:29	\N
d621b0b8-8be7-46b3-b36c-82884708c557	34dd92c9-4d9a-48b5-a326-c18dfadf92e0	a9a909dd-a150-44a6-8e12-736f232ddf9a	34adf89f-3891-4556-bc30-f905130a470e	34dd92c9-4d9a-48b5-a326-c18dfadf92e0	\N	\N	2026-02-20 03:52:49	2026-02-20 03:52:49	\N
617fa938-ae46-491d-befb-3ca626b3137a	09c1ac23-2f8c-4677-851f-42c2b6ca9ab2	a9a909dd-a150-44a6-8e12-736f232ddf9a	34adf89f-3891-4556-bc30-f905130a470e	34dd92c9-4d9a-48b5-a326-c18dfadf92e0	\N	\N	2026-02-20 03:52:49	2026-02-20 03:52:49	\N
d6b02386-9796-469e-8e18-295e7a91e34c	09c1ac23-2f8c-4677-851f-42c2b6ca9ab2	a9a909dd-a150-44a6-8e12-736f232ddf9a	8f501030-964c-4e02-9c9a-0f3daec981d9	34dd92c9-4d9a-48b5-a326-c18dfadf92e0	\N	\N	2026-02-20 03:58:47	2026-02-20 03:58:47	\N
405c30b0-ac9b-4c60-b513-0281125e1077	34dd92c9-4d9a-48b5-a326-c18dfadf92e0	a9a909dd-a150-44a6-8e12-736f232ddf9a	8f501030-964c-4e02-9c9a-0f3daec981d9	34dd92c9-4d9a-48b5-a326-c18dfadf92e0	\N	\N	2026-02-20 03:58:47	2026-02-20 03:58:47	\N
f6a913e5-1f41-42f7-b0b7-5e3cf380229d	1364ec6b-1e04-49ab-81c0-eb4242b767af	6dfe7acd-b788-432e-8aa1-3b2385987657	801ce437-7fe6-48d7-bd47-2afb46c78b2e	\N	\N	\N	2026-02-20 06:19:57	2026-02-20 06:19:57	\N
9fcef574-40b7-4755-9752-fdd12a65a877	1364ec6b-1e04-49ab-81c0-eb4242b767af	382b7c37-4b05-4355-865c-175a239b2cfa	801ce437-7fe6-48d7-bd47-2afb46c78b2e	\N	\N	\N	2026-02-20 06:19:57	2026-02-20 06:19:57	\N
42e335b4-6302-4ad1-96e2-daf9753bf2d9	1364ec6b-1e04-49ab-81c0-eb4242b767af	5eed8369-4862-42a4-9f27-dd0d6fdbf0bf	801ce437-7fe6-48d7-bd47-2afb46c78b2e	\N	\N	\N	2026-02-20 06:19:57	2026-02-20 06:19:57	\N
5fa8aee7-bc91-43c2-9bc9-bf8960a2ef66	1364ec6b-1e04-49ab-81c0-eb4242b767af	a9a909dd-a150-44a6-8e12-736f232ddf9a	801ce437-7fe6-48d7-bd47-2afb46c78b2e	\N	\N	\N	2026-02-20 06:19:57	2026-02-20 06:19:57	\N
58bf9348-31b7-402a-b356-afa40503fd18	1364ec6b-1e04-49ab-81c0-eb4242b767af	ec58f8c0-8108-4181-98d1-63a5d71f0ef2	801ce437-7fe6-48d7-bd47-2afb46c78b2e	\N	\N	\N	2026-02-20 06:19:57	2026-02-20 06:19:57	\N
f58f6b0e-e831-4d98-a09a-4f0d0ff89225	1364ec6b-1e04-49ab-81c0-eb4242b767af	6dfe7acd-b788-432e-8aa1-3b2385987657	18a8336e-b674-4b5f-853e-02cb94517aad	\N	\N	\N	2026-02-20 06:19:57	2026-02-20 06:19:57	\N
4a03ede1-caf8-4a42-bc4d-d80696194a5d	1364ec6b-1e04-49ab-81c0-eb4242b767af	382b7c37-4b05-4355-865c-175a239b2cfa	18a8336e-b674-4b5f-853e-02cb94517aad	\N	\N	\N	2026-02-20 06:19:57	2026-02-20 06:19:57	\N
3acd1b4c-8993-4e83-9b83-335723cbb6f5	1364ec6b-1e04-49ab-81c0-eb4242b767af	5eed8369-4862-42a4-9f27-dd0d6fdbf0bf	18a8336e-b674-4b5f-853e-02cb94517aad	\N	\N	\N	2026-02-20 06:19:57	2026-02-20 06:19:57	\N
6b7bed3c-a467-4edb-9524-f4762aabe43a	1364ec6b-1e04-49ab-81c0-eb4242b767af	a9a909dd-a150-44a6-8e12-736f232ddf9a	18a8336e-b674-4b5f-853e-02cb94517aad	\N	\N	\N	2026-02-20 06:19:57	2026-02-20 06:19:57	\N
bebdadc8-b4bb-429b-bbc0-681b3e931de5	1364ec6b-1e04-49ab-81c0-eb4242b767af	ec58f8c0-8108-4181-98d1-63a5d71f0ef2	18a8336e-b674-4b5f-853e-02cb94517aad	\N	\N	\N	2026-02-20 06:19:57	2026-02-20 06:19:57	\N
f439caeb-fca9-473d-82d3-864bd53c945d	1364ec6b-1e04-49ab-81c0-eb4242b767af	6dfe7acd-b788-432e-8aa1-3b2385987657	994b9cd3-8dd3-4c30-be2a-16e44214c7f0	\N	\N	\N	2026-02-20 06:19:57	2026-02-20 06:19:57	\N
2731647a-670f-44be-b189-328c65ec4d4d	1364ec6b-1e04-49ab-81c0-eb4242b767af	382b7c37-4b05-4355-865c-175a239b2cfa	994b9cd3-8dd3-4c30-be2a-16e44214c7f0	\N	\N	\N	2026-02-20 06:19:57	2026-02-20 06:19:57	\N
ee201864-a3a5-4e78-bfa8-73a1e8d8e659	1364ec6b-1e04-49ab-81c0-eb4242b767af	5eed8369-4862-42a4-9f27-dd0d6fdbf0bf	994b9cd3-8dd3-4c30-be2a-16e44214c7f0	\N	\N	\N	2026-02-20 06:19:57	2026-02-20 06:19:57	\N
ad47456a-e9c6-4c03-9020-71bc15326905	1364ec6b-1e04-49ab-81c0-eb4242b767af	a9a909dd-a150-44a6-8e12-736f232ddf9a	994b9cd3-8dd3-4c30-be2a-16e44214c7f0	\N	\N	\N	2026-02-20 06:19:57	2026-02-20 06:19:57	\N
a2368672-ca5c-45b4-819e-28b6174a9730	1364ec6b-1e04-49ab-81c0-eb4242b767af	ec58f8c0-8108-4181-98d1-63a5d71f0ef2	994b9cd3-8dd3-4c30-be2a-16e44214c7f0	\N	\N	\N	2026-02-20 06:19:57	2026-02-20 06:19:57	\N
49216d8d-6cd0-4ace-8d35-a668d85bd447	1364ec6b-1e04-49ab-81c0-eb4242b767af	6dfe7acd-b788-432e-8aa1-3b2385987657	7967a005-b5ca-475c-b4f4-a4d5e8f6fbf3	\N	\N	\N	2026-02-20 06:19:57	2026-02-20 06:19:57	\N
2750dfa0-8196-4c0b-aa69-4c5cee8d0907	1364ec6b-1e04-49ab-81c0-eb4242b767af	382b7c37-4b05-4355-865c-175a239b2cfa	7967a005-b5ca-475c-b4f4-a4d5e8f6fbf3	\N	\N	\N	2026-02-20 06:19:57	2026-02-20 06:19:57	\N
a3d6b1fd-95ea-4856-b85a-dce76334fcb4	1364ec6b-1e04-49ab-81c0-eb4242b767af	5eed8369-4862-42a4-9f27-dd0d6fdbf0bf	7967a005-b5ca-475c-b4f4-a4d5e8f6fbf3	\N	\N	\N	2026-02-20 06:19:57	2026-02-20 06:19:57	\N
fe75550c-c967-4652-aa25-bb85dc8ec56f	1364ec6b-1e04-49ab-81c0-eb4242b767af	a9a909dd-a150-44a6-8e12-736f232ddf9a	7967a005-b5ca-475c-b4f4-a4d5e8f6fbf3	\N	\N	\N	2026-02-20 06:19:57	2026-02-20 06:19:57	\N
359cb071-0c5d-4105-aecf-f5375357a61f	1364ec6b-1e04-49ab-81c0-eb4242b767af	ec58f8c0-8108-4181-98d1-63a5d71f0ef2	7967a005-b5ca-475c-b4f4-a4d5e8f6fbf3	\N	\N	\N	2026-02-20 06:19:57	2026-02-20 06:19:57	\N
96ff3c94-8077-4cd2-810c-ba21828eae2e	1364ec6b-1e04-49ab-81c0-eb4242b767af	6dfe7acd-b788-432e-8aa1-3b2385987657	02e156ae-b080-4bb1-b2de-963e8ce444a0	\N	\N	\N	2026-02-20 06:19:57	2026-02-20 06:19:57	\N
fe0fae9b-045e-46c9-ae13-192732f8b780	1364ec6b-1e04-49ab-81c0-eb4242b767af	382b7c37-4b05-4355-865c-175a239b2cfa	02e156ae-b080-4bb1-b2de-963e8ce444a0	\N	\N	\N	2026-02-20 06:19:57	2026-02-20 06:19:57	\N
c9847d3a-5913-4d50-a01e-3158a6d2862c	1364ec6b-1e04-49ab-81c0-eb4242b767af	5eed8369-4862-42a4-9f27-dd0d6fdbf0bf	02e156ae-b080-4bb1-b2de-963e8ce444a0	\N	\N	\N	2026-02-20 06:19:57	2026-02-20 06:19:57	\N
61a9bba3-9ede-4706-bc4f-b666e38ba0a4	1364ec6b-1e04-49ab-81c0-eb4242b767af	a9a909dd-a150-44a6-8e12-736f232ddf9a	02e156ae-b080-4bb1-b2de-963e8ce444a0	\N	\N	\N	2026-02-20 06:19:57	2026-02-20 06:19:57	\N
850c1a58-30ab-44db-b174-bbbbf5b5c5ca	1364ec6b-1e04-49ab-81c0-eb4242b767af	ec58f8c0-8108-4181-98d1-63a5d71f0ef2	02e156ae-b080-4bb1-b2de-963e8ce444a0	\N	\N	\N	2026-02-20 06:19:57	2026-02-20 06:19:57	\N
8699bc53-9ba5-4167-be11-c44b422b74cb	1364ec6b-1e04-49ab-81c0-eb4242b767af	a9a909dd-a150-44a6-8e12-736f232ddf9a	8f501030-964c-4e02-9c9a-0f3daec981d9	\N	\N	\N	2026-02-20 06:19:57	2026-02-20 06:19:57	\N
3ccc6c26-9c6e-4091-807f-98ad3d421439	1364ec6b-1e04-49ab-81c0-eb4242b767af	a9a909dd-a150-44a6-8e12-736f232ddf9a	e20101dd-1bed-4ac0-a8fe-f5a904f6f8e8	\N	\N	\N	2026-02-20 06:19:57	2026-02-20 06:19:57	\N
831380ff-12d8-43ec-8044-7f9260a49821	1364ec6b-1e04-49ab-81c0-eb4242b767af	a9a909dd-a150-44a6-8e12-736f232ddf9a	34adf89f-3891-4556-bc30-f905130a470e	\N	\N	\N	2026-02-20 06:19:57	2026-02-20 06:19:57	\N
b1b0a345-9537-47ee-aded-48ccadc96caf	34dd92c9-4d9a-48b5-a326-c18dfadf92e0	259ff208-fa57-48ad-a4cd-8ef5f7102028	801ce437-7fe6-48d7-bd47-2afb46c78b2e	34dd92c9-4d9a-48b5-a326-c18dfadf92e0	\N	\N	2026-02-20 06:29:19	2026-02-20 06:29:19	\N
be66da4d-13fe-4516-ac45-e5c7a34e6e56	34dd92c9-4d9a-48b5-a326-c18dfadf92e0	259ff208-fa57-48ad-a4cd-8ef5f7102028	18a8336e-b674-4b5f-853e-02cb94517aad	34dd92c9-4d9a-48b5-a326-c18dfadf92e0	\N	\N	2026-02-20 06:29:19	2026-02-20 06:29:19	\N
0754644e-5bfc-413a-9fca-81fabb6bc398	34dd92c9-4d9a-48b5-a326-c18dfadf92e0	259ff208-fa57-48ad-a4cd-8ef5f7102028	994b9cd3-8dd3-4c30-be2a-16e44214c7f0	34dd92c9-4d9a-48b5-a326-c18dfadf92e0	\N	\N	2026-02-20 06:29:19	2026-02-20 06:29:19	\N
bf31d385-c895-456c-9910-bfb7cbf6f48e	34dd92c9-4d9a-48b5-a326-c18dfadf92e0	259ff208-fa57-48ad-a4cd-8ef5f7102028	7967a005-b5ca-475c-b4f4-a4d5e8f6fbf3	34dd92c9-4d9a-48b5-a326-c18dfadf92e0	\N	\N	2026-02-20 06:29:19	2026-02-20 06:29:19	\N
19b14608-6284-43c0-9849-a479acd95f03	34dd92c9-4d9a-48b5-a326-c18dfadf92e0	259ff208-fa57-48ad-a4cd-8ef5f7102028	02e156ae-b080-4bb1-b2de-963e8ce444a0	34dd92c9-4d9a-48b5-a326-c18dfadf92e0	\N	\N	2026-02-20 06:29:19	2026-02-20 06:29:19	\N
e9e98b99-a4f2-4cfc-b849-5ab0ba8541b0	09c1ac23-2f8c-4677-851f-42c2b6ca9ab2	259ff208-fa57-48ad-a4cd-8ef5f7102028	801ce437-7fe6-48d7-bd47-2afb46c78b2e	34dd92c9-4d9a-48b5-a326-c18dfadf92e0	\N	\N	2026-02-20 06:29:19	2026-02-20 06:29:19	\N
15770e57-b8a5-49db-85d7-426fde8554fc	09c1ac23-2f8c-4677-851f-42c2b6ca9ab2	259ff208-fa57-48ad-a4cd-8ef5f7102028	18a8336e-b674-4b5f-853e-02cb94517aad	34dd92c9-4d9a-48b5-a326-c18dfadf92e0	\N	\N	2026-02-20 06:29:19	2026-02-20 06:29:19	\N
7c623756-949d-495f-a6bc-37b3f3f971e0	09c1ac23-2f8c-4677-851f-42c2b6ca9ab2	259ff208-fa57-48ad-a4cd-8ef5f7102028	994b9cd3-8dd3-4c30-be2a-16e44214c7f0	34dd92c9-4d9a-48b5-a326-c18dfadf92e0	\N	\N	2026-02-20 06:29:19	2026-02-20 06:29:19	\N
d9fb7242-bb67-4b80-b65b-5c940b4e3c5d	09c1ac23-2f8c-4677-851f-42c2b6ca9ab2	259ff208-fa57-48ad-a4cd-8ef5f7102028	7967a005-b5ca-475c-b4f4-a4d5e8f6fbf3	34dd92c9-4d9a-48b5-a326-c18dfadf92e0	\N	\N	2026-02-20 06:29:19	2026-02-20 06:29:19	\N
6f04ae3c-9e06-4e7f-9666-9b77a7ba6823	09c1ac23-2f8c-4677-851f-42c2b6ca9ab2	259ff208-fa57-48ad-a4cd-8ef5f7102028	02e156ae-b080-4bb1-b2de-963e8ce444a0	34dd92c9-4d9a-48b5-a326-c18dfadf92e0	\N	\N	2026-02-20 06:29:19	2026-02-20 06:29:19	\N
9281e838-91f2-4915-aa63-a8321e2fa063	1364ec6b-1e04-49ab-81c0-eb4242b767af	259ff208-fa57-48ad-a4cd-8ef5f7102028	801ce437-7fe6-48d7-bd47-2afb46c78b2e	34dd92c9-4d9a-48b5-a326-c18dfadf92e0	\N	\N	2026-02-20 06:29:19	2026-02-20 06:29:19	\N
fa1da524-2fff-4deb-a445-75fc5ed3aa94	1364ec6b-1e04-49ab-81c0-eb4242b767af	259ff208-fa57-48ad-a4cd-8ef5f7102028	18a8336e-b674-4b5f-853e-02cb94517aad	34dd92c9-4d9a-48b5-a326-c18dfadf92e0	\N	\N	2026-02-20 06:29:19	2026-02-20 06:29:19	\N
9bf91e97-f788-4518-957b-6ffd83472288	1364ec6b-1e04-49ab-81c0-eb4242b767af	259ff208-fa57-48ad-a4cd-8ef5f7102028	994b9cd3-8dd3-4c30-be2a-16e44214c7f0	34dd92c9-4d9a-48b5-a326-c18dfadf92e0	\N	\N	2026-02-20 06:29:19	2026-02-20 06:29:19	\N
6c33bb84-50bf-4f4d-b624-6949702be1ea	1364ec6b-1e04-49ab-81c0-eb4242b767af	259ff208-fa57-48ad-a4cd-8ef5f7102028	7967a005-b5ca-475c-b4f4-a4d5e8f6fbf3	34dd92c9-4d9a-48b5-a326-c18dfadf92e0	\N	\N	2026-02-20 06:29:19	2026-02-20 06:29:19	\N
38f0f185-ea85-46e7-ae89-c36db194df8e	1364ec6b-1e04-49ab-81c0-eb4242b767af	259ff208-fa57-48ad-a4cd-8ef5f7102028	02e156ae-b080-4bb1-b2de-963e8ce444a0	34dd92c9-4d9a-48b5-a326-c18dfadf92e0	\N	\N	2026-02-20 06:29:19	2026-02-20 06:29:19	\N
ec08714d-0dca-427e-83cd-f5eee1d368a4	34dd92c9-4d9a-48b5-a326-c18dfadf92e0	05aa108a-4f2d-4569-a4c9-3f3f18e564c5	801ce437-7fe6-48d7-bd47-2afb46c78b2e	34dd92c9-4d9a-48b5-a326-c18dfadf92e0	\N	\N	2026-02-25 01:27:33	2026-02-25 01:27:33	\N
7b23a94d-2458-43e2-a187-aeda6ea2d193	34dd92c9-4d9a-48b5-a326-c18dfadf92e0	05aa108a-4f2d-4569-a4c9-3f3f18e564c5	18a8336e-b674-4b5f-853e-02cb94517aad	34dd92c9-4d9a-48b5-a326-c18dfadf92e0	\N	\N	2026-02-25 01:27:33	2026-02-25 01:27:33	\N
8341c242-db6d-431d-9dba-2d69d0cd661d	34dd92c9-4d9a-48b5-a326-c18dfadf92e0	05aa108a-4f2d-4569-a4c9-3f3f18e564c5	994b9cd3-8dd3-4c30-be2a-16e44214c7f0	34dd92c9-4d9a-48b5-a326-c18dfadf92e0	\N	\N	2026-02-25 01:27:33	2026-02-25 01:27:33	\N
a933f433-6e39-43c3-b72e-bdd0f31df3fc	34dd92c9-4d9a-48b5-a326-c18dfadf92e0	05aa108a-4f2d-4569-a4c9-3f3f18e564c5	7967a005-b5ca-475c-b4f4-a4d5e8f6fbf3	34dd92c9-4d9a-48b5-a326-c18dfadf92e0	\N	\N	2026-02-25 01:27:33	2026-02-25 01:27:33	\N
3b42fe22-ebdc-44c1-9c63-89745da3d328	34dd92c9-4d9a-48b5-a326-c18dfadf92e0	05aa108a-4f2d-4569-a4c9-3f3f18e564c5	02e156ae-b080-4bb1-b2de-963e8ce444a0	34dd92c9-4d9a-48b5-a326-c18dfadf92e0	\N	\N	2026-02-25 01:27:33	2026-02-25 01:27:33	\N
98db42c4-de93-47f0-a764-43d4d4f6f683	09c1ac23-2f8c-4677-851f-42c2b6ca9ab2	05aa108a-4f2d-4569-a4c9-3f3f18e564c5	801ce437-7fe6-48d7-bd47-2afb46c78b2e	34dd92c9-4d9a-48b5-a326-c18dfadf92e0	\N	\N	2026-02-25 01:27:33	2026-02-25 01:27:33	\N
85290ce0-d98f-4272-824e-477e4e76b902	09c1ac23-2f8c-4677-851f-42c2b6ca9ab2	05aa108a-4f2d-4569-a4c9-3f3f18e564c5	18a8336e-b674-4b5f-853e-02cb94517aad	34dd92c9-4d9a-48b5-a326-c18dfadf92e0	\N	\N	2026-02-25 01:27:33	2026-02-25 01:27:33	\N
4b428223-5f23-41e7-af0a-ed3d96de7998	09c1ac23-2f8c-4677-851f-42c2b6ca9ab2	05aa108a-4f2d-4569-a4c9-3f3f18e564c5	994b9cd3-8dd3-4c30-be2a-16e44214c7f0	34dd92c9-4d9a-48b5-a326-c18dfadf92e0	\N	\N	2026-02-25 01:27:33	2026-02-25 01:27:33	\N
068f4a65-a06c-438a-97ac-971ac4a7e69a	09c1ac23-2f8c-4677-851f-42c2b6ca9ab2	05aa108a-4f2d-4569-a4c9-3f3f18e564c5	7967a005-b5ca-475c-b4f4-a4d5e8f6fbf3	34dd92c9-4d9a-48b5-a326-c18dfadf92e0	\N	\N	2026-02-25 01:27:33	2026-02-25 01:27:33	\N
be2944d5-fed6-4f71-a95e-031bf06b5729	09c1ac23-2f8c-4677-851f-42c2b6ca9ab2	05aa108a-4f2d-4569-a4c9-3f3f18e564c5	02e156ae-b080-4bb1-b2de-963e8ce444a0	34dd92c9-4d9a-48b5-a326-c18dfadf92e0	\N	\N	2026-02-25 01:27:33	2026-02-25 01:27:33	\N
34eb0538-7e23-460a-bc82-2d90bdb51ad9	1364ec6b-1e04-49ab-81c0-eb4242b767af	05aa108a-4f2d-4569-a4c9-3f3f18e564c5	801ce437-7fe6-48d7-bd47-2afb46c78b2e	34dd92c9-4d9a-48b5-a326-c18dfadf92e0	\N	\N	2026-02-25 01:27:33	2026-02-25 01:27:33	\N
e5eb6863-c43b-4fff-9353-9d984ff46862	1364ec6b-1e04-49ab-81c0-eb4242b767af	05aa108a-4f2d-4569-a4c9-3f3f18e564c5	18a8336e-b674-4b5f-853e-02cb94517aad	34dd92c9-4d9a-48b5-a326-c18dfadf92e0	\N	\N	2026-02-25 01:27:33	2026-02-25 01:27:33	\N
7345c955-6887-4ea8-86b8-a0e95cdbf391	1364ec6b-1e04-49ab-81c0-eb4242b767af	05aa108a-4f2d-4569-a4c9-3f3f18e564c5	994b9cd3-8dd3-4c30-be2a-16e44214c7f0	34dd92c9-4d9a-48b5-a326-c18dfadf92e0	\N	\N	2026-02-25 01:27:33	2026-02-25 01:27:33	\N
d0945aa2-f1d3-400b-8947-c5e638257ac7	1364ec6b-1e04-49ab-81c0-eb4242b767af	05aa108a-4f2d-4569-a4c9-3f3f18e564c5	7967a005-b5ca-475c-b4f4-a4d5e8f6fbf3	34dd92c9-4d9a-48b5-a326-c18dfadf92e0	\N	\N	2026-02-25 01:27:33	2026-02-25 01:27:33	\N
4f24bae8-5a64-49ec-aec6-a1af35e20f8f	1364ec6b-1e04-49ab-81c0-eb4242b767af	05aa108a-4f2d-4569-a4c9-3f3f18e564c5	02e156ae-b080-4bb1-b2de-963e8ce444a0	34dd92c9-4d9a-48b5-a326-c18dfadf92e0	\N	\N	2026-02-25 01:27:33	2026-02-25 01:27:33	\N
e668050b-71d0-46b3-850b-dd87d9fc45de	34dd92c9-4d9a-48b5-a326-c18dfadf92e0	f024721b-8019-46bc-bd99-b7e892afd7fa	801ce437-7fe6-48d7-bd47-2afb46c78b2e	34dd92c9-4d9a-48b5-a326-c18dfadf92e0	\N	\N	2026-02-26 01:15:55	2026-02-26 01:15:55	\N
8e63bed4-5e2f-4fe7-b58a-35d38ff39890	34dd92c9-4d9a-48b5-a326-c18dfadf92e0	f024721b-8019-46bc-bd99-b7e892afd7fa	18a8336e-b674-4b5f-853e-02cb94517aad	34dd92c9-4d9a-48b5-a326-c18dfadf92e0	\N	\N	2026-02-26 01:15:55	2026-02-26 01:15:55	\N
c3d6416e-8744-442b-b260-5518978c8265	34dd92c9-4d9a-48b5-a326-c18dfadf92e0	f024721b-8019-46bc-bd99-b7e892afd7fa	994b9cd3-8dd3-4c30-be2a-16e44214c7f0	34dd92c9-4d9a-48b5-a326-c18dfadf92e0	\N	\N	2026-02-26 01:15:55	2026-02-26 01:15:55	\N
6018acc8-6949-4d76-b6de-902ad28872a9	34dd92c9-4d9a-48b5-a326-c18dfadf92e0	f024721b-8019-46bc-bd99-b7e892afd7fa	7967a005-b5ca-475c-b4f4-a4d5e8f6fbf3	34dd92c9-4d9a-48b5-a326-c18dfadf92e0	\N	\N	2026-02-26 01:15:55	2026-02-26 01:15:55	\N
885a59f3-155a-4311-8878-24b9ca45d163	34dd92c9-4d9a-48b5-a326-c18dfadf92e0	f024721b-8019-46bc-bd99-b7e892afd7fa	02e156ae-b080-4bb1-b2de-963e8ce444a0	34dd92c9-4d9a-48b5-a326-c18dfadf92e0	\N	\N	2026-02-26 01:15:55	2026-02-26 01:15:55	\N
ad561d0c-72fa-405c-8ce2-6885919dca39	09c1ac23-2f8c-4677-851f-42c2b6ca9ab2	f024721b-8019-46bc-bd99-b7e892afd7fa	801ce437-7fe6-48d7-bd47-2afb46c78b2e	34dd92c9-4d9a-48b5-a326-c18dfadf92e0	\N	\N	2026-02-26 01:15:55	2026-02-26 01:15:55	\N
085bf80f-bce2-4bed-b2e8-09c4e91708e3	09c1ac23-2f8c-4677-851f-42c2b6ca9ab2	f024721b-8019-46bc-bd99-b7e892afd7fa	18a8336e-b674-4b5f-853e-02cb94517aad	34dd92c9-4d9a-48b5-a326-c18dfadf92e0	\N	\N	2026-02-26 01:15:55	2026-02-26 01:15:55	\N
500272aa-91e2-4db0-8b7a-4a026b882e68	09c1ac23-2f8c-4677-851f-42c2b6ca9ab2	f024721b-8019-46bc-bd99-b7e892afd7fa	994b9cd3-8dd3-4c30-be2a-16e44214c7f0	34dd92c9-4d9a-48b5-a326-c18dfadf92e0	\N	\N	2026-02-26 01:15:55	2026-02-26 01:15:55	\N
d9302fa1-2fe0-45ba-8e16-401d9e3ff32b	09c1ac23-2f8c-4677-851f-42c2b6ca9ab2	f024721b-8019-46bc-bd99-b7e892afd7fa	7967a005-b5ca-475c-b4f4-a4d5e8f6fbf3	34dd92c9-4d9a-48b5-a326-c18dfadf92e0	\N	\N	2026-02-26 01:15:55	2026-02-26 01:15:55	\N
236a1cd0-d17e-42bc-8b13-5e63098ae5b2	09c1ac23-2f8c-4677-851f-42c2b6ca9ab2	f024721b-8019-46bc-bd99-b7e892afd7fa	02e156ae-b080-4bb1-b2de-963e8ce444a0	34dd92c9-4d9a-48b5-a326-c18dfadf92e0	\N	\N	2026-02-26 01:15:55	2026-02-26 01:15:55	\N
9d2de0f1-0fe4-43ef-a441-986f61ed01eb	1364ec6b-1e04-49ab-81c0-eb4242b767af	f024721b-8019-46bc-bd99-b7e892afd7fa	801ce437-7fe6-48d7-bd47-2afb46c78b2e	34dd92c9-4d9a-48b5-a326-c18dfadf92e0	\N	\N	2026-02-26 01:15:55	2026-02-26 01:15:55	\N
88ed170b-fdd5-459b-a7aa-fbc71498459d	1364ec6b-1e04-49ab-81c0-eb4242b767af	f024721b-8019-46bc-bd99-b7e892afd7fa	18a8336e-b674-4b5f-853e-02cb94517aad	34dd92c9-4d9a-48b5-a326-c18dfadf92e0	\N	\N	2026-02-26 01:15:55	2026-02-26 01:15:55	\N
58fce3dc-f04a-4030-b6c2-7ab3b7ed19cb	1364ec6b-1e04-49ab-81c0-eb4242b767af	f024721b-8019-46bc-bd99-b7e892afd7fa	994b9cd3-8dd3-4c30-be2a-16e44214c7f0	34dd92c9-4d9a-48b5-a326-c18dfadf92e0	\N	\N	2026-02-26 01:15:55	2026-02-26 01:15:55	\N
7dc03f95-fd57-499d-8138-e367f3de952e	1364ec6b-1e04-49ab-81c0-eb4242b767af	f024721b-8019-46bc-bd99-b7e892afd7fa	7967a005-b5ca-475c-b4f4-a4d5e8f6fbf3	34dd92c9-4d9a-48b5-a326-c18dfadf92e0	\N	\N	2026-02-26 01:15:55	2026-02-26 01:15:55	\N
cbe5f1f0-5241-4eea-8592-b95475db7e4a	1364ec6b-1e04-49ab-81c0-eb4242b767af	f024721b-8019-46bc-bd99-b7e892afd7fa	02e156ae-b080-4bb1-b2de-963e8ce444a0	34dd92c9-4d9a-48b5-a326-c18dfadf92e0	\N	\N	2026-02-26 01:15:55	2026-02-26 01:15:55	\N
ea0a17d3-a058-41b4-aead-f9bcabf0f59f	34dd92c9-4d9a-48b5-a326-c18dfadf92e0	8ba23a88-04d4-42be-a498-669b170cd885	801ce437-7fe6-48d7-bd47-2afb46c78b2e	34dd92c9-4d9a-48b5-a326-c18dfadf92e0	\N	\N	2026-03-02 07:18:50	2026-03-02 07:18:50	\N
51c2b3c9-6c1d-42d1-bc05-b1d46b5c00dc	34dd92c9-4d9a-48b5-a326-c18dfadf92e0	8ba23a88-04d4-42be-a498-669b170cd885	18a8336e-b674-4b5f-853e-02cb94517aad	34dd92c9-4d9a-48b5-a326-c18dfadf92e0	\N	\N	2026-03-02 07:18:50	2026-03-02 07:18:50	\N
a4ddbacf-8ae0-4660-a8d0-9ae972d73a87	34dd92c9-4d9a-48b5-a326-c18dfadf92e0	8ba23a88-04d4-42be-a498-669b170cd885	994b9cd3-8dd3-4c30-be2a-16e44214c7f0	34dd92c9-4d9a-48b5-a326-c18dfadf92e0	\N	\N	2026-03-02 07:18:50	2026-03-02 07:18:50	\N
5afc3c17-2b15-4f31-9a92-1d46241f383f	34dd92c9-4d9a-48b5-a326-c18dfadf92e0	8ba23a88-04d4-42be-a498-669b170cd885	7967a005-b5ca-475c-b4f4-a4d5e8f6fbf3	34dd92c9-4d9a-48b5-a326-c18dfadf92e0	\N	\N	2026-03-02 07:18:50	2026-03-02 07:18:50	\N
b0486f86-4a61-4ab9-8f71-3f69ed954e2b	34dd92c9-4d9a-48b5-a326-c18dfadf92e0	8ba23a88-04d4-42be-a498-669b170cd885	02e156ae-b080-4bb1-b2de-963e8ce444a0	34dd92c9-4d9a-48b5-a326-c18dfadf92e0	\N	\N	2026-03-02 07:18:50	2026-03-02 07:18:50	\N
642fac09-e3e2-4a25-8dbd-d080f1e0ffb8	09c1ac23-2f8c-4677-851f-42c2b6ca9ab2	8ba23a88-04d4-42be-a498-669b170cd885	801ce437-7fe6-48d7-bd47-2afb46c78b2e	34dd92c9-4d9a-48b5-a326-c18dfadf92e0	\N	\N	2026-03-02 07:18:50	2026-03-02 07:18:50	\N
d44072a4-628d-424d-98f5-4a67521ece01	09c1ac23-2f8c-4677-851f-42c2b6ca9ab2	8ba23a88-04d4-42be-a498-669b170cd885	18a8336e-b674-4b5f-853e-02cb94517aad	34dd92c9-4d9a-48b5-a326-c18dfadf92e0	\N	\N	2026-03-02 07:18:50	2026-03-02 07:18:50	\N
740ce9eb-5d61-4a4c-a0a0-c1d55a286d4c	09c1ac23-2f8c-4677-851f-42c2b6ca9ab2	8ba23a88-04d4-42be-a498-669b170cd885	994b9cd3-8dd3-4c30-be2a-16e44214c7f0	34dd92c9-4d9a-48b5-a326-c18dfadf92e0	\N	\N	2026-03-02 07:18:50	2026-03-02 07:18:50	\N
e0421e20-297d-4fe5-880d-066930aa4ce5	09c1ac23-2f8c-4677-851f-42c2b6ca9ab2	8ba23a88-04d4-42be-a498-669b170cd885	7967a005-b5ca-475c-b4f4-a4d5e8f6fbf3	34dd92c9-4d9a-48b5-a326-c18dfadf92e0	\N	\N	2026-03-02 07:18:50	2026-03-02 07:18:50	\N
8aac5ff5-a994-461d-88ca-7a6b885d1ee4	09c1ac23-2f8c-4677-851f-42c2b6ca9ab2	8ba23a88-04d4-42be-a498-669b170cd885	02e156ae-b080-4bb1-b2de-963e8ce444a0	34dd92c9-4d9a-48b5-a326-c18dfadf92e0	\N	\N	2026-03-02 07:18:50	2026-03-02 07:18:50	\N
032509b4-ec31-4f5f-814e-1c0866440bfe	1364ec6b-1e04-49ab-81c0-eb4242b767af	8ba23a88-04d4-42be-a498-669b170cd885	801ce437-7fe6-48d7-bd47-2afb46c78b2e	34dd92c9-4d9a-48b5-a326-c18dfadf92e0	\N	\N	2026-03-02 07:18:50	2026-03-02 07:18:50	\N
e1c86005-b930-479d-a742-50d9fbf48bd5	1364ec6b-1e04-49ab-81c0-eb4242b767af	8ba23a88-04d4-42be-a498-669b170cd885	18a8336e-b674-4b5f-853e-02cb94517aad	34dd92c9-4d9a-48b5-a326-c18dfadf92e0	\N	\N	2026-03-02 07:18:50	2026-03-02 07:18:50	\N
60eff469-a101-40fb-bf96-2e3fd4a6050b	1364ec6b-1e04-49ab-81c0-eb4242b767af	8ba23a88-04d4-42be-a498-669b170cd885	994b9cd3-8dd3-4c30-be2a-16e44214c7f0	34dd92c9-4d9a-48b5-a326-c18dfadf92e0	\N	\N	2026-03-02 07:18:50	2026-03-02 07:18:50	\N
37c007b9-f134-4590-adb0-abeb25eecaaf	1364ec6b-1e04-49ab-81c0-eb4242b767af	8ba23a88-04d4-42be-a498-669b170cd885	7967a005-b5ca-475c-b4f4-a4d5e8f6fbf3	34dd92c9-4d9a-48b5-a326-c18dfadf92e0	\N	\N	2026-03-02 07:18:50	2026-03-02 07:18:50	\N
5b5063da-09cd-4a7b-a927-f947f4b122b1	1364ec6b-1e04-49ab-81c0-eb4242b767af	8ba23a88-04d4-42be-a498-669b170cd885	02e156ae-b080-4bb1-b2de-963e8ce444a0	34dd92c9-4d9a-48b5-a326-c18dfadf92e0	\N	\N	2026-03-02 07:18:50	2026-03-02 07:18:50	\N
9a4f35ef-65e6-4822-b77a-aa7bc10f83f3	34dd92c9-4d9a-48b5-a326-c18dfadf92e0	49188d5f-94a5-4eb6-8ff9-c187dbe44573	801ce437-7fe6-48d7-bd47-2afb46c78b2e	34dd92c9-4d9a-48b5-a326-c18dfadf92e0	\N	\N	2026-03-10 14:39:46	2026-03-10 14:39:46	\N
fcd25564-e743-4fda-8e92-ee414a5bd4c3	34dd92c9-4d9a-48b5-a326-c18dfadf92e0	49188d5f-94a5-4eb6-8ff9-c187dbe44573	18a8336e-b674-4b5f-853e-02cb94517aad	34dd92c9-4d9a-48b5-a326-c18dfadf92e0	\N	\N	2026-03-10 14:39:46	2026-03-10 14:39:46	\N
c13c277e-f030-41f3-a565-c52967f804cb	34dd92c9-4d9a-48b5-a326-c18dfadf92e0	49188d5f-94a5-4eb6-8ff9-c187dbe44573	994b9cd3-8dd3-4c30-be2a-16e44214c7f0	34dd92c9-4d9a-48b5-a326-c18dfadf92e0	\N	\N	2026-03-10 14:39:46	2026-03-10 14:39:46	\N
27598946-01ce-4fe6-9848-682df4fafbe3	34dd92c9-4d9a-48b5-a326-c18dfadf92e0	49188d5f-94a5-4eb6-8ff9-c187dbe44573	7967a005-b5ca-475c-b4f4-a4d5e8f6fbf3	34dd92c9-4d9a-48b5-a326-c18dfadf92e0	\N	\N	2026-03-10 14:39:46	2026-03-10 14:39:46	\N
b03095e0-5d91-4a63-9da4-3856d39cc51d	34dd92c9-4d9a-48b5-a326-c18dfadf92e0	49188d5f-94a5-4eb6-8ff9-c187dbe44573	02e156ae-b080-4bb1-b2de-963e8ce444a0	34dd92c9-4d9a-48b5-a326-c18dfadf92e0	\N	\N	2026-03-10 14:39:46	2026-03-10 14:39:46	\N
67e20c55-5957-4bf0-ad9b-0efb5d2042f3	09c1ac23-2f8c-4677-851f-42c2b6ca9ab2	49188d5f-94a5-4eb6-8ff9-c187dbe44573	801ce437-7fe6-48d7-bd47-2afb46c78b2e	34dd92c9-4d9a-48b5-a326-c18dfadf92e0	\N	\N	2026-03-10 14:39:46	2026-03-10 14:39:46	\N
84d39448-ad7f-468f-86dd-5e90cbbc2c6a	09c1ac23-2f8c-4677-851f-42c2b6ca9ab2	49188d5f-94a5-4eb6-8ff9-c187dbe44573	18a8336e-b674-4b5f-853e-02cb94517aad	34dd92c9-4d9a-48b5-a326-c18dfadf92e0	\N	\N	2026-03-10 14:39:46	2026-03-10 14:39:46	\N
3ba860ce-a56d-4cef-ad06-2eee021c9829	09c1ac23-2f8c-4677-851f-42c2b6ca9ab2	49188d5f-94a5-4eb6-8ff9-c187dbe44573	994b9cd3-8dd3-4c30-be2a-16e44214c7f0	34dd92c9-4d9a-48b5-a326-c18dfadf92e0	\N	\N	2026-03-10 14:39:46	2026-03-10 14:39:46	\N
7960d13f-cea7-4221-9d8a-7451f99d8640	09c1ac23-2f8c-4677-851f-42c2b6ca9ab2	49188d5f-94a5-4eb6-8ff9-c187dbe44573	7967a005-b5ca-475c-b4f4-a4d5e8f6fbf3	34dd92c9-4d9a-48b5-a326-c18dfadf92e0	\N	\N	2026-03-10 14:39:46	2026-03-10 14:39:46	\N
e11ecb5d-6092-46a4-bac7-28e7afc24775	09c1ac23-2f8c-4677-851f-42c2b6ca9ab2	49188d5f-94a5-4eb6-8ff9-c187dbe44573	02e156ae-b080-4bb1-b2de-963e8ce444a0	34dd92c9-4d9a-48b5-a326-c18dfadf92e0	\N	\N	2026-03-10 14:39:46	2026-03-10 14:39:46	\N
7eed0f11-7def-4687-9c34-8bfaeae6de67	1364ec6b-1e04-49ab-81c0-eb4242b767af	49188d5f-94a5-4eb6-8ff9-c187dbe44573	801ce437-7fe6-48d7-bd47-2afb46c78b2e	34dd92c9-4d9a-48b5-a326-c18dfadf92e0	\N	\N	2026-03-10 14:39:46	2026-03-10 14:39:46	\N
fee08871-7ea4-466a-a6c6-b49abe68d23d	1364ec6b-1e04-49ab-81c0-eb4242b767af	49188d5f-94a5-4eb6-8ff9-c187dbe44573	18a8336e-b674-4b5f-853e-02cb94517aad	34dd92c9-4d9a-48b5-a326-c18dfadf92e0	\N	\N	2026-03-10 14:39:46	2026-03-10 14:39:46	\N
2b917297-0243-4a6b-b522-bccdff8336c6	1364ec6b-1e04-49ab-81c0-eb4242b767af	49188d5f-94a5-4eb6-8ff9-c187dbe44573	994b9cd3-8dd3-4c30-be2a-16e44214c7f0	34dd92c9-4d9a-48b5-a326-c18dfadf92e0	\N	\N	2026-03-10 14:39:46	2026-03-10 14:39:46	\N
61cd6459-95a5-4e56-8277-ef8b6bd93cde	1364ec6b-1e04-49ab-81c0-eb4242b767af	49188d5f-94a5-4eb6-8ff9-c187dbe44573	7967a005-b5ca-475c-b4f4-a4d5e8f6fbf3	34dd92c9-4d9a-48b5-a326-c18dfadf92e0	\N	\N	2026-03-10 14:39:46	2026-03-10 14:39:46	\N
f9feb797-5359-4408-9ee4-a5043c80fa54	1364ec6b-1e04-49ab-81c0-eb4242b767af	49188d5f-94a5-4eb6-8ff9-c187dbe44573	02e156ae-b080-4bb1-b2de-963e8ce444a0	34dd92c9-4d9a-48b5-a326-c18dfadf92e0	\N	\N	2026-03-10 14:39:46	2026-03-10 14:39:46	\N
69913922-55b8-4c1b-88fa-f77c11f236d9	34dd92c9-4d9a-48b5-a326-c18dfadf92e0	a4d14c24-3144-4994-9511-05d5c8c031d2	25cbf0b2-f47d-4e5b-90f1-5e09a7baaa24	34dd92c9-4d9a-48b5-a326-c18dfadf92e0	\N	\N	2026-03-12 09:28:31	2026-03-12 09:28:31	\N
84ee6595-1f16-4117-a651-355a6b6d8c16	34dd92c9-4d9a-48b5-a326-c18dfadf92e0	42b17bf1-18b2-411d-a049-f990ba095d3c	25cbf0b2-f47d-4e5b-90f1-5e09a7baaa24	34dd92c9-4d9a-48b5-a326-c18dfadf92e0	\N	\N	2026-03-12 09:28:31	2026-03-12 09:28:31	\N
27ab8e7c-2971-449c-8333-b3caae26d34c	34dd92c9-4d9a-48b5-a326-c18dfadf92e0	ffb107f0-3094-4230-a628-62ec4b749bd5	25cbf0b2-f47d-4e5b-90f1-5e09a7baaa24	34dd92c9-4d9a-48b5-a326-c18dfadf92e0	\N	\N	2026-03-12 09:28:31	2026-03-12 09:28:31	\N
7c918932-73b7-493c-a6ad-489f2f791c2c	34dd92c9-4d9a-48b5-a326-c18dfadf92e0	57b774b0-e47c-4427-952b-c0e5d5eb552e	25cbf0b2-f47d-4e5b-90f1-5e09a7baaa24	34dd92c9-4d9a-48b5-a326-c18dfadf92e0	\N	\N	2026-03-12 09:28:31	2026-03-12 09:28:31	\N
216ba1fb-afc3-4eec-ac99-494f89217c31	34dd92c9-4d9a-48b5-a326-c18dfadf92e0	83e144e1-f091-4026-8878-9b57e8293d2a	25cbf0b2-f47d-4e5b-90f1-5e09a7baaa24	34dd92c9-4d9a-48b5-a326-c18dfadf92e0	\N	\N	2026-03-12 09:28:31	2026-03-12 09:28:31	\N
f5de19cb-de26-4533-9bc3-56956ca3f4d7	1364ec6b-1e04-49ab-81c0-eb4242b767af	a9a909dd-a150-44a6-8e12-736f232ddf9a	25cbf0b2-f47d-4e5b-90f1-5e09a7baaa24	34dd92c9-4d9a-48b5-a326-c18dfadf92e0	\N	\N	2026-03-12 09:28:31	2026-03-12 09:28:31	\N
e4c3aedc-ebc8-436c-82ee-6bc5a08c19e9	34dd92c9-4d9a-48b5-a326-c18dfadf92e0	8ba23a88-04d4-42be-a498-669b170cd885	25cbf0b2-f47d-4e5b-90f1-5e09a7baaa24	34dd92c9-4d9a-48b5-a326-c18dfadf92e0	\N	\N	2026-03-12 09:28:31	2026-03-12 09:28:31	\N
f283d7b3-7bea-4a51-baae-7cec65d32df3	1364ec6b-1e04-49ab-81c0-eb4242b767af	8ba23a88-04d4-42be-a498-669b170cd885	25cbf0b2-f47d-4e5b-90f1-5e09a7baaa24	34dd92c9-4d9a-48b5-a326-c18dfadf92e0	\N	\N	2026-03-12 09:28:31	2026-03-12 09:28:31	\N
fb227d45-f3d5-421c-a17c-91f0245be6b3	09c1ac23-2f8c-4677-851f-42c2b6ca9ab2	8ba23a88-04d4-42be-a498-669b170cd885	25cbf0b2-f47d-4e5b-90f1-5e09a7baaa24	34dd92c9-4d9a-48b5-a326-c18dfadf92e0	\N	\N	2026-03-12 09:28:31	2026-03-12 09:28:31	\N
0a0ac2b9-dd77-4a65-9701-09baa49fd9e8	34dd92c9-4d9a-48b5-a326-c18dfadf92e0	7365d44b-0f0d-4998-8270-a148b2c6ec6a	801ce437-7fe6-48d7-bd47-2afb46c78b2e	34dd92c9-4d9a-48b5-a326-c18dfadf92e0	\N	\N	2026-03-17 07:47:28	2026-03-17 07:47:28	\N
f2380063-b7a1-4474-b2a7-e1f9e2763f0d	34dd92c9-4d9a-48b5-a326-c18dfadf92e0	7365d44b-0f0d-4998-8270-a148b2c6ec6a	18a8336e-b674-4b5f-853e-02cb94517aad	34dd92c9-4d9a-48b5-a326-c18dfadf92e0	\N	\N	2026-03-17 07:47:28	2026-03-17 07:47:28	\N
7b6f9adf-31e9-4363-80de-14a0c0e94f13	34dd92c9-4d9a-48b5-a326-c18dfadf92e0	7365d44b-0f0d-4998-8270-a148b2c6ec6a	994b9cd3-8dd3-4c30-be2a-16e44214c7f0	34dd92c9-4d9a-48b5-a326-c18dfadf92e0	\N	\N	2026-03-17 07:47:28	2026-03-17 07:47:28	\N
831fd405-c53c-4660-b2d4-aaa8734537ba	34dd92c9-4d9a-48b5-a326-c18dfadf92e0	7365d44b-0f0d-4998-8270-a148b2c6ec6a	7967a005-b5ca-475c-b4f4-a4d5e8f6fbf3	34dd92c9-4d9a-48b5-a326-c18dfadf92e0	\N	\N	2026-03-17 07:47:28	2026-03-17 07:47:28	\N
f498f5c4-c889-4201-b11b-11b2f8c2b10a	34dd92c9-4d9a-48b5-a326-c18dfadf92e0	7365d44b-0f0d-4998-8270-a148b2c6ec6a	02e156ae-b080-4bb1-b2de-963e8ce444a0	34dd92c9-4d9a-48b5-a326-c18dfadf92e0	\N	\N	2026-03-17 07:47:28	2026-03-17 07:47:28	\N
a85e4eaa-cc28-4422-a3b9-2cc7146ceffa	09c1ac23-2f8c-4677-851f-42c2b6ca9ab2	7365d44b-0f0d-4998-8270-a148b2c6ec6a	801ce437-7fe6-48d7-bd47-2afb46c78b2e	34dd92c9-4d9a-48b5-a326-c18dfadf92e0	\N	\N	2026-03-17 07:47:28	2026-03-17 07:47:28	\N
62114de1-c59d-4f53-82c6-1cc1e319a706	09c1ac23-2f8c-4677-851f-42c2b6ca9ab2	7365d44b-0f0d-4998-8270-a148b2c6ec6a	18a8336e-b674-4b5f-853e-02cb94517aad	34dd92c9-4d9a-48b5-a326-c18dfadf92e0	\N	\N	2026-03-17 07:47:28	2026-03-17 07:47:28	\N
a9cf0798-4c43-4713-9512-b617a1d309c4	09c1ac23-2f8c-4677-851f-42c2b6ca9ab2	7365d44b-0f0d-4998-8270-a148b2c6ec6a	994b9cd3-8dd3-4c30-be2a-16e44214c7f0	34dd92c9-4d9a-48b5-a326-c18dfadf92e0	\N	\N	2026-03-17 07:47:28	2026-03-17 07:47:28	\N
19850c5f-351c-4c18-a90f-b220fbc303c6	09c1ac23-2f8c-4677-851f-42c2b6ca9ab2	7365d44b-0f0d-4998-8270-a148b2c6ec6a	7967a005-b5ca-475c-b4f4-a4d5e8f6fbf3	34dd92c9-4d9a-48b5-a326-c18dfadf92e0	\N	\N	2026-03-17 07:47:28	2026-03-17 07:47:28	\N
b2813d22-dc43-4723-8edb-ca9ccb93c379	09c1ac23-2f8c-4677-851f-42c2b6ca9ab2	7365d44b-0f0d-4998-8270-a148b2c6ec6a	02e156ae-b080-4bb1-b2de-963e8ce444a0	34dd92c9-4d9a-48b5-a326-c18dfadf92e0	\N	\N	2026-03-17 07:47:28	2026-03-17 07:47:28	\N
5ea7d416-4578-483b-af84-b5d7449e673e	1364ec6b-1e04-49ab-81c0-eb4242b767af	7365d44b-0f0d-4998-8270-a148b2c6ec6a	801ce437-7fe6-48d7-bd47-2afb46c78b2e	34dd92c9-4d9a-48b5-a326-c18dfadf92e0	\N	\N	2026-03-17 07:47:28	2026-03-17 07:47:28	\N
4a817881-cfd5-4938-9670-8404fdd7eb70	1364ec6b-1e04-49ab-81c0-eb4242b767af	7365d44b-0f0d-4998-8270-a148b2c6ec6a	18a8336e-b674-4b5f-853e-02cb94517aad	34dd92c9-4d9a-48b5-a326-c18dfadf92e0	\N	\N	2026-03-17 07:47:28	2026-03-17 07:47:28	\N
8507f070-99f6-4630-a448-926d95a41324	1364ec6b-1e04-49ab-81c0-eb4242b767af	7365d44b-0f0d-4998-8270-a148b2c6ec6a	994b9cd3-8dd3-4c30-be2a-16e44214c7f0	34dd92c9-4d9a-48b5-a326-c18dfadf92e0	\N	\N	2026-03-17 07:47:28	2026-03-17 07:47:28	\N
bb0d2e13-199d-4960-b663-fa6f17aa396b	1364ec6b-1e04-49ab-81c0-eb4242b767af	7365d44b-0f0d-4998-8270-a148b2c6ec6a	7967a005-b5ca-475c-b4f4-a4d5e8f6fbf3	34dd92c9-4d9a-48b5-a326-c18dfadf92e0	\N	\N	2026-03-17 07:47:28	2026-03-17 07:47:28	\N
b4645313-8678-4904-a484-1c6087d28035	1364ec6b-1e04-49ab-81c0-eb4242b767af	7365d44b-0f0d-4998-8270-a148b2c6ec6a	02e156ae-b080-4bb1-b2de-963e8ce444a0	34dd92c9-4d9a-48b5-a326-c18dfadf92e0	\N	\N	2026-03-17 07:47:28	2026-03-17 07:47:28	\N
7c9e6dcd-6c2b-40a2-b89d-6e22f9c98749	34dd92c9-4d9a-48b5-a326-c18dfadf92e0	e4780eab-f409-45f3-bad7-606e21922383	801ce437-7fe6-48d7-bd47-2afb46c78b2e	34dd92c9-4d9a-48b5-a326-c18dfadf92e0	\N	\N	2026-03-17 10:46:39	2026-03-17 10:46:39	\N
d4d8ad0a-45b3-4996-9b06-bb5b98d60870	34dd92c9-4d9a-48b5-a326-c18dfadf92e0	e4780eab-f409-45f3-bad7-606e21922383	18a8336e-b674-4b5f-853e-02cb94517aad	34dd92c9-4d9a-48b5-a326-c18dfadf92e0	\N	\N	2026-03-17 10:46:39	2026-03-17 10:46:39	\N
5f97c56c-662f-45cf-961a-6aa2ba07e8ef	34dd92c9-4d9a-48b5-a326-c18dfadf92e0	e4780eab-f409-45f3-bad7-606e21922383	994b9cd3-8dd3-4c30-be2a-16e44214c7f0	34dd92c9-4d9a-48b5-a326-c18dfadf92e0	\N	\N	2026-03-17 10:46:39	2026-03-17 10:46:39	\N
a42a58cd-1540-42bc-8b55-1992c1647395	34dd92c9-4d9a-48b5-a326-c18dfadf92e0	e4780eab-f409-45f3-bad7-606e21922383	7967a005-b5ca-475c-b4f4-a4d5e8f6fbf3	34dd92c9-4d9a-48b5-a326-c18dfadf92e0	\N	\N	2026-03-17 10:46:39	2026-03-17 10:46:39	\N
6ddc361d-a202-48f9-a54c-0583904744a1	34dd92c9-4d9a-48b5-a326-c18dfadf92e0	e4780eab-f409-45f3-bad7-606e21922383	02e156ae-b080-4bb1-b2de-963e8ce444a0	34dd92c9-4d9a-48b5-a326-c18dfadf92e0	\N	\N	2026-03-17 10:46:39	2026-03-17 10:46:39	\N
096d072c-df97-46b8-b1e4-c652bb86765d	09c1ac23-2f8c-4677-851f-42c2b6ca9ab2	e4780eab-f409-45f3-bad7-606e21922383	801ce437-7fe6-48d7-bd47-2afb46c78b2e	34dd92c9-4d9a-48b5-a326-c18dfadf92e0	\N	\N	2026-03-17 10:46:39	2026-03-17 10:46:39	\N
46ff2e2d-362b-457d-b2a8-fdc22da63c20	09c1ac23-2f8c-4677-851f-42c2b6ca9ab2	e4780eab-f409-45f3-bad7-606e21922383	18a8336e-b674-4b5f-853e-02cb94517aad	34dd92c9-4d9a-48b5-a326-c18dfadf92e0	\N	\N	2026-03-17 10:46:39	2026-03-17 10:46:39	\N
766c99ed-48f5-4824-b026-977b28e8c22e	09c1ac23-2f8c-4677-851f-42c2b6ca9ab2	e4780eab-f409-45f3-bad7-606e21922383	994b9cd3-8dd3-4c30-be2a-16e44214c7f0	34dd92c9-4d9a-48b5-a326-c18dfadf92e0	\N	\N	2026-03-17 10:46:39	2026-03-17 10:46:39	\N
118382f6-2bbc-48a8-bac8-6965adbc4b86	09c1ac23-2f8c-4677-851f-42c2b6ca9ab2	e4780eab-f409-45f3-bad7-606e21922383	7967a005-b5ca-475c-b4f4-a4d5e8f6fbf3	34dd92c9-4d9a-48b5-a326-c18dfadf92e0	\N	\N	2026-03-17 10:46:39	2026-03-17 10:46:39	\N
60c4ae08-cc1a-48c4-926b-76d77b8b8266	09c1ac23-2f8c-4677-851f-42c2b6ca9ab2	e4780eab-f409-45f3-bad7-606e21922383	02e156ae-b080-4bb1-b2de-963e8ce444a0	34dd92c9-4d9a-48b5-a326-c18dfadf92e0	\N	\N	2026-03-17 10:46:39	2026-03-17 10:46:39	\N
649f1884-9f38-4aaa-9e8e-fd706c3c6703	1364ec6b-1e04-49ab-81c0-eb4242b767af	e4780eab-f409-45f3-bad7-606e21922383	801ce437-7fe6-48d7-bd47-2afb46c78b2e	34dd92c9-4d9a-48b5-a326-c18dfadf92e0	\N	\N	2026-03-17 10:46:39	2026-03-17 10:46:39	\N
de82965d-e696-4e11-8c82-dea9b9d24673	1364ec6b-1e04-49ab-81c0-eb4242b767af	e4780eab-f409-45f3-bad7-606e21922383	18a8336e-b674-4b5f-853e-02cb94517aad	34dd92c9-4d9a-48b5-a326-c18dfadf92e0	\N	\N	2026-03-17 10:46:39	2026-03-17 10:46:39	\N
1da75431-6af9-4bbb-bc51-c7cb997e9336	1364ec6b-1e04-49ab-81c0-eb4242b767af	e4780eab-f409-45f3-bad7-606e21922383	994b9cd3-8dd3-4c30-be2a-16e44214c7f0	34dd92c9-4d9a-48b5-a326-c18dfadf92e0	\N	\N	2026-03-17 10:46:39	2026-03-17 10:46:39	\N
d61f5881-a5cc-4cd5-9020-fd1454636714	1364ec6b-1e04-49ab-81c0-eb4242b767af	e4780eab-f409-45f3-bad7-606e21922383	7967a005-b5ca-475c-b4f4-a4d5e8f6fbf3	34dd92c9-4d9a-48b5-a326-c18dfadf92e0	\N	\N	2026-03-17 10:46:39	2026-03-17 10:46:39	\N
f382617b-efa1-4959-8b19-48a358c955d6	1364ec6b-1e04-49ab-81c0-eb4242b767af	e4780eab-f409-45f3-bad7-606e21922383	02e156ae-b080-4bb1-b2de-963e8ce444a0	34dd92c9-4d9a-48b5-a326-c18dfadf92e0	\N	\N	2026-03-17 10:46:39	2026-03-17 10:46:39	\N
\.



--
-- Name: bank_accounts bank_accounts_pkey; Type: CONSTRAINT; Schema: public; Owner: -
--

ALTER TABLE ONLY public.bank_accounts
    ADD CONSTRAINT bank_accounts_pkey PRIMARY KEY (id);


--
-- Name: brands brands_pkey; Type: CONSTRAINT; Schema: public; Owner: -
--

ALTER TABLE ONLY public.brands
    ADD CONSTRAINT brands_pkey PRIMARY KEY (id);


--
-- Name: customer_addresses customer_addresses_pkey; Type: CONSTRAINT; Schema: public; Owner: -
--

ALTER TABLE ONLY public.customer_addresses
    ADD CONSTRAINT customer_addresses_pkey PRIMARY KEY (id);


--
-- Name: customer_categories customer_categories_pkey; Type: CONSTRAINT; Schema: public; Owner: -
--

ALTER TABLE ONLY public.customer_categories
    ADD CONSTRAINT customer_categories_pkey PRIMARY KEY (id);


--
-- Name: customer_category_customer customer_category_customer_pkey; Type: CONSTRAINT; Schema: public; Owner: -
--

ALTER TABLE ONLY public.customer_category_customer
    ADD CONSTRAINT customer_category_customer_pkey PRIMARY KEY (customer_id, customer_category_id);


--
-- Name: customer_histories customer_histories_pkey; Type: CONSTRAINT; Schema: public; Owner: -
--

ALTER TABLE ONLY public.customer_histories
    ADD CONSTRAINT customer_histories_pkey PRIMARY KEY (id);


--
-- Name: customer_ownership customer_ownership_pkey; Type: CONSTRAINT; Schema: public; Owner: -
--

ALTER TABLE ONLY public.customer_ownership
    ADD CONSTRAINT customer_ownership_pkey PRIMARY KEY (id);


--
-- Name: customer_pic_audits customer_pic_audits_pkey; Type: CONSTRAINT; Schema: public; Owner: -
--

ALTER TABLE ONLY public.customer_pic_audits
    ADD CONSTRAINT customer_pic_audits_pkey PRIMARY KEY (id);


--
-- Name: customer_pic_changes customer_pic_changes_pkey; Type: CONSTRAINT; Schema: public; Owner: -
--

ALTER TABLE ONLY public.customer_pic_changes
    ADD CONSTRAINT customer_pic_changes_pkey PRIMARY KEY (id);


--
-- Name: customer_pics customer_pics_pkey; Type: CONSTRAINT; Schema: public; Owner: -
--

ALTER TABLE ONLY public.customer_pics
    ADD CONSTRAINT customer_pics_pkey PRIMARY KEY (id);


--
-- Name: customer_shares customer_shares_pkey; Type: CONSTRAINT; Schema: public; Owner: -
--

ALTER TABLE ONLY public.customer_shares
    ADD CONSTRAINT customer_shares_pkey PRIMARY KEY (customer_id, user_id);


--
-- Name: customer_timelines customer_timelines_pkey; Type: CONSTRAINT; Schema: public; Owner: -
--

ALTER TABLE ONLY public.customer_timelines
    ADD CONSTRAINT customer_timelines_pkey PRIMARY KEY (id);


--
-- Name: customers customers_pkey; Type: CONSTRAINT; Schema: public; Owner: -
--

ALTER TABLE ONLY public.customers
    ADD CONSTRAINT customers_pkey PRIMARY KEY (id);


--
-- Name: delivery_order_files delivery_order_files_pkey; Type: CONSTRAINT; Schema: public; Owner: -
--

ALTER TABLE ONLY public.delivery_order_files
    ADD CONSTRAINT delivery_order_files_pkey PRIMARY KEY (id);


--
-- Name: delivery_order_relation_so_items delivery_order_relation_so_items_pkey; Type: CONSTRAINT; Schema: public; Owner: -
--

ALTER TABLE ONLY public.delivery_order_relation_so_items
    ADD CONSTRAINT delivery_order_relation_so_items_pkey PRIMARY KEY (id);


--
-- Name: delivery_orders delivery_orders_pkey; Type: CONSTRAINT; Schema: public; Owner: -
--

ALTER TABLE ONLY public.delivery_orders
    ADD CONSTRAINT delivery_orders_pkey PRIMARY KEY (id);


--
-- Name: distributor_logs distributor_logs_pkey; Type: CONSTRAINT; Schema: public; Owner: -
--

ALTER TABLE ONLY public.distributor_logs
    ADD CONSTRAINT distributor_logs_pkey PRIMARY KEY (id);


--
-- Name: distributor_pic distributor_pic_pkey; Type: CONSTRAINT; Schema: public; Owner: -
--

ALTER TABLE ONLY public.distributor_pic
    ADD CONSTRAINT distributor_pic_pkey PRIMARY KEY (id);


--
-- Name: distributors distributors_pkey; Type: CONSTRAINT; Schema: public; Owner: -
--

ALTER TABLE ONLY public.distributors
    ADD CONSTRAINT distributors_pkey PRIMARY KEY (id);


--
-- Name: failed_jobs failed_jobs_pkey; Type: CONSTRAINT; Schema: public; Owner: -
--

ALTER TABLE ONLY public.failed_jobs
    ADD CONSTRAINT failed_jobs_pkey PRIMARY KEY (id);


--
-- Name: failed_jobs failed_jobs_uuid_unique; Type: CONSTRAINT; Schema: public; Owner: -
--

ALTER TABLE ONLY public.failed_jobs
    ADD CONSTRAINT failed_jobs_uuid_unique UNIQUE (uuid);


--
-- Name: general_config_histories general_config_histories_pkey; Type: CONSTRAINT; Schema: public; Owner: -
--

ALTER TABLE ONLY public.general_config_histories
    ADD CONSTRAINT general_config_histories_pkey PRIMARY KEY (id);


--
-- Name: general_configs general_configs_pkey; Type: CONSTRAINT; Schema: public; Owner: -
--

ALTER TABLE ONLY public.general_configs
    ADD CONSTRAINT general_configs_pkey PRIMARY KEY (id);


--
-- Name: invoice_bank_accounts invoice_bank_accounts_pkey; Type: CONSTRAINT; Schema: public; Owner: -
--

ALTER TABLE ONLY public.invoice_bank_accounts
    ADD CONSTRAINT invoice_bank_accounts_pkey PRIMARY KEY (invoice_id, bank_account_id);


--
-- Name: invoice_payment_files invoice_payment_files_pkey; Type: CONSTRAINT; Schema: public; Owner: -
--

ALTER TABLE ONLY public.invoice_payment_files
    ADD CONSTRAINT invoice_payment_files_pkey PRIMARY KEY (id);


--
-- Name: invoice_payments invoice_payments_pkey; Type: CONSTRAINT; Schema: public; Owner: -
--

ALTER TABLE ONLY public.invoice_payments
    ADD CONSTRAINT invoice_payments_pkey PRIMARY KEY (id);


--
-- Name: invoices invoices_pkey; Type: CONSTRAINT; Schema: public; Owner: -
--

ALTER TABLE ONLY public.invoices
    ADD CONSTRAINT invoices_pkey PRIMARY KEY (id);


--
-- Name: job_batches job_batches_pkey; Type: CONSTRAINT; Schema: public; Owner: -
--

ALTER TABLE ONLY public.job_batches
    ADD CONSTRAINT job_batches_pkey PRIMARY KEY (id);


--
-- Name: jobs jobs_pkey; Type: CONSTRAINT; Schema: public; Owner: -
--

ALTER TABLE ONLY public.jobs
    ADD CONSTRAINT jobs_pkey PRIMARY KEY (id);


--
-- Name: master_companies master_companies_pkey; Type: CONSTRAINT; Schema: public; Owner: -
--

ALTER TABLE ONLY public.master_companies
    ADD CONSTRAINT master_companies_pkey PRIMARY KEY (id);


--
-- Name: master_ppn master_ppn_pkey; Type: CONSTRAINT; Schema: public; Owner: -
--

ALTER TABLE ONLY public.master_ppn
    ADD CONSTRAINT master_ppn_pkey PRIMARY KEY (id);


--
-- Name: menu_actions menu_actions_pkey; Type: CONSTRAINT; Schema: public; Owner: -
--

ALTER TABLE ONLY public.menu_actions
    ADD CONSTRAINT menu_actions_pkey PRIMARY KEY (id);


--
-- Name: menus menus_pkey; Type: CONSTRAINT; Schema: public; Owner: -
--

ALTER TABLE ONLY public.menus
    ADD CONSTRAINT menus_pkey PRIMARY KEY (id);


--
-- Name: migrations migrations_pkey; Type: CONSTRAINT; Schema: public; Owner: -
--

ALTER TABLE ONLY public.migrations
    ADD CONSTRAINT migrations_pkey PRIMARY KEY (id);


--
-- Name: notifications notifications_pkey; Type: CONSTRAINT; Schema: public; Owner: -
--

ALTER TABLE ONLY public.notifications
    ADD CONSTRAINT notifications_pkey PRIMARY KEY (id);


--
-- Name: pipeline_costs pipeline_costs_pkey; Type: CONSTRAINT; Schema: public; Owner: -
--

ALTER TABLE ONLY public.pipeline_costs
    ADD CONSTRAINT pipeline_costs_pkey PRIMARY KEY (id);


--
-- Name: pipeline_file pipeline_file_pkey; Type: CONSTRAINT; Schema: public; Owner: -
--

ALTER TABLE ONLY public.pipeline_file
    ADD CONSTRAINT pipeline_file_pkey PRIMARY KEY (id);


--
-- Name: pipeline_history pipeline_history_pkey; Type: CONSTRAINT; Schema: public; Owner: -
--

ALTER TABLE ONLY public.pipeline_history
    ADD CONSTRAINT pipeline_history_pkey PRIMARY KEY (id);


--
-- Name: pipeline pipeline_pkey; Type: CONSTRAINT; Schema: public; Owner: -
--

ALTER TABLE ONLY public.pipeline
    ADD CONSTRAINT pipeline_pkey PRIMARY KEY (id);


--
-- Name: purchase_order_files purchase_order_files_pkey; Type: CONSTRAINT; Schema: public; Owner: -
--

ALTER TABLE ONLY public.purchase_order_files
    ADD CONSTRAINT purchase_order_files_pkey PRIMARY KEY (id);


--
-- Name: purchase_order_histories purchase_order_histories_pkey; Type: CONSTRAINT; Schema: public; Owner: -
--

ALTER TABLE ONLY public.purchase_order_histories
    ADD CONSTRAINT purchase_order_histories_pkey PRIMARY KEY (id);


--
-- Name: purchase_order_relation_soitems purchase_order_relation_soitems_pkey; Type: CONSTRAINT; Schema: public; Owner: -
--

ALTER TABLE ONLY public.purchase_order_relation_soitems
    ADD CONSTRAINT purchase_order_relation_soitems_pkey PRIMARY KEY (id);


--
-- Name: purchase_order_relations purchase_order_relations_pkey; Type: CONSTRAINT; Schema: public; Owner: -
--

ALTER TABLE ONLY public.purchase_order_relations
    ADD CONSTRAINT purchase_order_relations_pkey PRIMARY KEY (id);


--
-- Name: purchase_orders purchase_orders_pkey; Type: CONSTRAINT; Schema: public; Owner: -
--

ALTER TABLE ONLY public.purchase_orders
    ADD CONSTRAINT purchase_orders_pkey PRIMARY KEY (id);


--
-- Name: role_menus role_menus_pkey; Type: CONSTRAINT; Schema: public; Owner: -
--

ALTER TABLE ONLY public.role_menus
    ADD CONSTRAINT role_menus_pkey PRIMARY KEY (id);


--
-- Name: roles roles_pkey; Type: CONSTRAINT; Schema: public; Owner: -
--

ALTER TABLE ONLY public.roles
    ADD CONSTRAINT roles_pkey PRIMARY KEY (id);


--
-- Name: sales_order_histories sales_order_histories_pkey; Type: CONSTRAINT; Schema: public; Owner: -
--

ALTER TABLE ONLY public.sales_order_histories
    ADD CONSTRAINT sales_order_histories_pkey PRIMARY KEY (id);


--
-- Name: sales_order_items sales_order_items_pkey; Type: CONSTRAINT; Schema: public; Owner: -
--

ALTER TABLE ONLY public.sales_order_items
    ADD CONSTRAINT sales_order_items_pkey PRIMARY KEY (id);


--
-- Name: sales_order_milestone_items sales_order_milestone_items_pkey; Type: CONSTRAINT; Schema: public; Owner: -
--

ALTER TABLE ONLY public.sales_order_milestone_items
    ADD CONSTRAINT sales_order_milestone_items_pkey PRIMARY KEY (sales_order_milestone_id, sales_order_item_id);


--
-- Name: sales_order_milestones sales_order_milestones_pkey; Type: CONSTRAINT; Schema: public; Owner: -
--

ALTER TABLE ONLY public.sales_order_milestones
    ADD CONSTRAINT sales_order_milestones_pkey PRIMARY KEY (id);


--
-- Name: sales_orders sales_orders_pkey; Type: CONSTRAINT; Schema: public; Owner: -
--

ALTER TABLE ONLY public.sales_orders
    ADD CONSTRAINT sales_orders_pkey PRIMARY KEY (id);


--
-- Name: sessions sessions_pkey; Type: CONSTRAINT; Schema: public; Owner: -
--

ALTER TABLE ONLY public.sessions
    ADD CONSTRAINT sessions_pkey PRIMARY KEY (id);


--
-- Name: special_notes special_notes_pkey; Type: CONSTRAINT; Schema: public; Owner: -
--

ALTER TABLE ONLY public.special_notes
    ADD CONSTRAINT special_notes_pkey PRIMARY KEY (id);


--
-- Name: user_details user_details_pkey; Type: CONSTRAINT; Schema: public; Owner: -
--

ALTER TABLE ONLY public.user_details
    ADD CONSTRAINT user_details_pkey PRIMARY KEY (id);


--
-- Name: user_permissions user_permissions_pkey; Type: CONSTRAINT; Schema: public; Owner: -
--

ALTER TABLE ONLY public.user_permissions
    ADD CONSTRAINT user_permissions_pkey PRIMARY KEY (id);


--
-- Name: user_permissions user_permissions_user_id_menu_id_action_id_unique; Type: CONSTRAINT; Schema: public; Owner: -
--

ALTER TABLE ONLY public.user_permissions
    ADD CONSTRAINT user_permissions_user_id_menu_id_action_id_unique UNIQUE (user_id, menu_id, action_id);


--
-- Name: customer_addresses_address_index; Type: INDEX; Schema: public; Owner: -
--

CREATE INDEX customer_addresses_address_index ON public.customer_addresses USING btree (address);


--
-- Name: customer_addresses_label_address_index; Type: INDEX; Schema: public; Owner: -
--

CREATE INDEX customer_addresses_label_address_index ON public.customer_addresses USING btree (label, address);


--
-- Name: customer_addresses_label_index; Type: INDEX; Schema: public; Owner: -
--

CREATE INDEX customer_addresses_label_index ON public.customer_addresses USING btree (label);


--
-- Name: customer_pics_customer_id_index; Type: INDEX; Schema: public; Owner: -
--

CREATE INDEX customer_pics_customer_id_index ON public.customer_pics USING btree (customer_id);


--
-- Name: customer_pics_customer_id_name_index; Type: INDEX; Schema: public; Owner: -
--

CREATE INDEX customer_pics_customer_id_name_index ON public.customer_pics USING btree (customer_id, name);


--
-- Name: customer_pics_name_index; Type: INDEX; Schema: public; Owner: -
--

CREATE INDEX customer_pics_name_index ON public.customer_pics USING btree (name);


--
-- Name: customers_name_index; Type: INDEX; Schema: public; Owner: -
--

CREATE INDEX customers_name_index ON public.customers USING btree (name);


--
-- Name: customers_name_user_id_index; Type: INDEX; Schema: public; Owner: -
--

CREATE INDEX customers_name_user_id_index ON public.customers USING btree (name, user_id);


--
-- Name: customers_user_id_index; Type: INDEX; Schema: public; Owner: -
--

CREATE INDEX customers_user_id_index ON public.customers USING btree (user_id);


--
-- Name: delivery_orders_delivery_number_index; Type: INDEX; Schema: public; Owner: -
--

CREATE INDEX delivery_orders_delivery_number_index ON public.delivery_orders USING btree (delivery_number);


--
-- Name: invoice_payments_invoice_id_index; Type: INDEX; Schema: public; Owner: -
--

CREATE INDEX invoice_payments_invoice_id_index ON public.invoice_payments USING btree (invoice_id);


--
-- Name: invoices_sales_order_id_index; Type: INDEX; Schema: public; Owner: -
--

CREATE INDEX invoices_sales_order_id_index ON public.invoices USING btree (sales_order_id);


--
-- Name: invoices_status_index; Type: INDEX; Schema: public; Owner: -
--

CREATE INDEX invoices_status_index ON public.invoices USING btree (status);


--
-- Name: jobs_queue_index; Type: INDEX; Schema: public; Owner: -
--

CREATE INDEX jobs_queue_index ON public.jobs USING btree (queue);


--
-- Name: menus_created_by_index; Type: INDEX; Schema: public; Owner: -
--

CREATE INDEX menus_created_by_index ON public.menus USING btree (created_by);


--
-- Name: menus_deleted_by_index; Type: INDEX; Schema: public; Owner: -
--

CREATE INDEX menus_deleted_by_index ON public.menus USING btree (deleted_by);


--
-- Name: menus_name_index; Type: INDEX; Schema: public; Owner: -
--

CREATE INDEX menus_name_index ON public.menus USING btree (name);


--
-- Name: menus_order_index; Type: INDEX; Schema: public; Owner: -
--

CREATE INDEX menus_order_index ON public.menus USING btree ("order");


--
-- Name: menus_parent_id_index; Type: INDEX; Schema: public; Owner: -
--

CREATE INDEX menus_parent_id_index ON public.menus USING btree (parent_id);


--
-- Name: menus_parent_id_order_index; Type: INDEX; Schema: public; Owner: -
--

CREATE INDEX menus_parent_id_order_index ON public.menus USING btree (parent_id, "order");


--
-- Name: menus_updated_by_index; Type: INDEX; Schema: public; Owner: -
--

CREATE INDEX menus_updated_by_index ON public.menus USING btree (updated_by);


--
-- Name: pipeline_costs_pipeline_id_index; Type: INDEX; Schema: public; Owner: -
--

CREATE INDEX pipeline_costs_pipeline_id_index ON public.pipeline_costs USING btree (pipeline_id);


--
-- Name: pipeline_customer_id_index; Type: INDEX; Schema: public; Owner: -
--

CREATE INDEX pipeline_customer_id_index ON public.pipeline USING btree (customer_id);


--
-- Name: pipeline_file_pipeline_id_index; Type: INDEX; Schema: public; Owner: -
--

CREATE INDEX pipeline_file_pipeline_id_index ON public.pipeline_file USING btree (pipeline_id);


--
-- Name: pipeline_history_pipeline_id_index; Type: INDEX; Schema: public; Owner: -
--

CREATE INDEX pipeline_history_pipeline_id_index ON public.pipeline_history USING btree (pipeline_id);


--
-- Name: pipeline_name_index; Type: INDEX; Schema: public; Owner: -
--

CREATE INDEX pipeline_name_index ON public.pipeline USING btree (name);


--
-- Name: pipeline_pic_id_index; Type: INDEX; Schema: public; Owner: -
--

CREATE INDEX pipeline_pic_id_index ON public.pipeline USING btree (pic_id);


--
-- Name: pipeline_status_index; Type: INDEX; Schema: public; Owner: -
--

CREATE INDEX pipeline_status_index ON public.pipeline USING btree (status);


--
-- Name: pipeline_user_id_index; Type: INDEX; Schema: public; Owner: -
--

CREATE INDEX pipeline_user_id_index ON public.pipeline USING btree (user_id);


--
-- Name: purchase_orders_distributor_id_index; Type: INDEX; Schema: public; Owner: -
--

CREATE INDEX purchase_orders_distributor_id_index ON public.purchase_orders USING btree (distributor_id);


--
-- Name: purchase_orders_purchase_number_index; Type: INDEX; Schema: public; Owner: -
--

CREATE INDEX purchase_orders_purchase_number_index ON public.purchase_orders USING btree (purchase_number);


--
-- Name: sales_order_items_brand_id_index; Type: INDEX; Schema: public; Owner: -
--

CREATE INDEX sales_order_items_brand_id_index ON public.sales_order_items USING btree (brand_id);


--
-- Name: sales_order_items_part_number_index; Type: INDEX; Schema: public; Owner: -
--

CREATE INDEX sales_order_items_part_number_index ON public.sales_order_items USING btree (part_number);


--
-- Name: sales_order_items_pipeline_id_index; Type: INDEX; Schema: public; Owner: -
--

CREATE INDEX sales_order_items_pipeline_id_index ON public.sales_order_items USING btree (pipeline_id);


--
-- Name: sales_order_items_sales_order_id_index; Type: INDEX; Schema: public; Owner: -
--

CREATE INDEX sales_order_items_sales_order_id_index ON public.sales_order_items USING btree (sales_order_id);


--
-- Name: sales_order_milestones_invoice_id_index; Type: INDEX; Schema: public; Owner: -
--

CREATE INDEX sales_order_milestones_invoice_id_index ON public.sales_order_milestones USING btree (invoice_id);


--
-- Name: sales_order_milestones_sales_order_id_index; Type: INDEX; Schema: public; Owner: -
--

CREATE INDEX sales_order_milestones_sales_order_id_index ON public.sales_order_milestones USING btree (sales_order_id);


--
-- Name: sales_order_milestones_sales_order_id_invoice_id_index; Type: INDEX; Schema: public; Owner: -
--

CREATE INDEX sales_order_milestones_sales_order_id_invoice_id_index ON public.sales_order_milestones USING btree (sales_order_id, invoice_id);


--
-- Name: sales_order_milestones_sequence_index; Type: INDEX; Schema: public; Owner: -
--

CREATE INDEX sales_order_milestones_sequence_index ON public.sales_order_milestones USING btree (sequence);


--
-- Name: sessions_ip_address_index; Type: INDEX; Schema: public; Owner: -
--

CREATE INDEX sessions_ip_address_index ON public.sessions USING btree (ip_address);


--
-- Name: sessions_last_activity_index; Type: INDEX; Schema: public; Owner: -
--

CREATE INDEX sessions_last_activity_index ON public.sessions USING btree (last_activity);


--
-- Name: sessions_user_id_index; Type: INDEX; Schema: public; Owner: -
--

CREATE INDEX sessions_user_id_index ON public.sessions USING btree (user_id);


--
-- Name: special_notes_pipeline_id_index; Type: INDEX; Schema: public; Owner: -
--

CREATE INDEX special_notes_pipeline_id_index ON public.special_notes USING btree (pipeline_id);


--
-- Name: user_details_created_at_id_index; Type: INDEX; Schema: public; Owner: -
--

CREATE INDEX user_details_created_at_id_index ON public.user_details USING btree (created_at, id);


--
-- Name: user_details_created_by_index; Type: INDEX; Schema: public; Owner: -
--

CREATE INDEX user_details_created_by_index ON public.user_details USING btree (created_by);


--
-- Name: user_details_deleted_by_index; Type: INDEX; Schema: public; Owner: -
--

CREATE INDEX user_details_deleted_by_index ON public.user_details USING btree (deleted_by);


--
-- Name: user_details_is_priority_index; Type: INDEX; Schema: public; Owner: -
--

CREATE INDEX user_details_is_priority_index ON public.user_details USING btree (is_priority);


--
-- Name: user_details_updated_by_index; Type: INDEX; Schema: public; Owner: -
--

CREATE INDEX user_details_updated_by_index ON public.user_details USING btree (updated_by);


--
-- Name: user_details_user_id_index; Type: INDEX; Schema: public; Owner: -
--

CREATE INDEX user_details_user_id_index ON public.user_details USING btree (user_id);


--
-- Name: customer_addresses customer_addresses_customer_id_foreign; Type: FK CONSTRAINT; Schema: public; Owner: -
--

ALTER TABLE ONLY public.customer_addresses
    ADD CONSTRAINT customer_addresses_customer_id_foreign FOREIGN KEY (customer_id) REFERENCES public.customers(id) ON DELETE CASCADE;


--
-- Name: customer_category_customer customer_category_customer_customer_category_id_foreign; Type: FK CONSTRAINT; Schema: public; Owner: -
--

ALTER TABLE ONLY public.customer_category_customer
    ADD CONSTRAINT customer_category_customer_customer_category_id_foreign FOREIGN KEY (customer_category_id) REFERENCES public.customer_categories(id) ON DELETE CASCADE;


--
-- Name: customer_category_customer customer_category_customer_customer_id_foreign; Type: FK CONSTRAINT; Schema: public; Owner: -
--

ALTER TABLE ONLY public.customer_category_customer
    ADD CONSTRAINT customer_category_customer_customer_id_foreign FOREIGN KEY (customer_id) REFERENCES public.customers(id) ON DELETE CASCADE;


--
-- Name: customer_histories customer_histories_customer_id_foreign; Type: FK CONSTRAINT; Schema: public; Owner: -
--

ALTER TABLE ONLY public.customer_histories
    ADD CONSTRAINT customer_histories_customer_id_foreign FOREIGN KEY (customer_id) REFERENCES public.customers(id) ON DELETE CASCADE;


--
-- Name: customer_ownership customer_ownership_customer_id_foreign; Type: FK CONSTRAINT; Schema: public; Owner: -
--

ALTER TABLE ONLY public.customer_ownership
    ADD CONSTRAINT customer_ownership_customer_id_foreign FOREIGN KEY (customer_id) REFERENCES public.customers(id) ON DELETE CASCADE;


--
-- Name: customer_ownership customer_ownership_user_id_foreign; Type: FK CONSTRAINT; Schema: public; Owner: -
--

ALTER TABLE ONLY public.customer_ownership
    ADD CONSTRAINT customer_ownership_user_id_foreign FOREIGN KEY (user_id) REFERENCES public.users(id) ON DELETE CASCADE;


--
-- Name: customer_pic_audits customer_pic_audits_customer_pic_id_foreign; Type: FK CONSTRAINT; Schema: public; Owner: -
--

ALTER TABLE ONLY public.customer_pic_audits
    ADD CONSTRAINT customer_pic_audits_customer_pic_id_foreign FOREIGN KEY (customer_pic_id) REFERENCES public.customer_pics(id) ON DELETE CASCADE;


--
-- Name: customer_pic_changes customer_pic_changes_customer_pic_id_foreign; Type: FK CONSTRAINT; Schema: public; Owner: -
--

ALTER TABLE ONLY public.customer_pic_changes
    ADD CONSTRAINT customer_pic_changes_customer_pic_id_foreign FOREIGN KEY (customer_pic_id) REFERENCES public.customer_pics(id) ON DELETE CASCADE;


--
-- Name: customer_pics customer_pics_customer_address_id_foreign; Type: FK CONSTRAINT; Schema: public; Owner: -
--

ALTER TABLE ONLY public.customer_pics
    ADD CONSTRAINT customer_pics_customer_address_id_foreign FOREIGN KEY (customer_address_id) REFERENCES public.customer_addresses(id) ON DELETE CASCADE;


--
-- Name: customer_pics customer_pics_customer_id_foreign; Type: FK CONSTRAINT; Schema: public; Owner: -
--

ALTER TABLE ONLY public.customer_pics
    ADD CONSTRAINT customer_pics_customer_id_foreign FOREIGN KEY (customer_id) REFERENCES public.customers(id) ON DELETE CASCADE;


--
-- Name: customer_shares customer_shares_customer_id_foreign; Type: FK CONSTRAINT; Schema: public; Owner: -
--

ALTER TABLE ONLY public.customer_shares
    ADD CONSTRAINT customer_shares_customer_id_foreign FOREIGN KEY (customer_id) REFERENCES public.customers(id) ON DELETE CASCADE;


--
-- Name: customer_shares customer_shares_user_id_foreign; Type: FK CONSTRAINT; Schema: public; Owner: -
--

ALTER TABLE ONLY public.customer_shares
    ADD CONSTRAINT customer_shares_user_id_foreign FOREIGN KEY (user_id) REFERENCES public.users(id) ON DELETE CASCADE;


--
-- Name: customer_timelines customer_timelines_customer_id_foreign; Type: FK CONSTRAINT; Schema: public; Owner: -
--

ALTER TABLE ONLY public.customer_timelines
    ADD CONSTRAINT customer_timelines_customer_id_foreign FOREIGN KEY (customer_id) REFERENCES public.customers(id) ON DELETE CASCADE;


--
-- Name: customers customers_user_id_foreign; Type: FK CONSTRAINT; Schema: public; Owner: -
--

ALTER TABLE ONLY public.customers
    ADD CONSTRAINT customers_user_id_foreign FOREIGN KEY (user_id) REFERENCES public.users(id) ON DELETE CASCADE;


--
-- Name: delivery_order_relation_so_items delivery_order_relation_so_items_delivery_order_id_foreign; Type: FK CONSTRAINT; Schema: public; Owner: -
--

ALTER TABLE ONLY public.delivery_order_relation_so_items
    ADD CONSTRAINT delivery_order_relation_so_items_delivery_order_id_foreign FOREIGN KEY (delivery_order_id) REFERENCES public.delivery_orders(id) ON DELETE CASCADE;


--
-- Name: delivery_order_relation_so_items delivery_order_relation_so_items_sales_order_item_id_foreign; Type: FK CONSTRAINT; Schema: public; Owner: -
--

ALTER TABLE ONLY public.delivery_order_relation_so_items
    ADD CONSTRAINT delivery_order_relation_so_items_sales_order_item_id_foreign FOREIGN KEY (sales_order_item_id) REFERENCES public.sales_order_items(id) ON DELETE CASCADE;


--
-- Name: delivery_orders delivery_orders_customer_id_foreign; Type: FK CONSTRAINT; Schema: public; Owner: -
--

ALTER TABLE ONLY public.delivery_orders
    ADD CONSTRAINT delivery_orders_customer_id_foreign FOREIGN KEY (customer_id) REFERENCES public.customers(id) ON DELETE CASCADE;


--
-- Name: delivery_orders delivery_orders_pic_id_foreign; Type: FK CONSTRAINT; Schema: public; Owner: -
--

ALTER TABLE ONLY public.delivery_orders
    ADD CONSTRAINT delivery_orders_pic_id_foreign FOREIGN KEY (pic_id) REFERENCES public.customer_pics(id) ON DELETE CASCADE;


--
-- Name: delivery_orders delivery_orders_sales_order_id_foreign; Type: FK CONSTRAINT; Schema: public; Owner: -
--

ALTER TABLE ONLY public.delivery_orders
    ADD CONSTRAINT delivery_orders_sales_order_id_foreign FOREIGN KEY (sales_order_id) REFERENCES public.sales_orders(id) ON DELETE CASCADE;


--
-- Name: distributor_logs distributor_logs_distributor_id_foreign; Type: FK CONSTRAINT; Schema: public; Owner: -
--

ALTER TABLE ONLY public.distributor_logs
    ADD CONSTRAINT distributor_logs_distributor_id_foreign FOREIGN KEY (distributor_id) REFERENCES public.distributors(id) ON DELETE CASCADE;


--
-- Name: invoice_bank_accounts invoice_bank_accounts_bank_account_id_foreign; Type: FK CONSTRAINT; Schema: public; Owner: -
--

ALTER TABLE ONLY public.invoice_bank_accounts
    ADD CONSTRAINT invoice_bank_accounts_bank_account_id_foreign FOREIGN KEY (bank_account_id) REFERENCES public.bank_accounts(id) ON DELETE CASCADE;


--
-- Name: invoice_bank_accounts invoice_bank_accounts_invoice_id_foreign; Type: FK CONSTRAINT; Schema: public; Owner: -
--

ALTER TABLE ONLY public.invoice_bank_accounts
    ADD CONSTRAINT invoice_bank_accounts_invoice_id_foreign FOREIGN KEY (invoice_id) REFERENCES public.invoices(id) ON DELETE CASCADE;


--
-- Name: invoice_payment_files invoice_payment_files_invoice_payment_id_foreign; Type: FK CONSTRAINT; Schema: public; Owner: -
--

ALTER TABLE ONLY public.invoice_payment_files
    ADD CONSTRAINT invoice_payment_files_invoice_payment_id_foreign FOREIGN KEY (invoice_payment_id) REFERENCES public.invoice_payments(id) ON DELETE CASCADE;


--
-- Name: invoice_payments invoice_payments_bank_account_id_foreign; Type: FK CONSTRAINT; Schema: public; Owner: -
--

ALTER TABLE ONLY public.invoice_payments
    ADD CONSTRAINT invoice_payments_bank_account_id_foreign FOREIGN KEY (bank_account_id) REFERENCES public.bank_accounts(id) ON DELETE CASCADE;


--
-- Name: invoice_payments invoice_payments_invoice_id_foreign; Type: FK CONSTRAINT; Schema: public; Owner: -
--

ALTER TABLE ONLY public.invoice_payments
    ADD CONSTRAINT invoice_payments_invoice_id_foreign FOREIGN KEY (invoice_id) REFERENCES public.invoices(id) ON DELETE CASCADE;


--
-- Name: invoices invoices_sales_order_id_foreign; Type: FK CONSTRAINT; Schema: public; Owner: -
--

ALTER TABLE ONLY public.invoices
    ADD CONSTRAINT invoices_sales_order_id_foreign FOREIGN KEY (sales_order_id) REFERENCES public.sales_orders(id) ON DELETE CASCADE;


--
-- Name: invoices invoices_sales_order_milestone_id_foreign; Type: FK CONSTRAINT; Schema: public; Owner: -
--

ALTER TABLE ONLY public.invoices
    ADD CONSTRAINT invoices_sales_order_milestone_id_foreign FOREIGN KEY (sales_order_milestone_id) REFERENCES public.sales_order_milestones(id) ON DELETE CASCADE;


--
-- Name: notifications notifications_user_id_foreign; Type: FK CONSTRAINT; Schema: public; Owner: -
--

ALTER TABLE ONLY public.notifications
    ADD CONSTRAINT notifications_user_id_foreign FOREIGN KEY (user_id) REFERENCES public.users(id) ON DELETE CASCADE;


--
-- Name: pipeline_costs pipeline_costs_pipeline_id_foreign; Type: FK CONSTRAINT; Schema: public; Owner: -
--

ALTER TABLE ONLY public.pipeline_costs
    ADD CONSTRAINT pipeline_costs_pipeline_id_foreign FOREIGN KEY (pipeline_id) REFERENCES public.pipeline(id) ON DELETE CASCADE;


--
-- Name: pipeline_file pipeline_file_pipeline_id_foreign; Type: FK CONSTRAINT; Schema: public; Owner: -
--

ALTER TABLE ONLY public.pipeline_file
    ADD CONSTRAINT pipeline_file_pipeline_id_foreign FOREIGN KEY (pipeline_id) REFERENCES public.pipeline(id) ON DELETE CASCADE;


--
-- Name: pipeline_history pipeline_history_pipeline_id_foreign; Type: FK CONSTRAINT; Schema: public; Owner: -
--

ALTER TABLE ONLY public.pipeline_history
    ADD CONSTRAINT pipeline_history_pipeline_id_foreign FOREIGN KEY (pipeline_id) REFERENCES public.pipeline(id) ON DELETE CASCADE;


--
-- Name: pipeline pipeline_user_id_foreign; Type: FK CONSTRAINT; Schema: public; Owner: -
--

ALTER TABLE ONLY public.pipeline
    ADD CONSTRAINT pipeline_user_id_foreign FOREIGN KEY (user_id) REFERENCES public.users(id) ON DELETE CASCADE;


--
-- Name: purchase_order_histories purchase_order_histories_purchase_order_id_foreign; Type: FK CONSTRAINT; Schema: public; Owner: -
--

ALTER TABLE ONLY public.purchase_order_histories
    ADD CONSTRAINT purchase_order_histories_purchase_order_id_foreign FOREIGN KEY (purchase_order_id) REFERENCES public.purchase_orders(id) ON DELETE CASCADE;


--
-- Name: purchase_order_histories purchase_order_histories_user_id_foreign; Type: FK CONSTRAINT; Schema: public; Owner: -
--

ALTER TABLE ONLY public.purchase_order_histories
    ADD CONSTRAINT purchase_order_histories_user_id_foreign FOREIGN KEY (user_id) REFERENCES public.users(id) ON DELETE CASCADE;


--
-- Name: purchase_order_relation_soitems purchase_order_relation_soitems_purchase_order_id_foreign; Type: FK CONSTRAINT; Schema: public; Owner: -
--

ALTER TABLE ONLY public.purchase_order_relation_soitems
    ADD CONSTRAINT purchase_order_relation_soitems_purchase_order_id_foreign FOREIGN KEY (purchase_order_id) REFERENCES public.purchase_orders(id) ON DELETE CASCADE;


--
-- Name: purchase_order_relation_soitems purchase_order_relation_soitems_sales_order_item_id_foreign; Type: FK CONSTRAINT; Schema: public; Owner: -
--

ALTER TABLE ONLY public.purchase_order_relation_soitems
    ADD CONSTRAINT purchase_order_relation_soitems_sales_order_item_id_foreign FOREIGN KEY (sales_order_item_id) REFERENCES public.sales_order_items(id) ON DELETE CASCADE;


--
-- Name: purchase_order_relations purchase_order_relations_purchase_order_id_foreign; Type: FK CONSTRAINT; Schema: public; Owner: -
--

ALTER TABLE ONLY public.purchase_order_relations
    ADD CONSTRAINT purchase_order_relations_purchase_order_id_foreign FOREIGN KEY (purchase_order_id) REFERENCES public.purchase_orders(id) ON DELETE CASCADE;


--
-- Name: purchase_order_relations purchase_order_relations_sales_order_id_foreign; Type: FK CONSTRAINT; Schema: public; Owner: -
--

ALTER TABLE ONLY public.purchase_order_relations
    ADD CONSTRAINT purchase_order_relations_sales_order_id_foreign FOREIGN KEY (sales_order_id) REFERENCES public.sales_orders(id) ON DELETE CASCADE;


--
-- Name: purchase_orders purchase_orders_distributor_id_foreign; Type: FK CONSTRAINT; Schema: public; Owner: -
--

ALTER TABLE ONLY public.purchase_orders
    ADD CONSTRAINT purchase_orders_distributor_id_foreign FOREIGN KEY (distributor_id) REFERENCES public.distributors(id) ON DELETE CASCADE;


--
-- Name: purchase_orders purchase_orders_ppn_id_foreign; Type: FK CONSTRAINT; Schema: public; Owner: -
--

ALTER TABLE ONLY public.purchase_orders
    ADD CONSTRAINT purchase_orders_ppn_id_foreign FOREIGN KEY (ppn_id) REFERENCES public.master_ppn(id) ON DELETE CASCADE;


--
-- Name: sales_order_histories sales_order_histories_sales_order_id_foreign; Type: FK CONSTRAINT; Schema: public; Owner: -
--

ALTER TABLE ONLY public.sales_order_histories
    ADD CONSTRAINT sales_order_histories_sales_order_id_foreign FOREIGN KEY (sales_order_id) REFERENCES public.sales_orders(id) ON DELETE CASCADE;


--
-- Name: sales_order_histories sales_order_histories_user_id_foreign; Type: FK CONSTRAINT; Schema: public; Owner: -
--

ALTER TABLE ONLY public.sales_order_histories
    ADD CONSTRAINT sales_order_histories_user_id_foreign FOREIGN KEY (user_id) REFERENCES public.users(id) ON DELETE CASCADE;


--
-- Name: sales_order_items sales_order_items_brand_id_foreign; Type: FK CONSTRAINT; Schema: public; Owner: -
--

ALTER TABLE ONLY public.sales_order_items
    ADD CONSTRAINT sales_order_items_brand_id_foreign FOREIGN KEY (brand_id) REFERENCES public.brands(id) ON DELETE CASCADE;


--
-- Name: sales_order_items sales_order_items_pipeline_id_foreign; Type: FK CONSTRAINT; Schema: public; Owner: -
--

ALTER TABLE ONLY public.sales_order_items
    ADD CONSTRAINT sales_order_items_pipeline_id_foreign FOREIGN KEY (pipeline_id) REFERENCES public.pipeline(id) ON DELETE CASCADE;


--
-- Name: sales_order_items sales_order_items_sales_order_id_foreign; Type: FK CONSTRAINT; Schema: public; Owner: -
--

ALTER TABLE ONLY public.sales_order_items
    ADD CONSTRAINT sales_order_items_sales_order_id_foreign FOREIGN KEY (sales_order_id) REFERENCES public.sales_orders(id) ON DELETE CASCADE;


--
-- Name: sales_order_milestone_items sales_order_milestone_items_sales_order_item_id_foreign; Type: FK CONSTRAINT; Schema: public; Owner: -
--

ALTER TABLE ONLY public.sales_order_milestone_items
    ADD CONSTRAINT sales_order_milestone_items_sales_order_item_id_foreign FOREIGN KEY (sales_order_item_id) REFERENCES public.sales_order_items(id) ON DELETE CASCADE;


--
-- Name: sales_order_milestone_items sales_order_milestone_items_sales_order_milestone_id_foreign; Type: FK CONSTRAINT; Schema: public; Owner: -
--

ALTER TABLE ONLY public.sales_order_milestone_items
    ADD CONSTRAINT sales_order_milestone_items_sales_order_milestone_id_foreign FOREIGN KEY (sales_order_milestone_id) REFERENCES public.sales_order_milestones(id) ON DELETE CASCADE;


--
-- Name: sales_order_milestones sales_order_milestones_sales_order_id_foreign; Type: FK CONSTRAINT; Schema: public; Owner: -
--

ALTER TABLE ONLY public.sales_order_milestones
    ADD CONSTRAINT sales_order_milestones_sales_order_id_foreign FOREIGN KEY (sales_order_id) REFERENCES public.sales_orders(id) ON DELETE CASCADE;


--
-- Name: sales_orders sales_orders_pipeline_id_foreign; Type: FK CONSTRAINT; Schema: public; Owner: -
--

ALTER TABLE ONLY public.sales_orders
    ADD CONSTRAINT sales_orders_pipeline_id_foreign FOREIGN KEY (pipeline_id) REFERENCES public.pipeline(id) ON DELETE CASCADE;


--
-- Name: sales_orders sales_orders_user_id_foreign; Type: FK CONSTRAINT; Schema: public; Owner: -
--

ALTER TABLE ONLY public.sales_orders
    ADD CONSTRAINT sales_orders_user_id_foreign FOREIGN KEY (user_id) REFERENCES public.users(id) ON DELETE CASCADE;


--
-- Name: sessions sessions_user_id_foreign; Type: FK CONSTRAINT; Schema: public; Owner: -
--

ALTER TABLE ONLY public.sessions
    ADD CONSTRAINT sessions_user_id_foreign FOREIGN KEY (user_id) REFERENCES public.users(id) ON DELETE CASCADE;


--
-- Name: special_notes special_notes_pipeline_id_foreign; Type: FK CONSTRAINT; Schema: public; Owner: -
--

ALTER TABLE ONLY public.special_notes
    ADD CONSTRAINT special_notes_pipeline_id_foreign FOREIGN KEY (pipeline_id) REFERENCES public.pipeline(id) ON DELETE CASCADE;


--
-- Name: user_details user_details_user_id_foreign; Type: FK CONSTRAINT; Schema: public; Owner: -
--

ALTER TABLE ONLY public.user_details
    ADD CONSTRAINT user_details_user_id_foreign FOREIGN KEY (user_id) REFERENCES public.users(id) ON DELETE CASCADE;


--
--

