-- Data for Name: feed_comment; Type: TABLE DATA; Schema: public; Owner: -
--

COPY public.feed_comment (id, id_feed, text, created_by, updated_by, created_at, updated_at, deleted_at, id_parent, id_user) FROM stdin;
8526ff94-1316-43c2-8fed-008f121f70f3	bf9005f0-3328-4e74-baf5-2a8edcae8ad3	aksnaknaosas	03cb1d57-4b26-424f-8898-243318ace483	\N	2024-11-05 13:42:39	2024-11-05 13:42:39	\N	\N	\N
20be0a56-08a9-4926-9f3b-f84eb7730d89	35dfc4be-eacd-4076-a227-a2af8f4b5212	okey	03cb1d57-4b26-424f-8898-243318ace483	\N	2024-11-05 13:47:29	2024-11-05 13:47:29	\N	\N	\N
1383ade2-f1b7-4742-b960-48adab4e13c4	35dfc4be-eacd-4076-a227-a2af8f4b5212	cek	03cb1d57-4b26-424f-8898-243318ace483	\N	2024-11-05 13:48:25	2024-11-05 13:48:25	\N	\N	\N
54b526d0-6040-49fc-90d1-4da2d9af6c4d	40191dd8-b600-4688-a14a-fcbdc149fc02	Gasss	e579c274-da8e-4011-9f0d-ef4b3cc26004	\N	2024-12-04 14:45:32	2024-12-04 14:45:32	\N	\N	\N
01aca6dd-7057-4f4a-8f78-7c2f8c04a5d2	dd1abd8e-25f0-436f-b673-f953d26c177b	cek	8e8e951c-27b7-4c9b-aa04-8ab38f24af4d	\N	2024-12-05 09:16:25	2024-12-05 09:16:25	\N	\N	\N
d5d11954-7eb1-44da-8f6b-5c374985bba5	8fedadae-6fdd-4506-a476-7bd200192e1a	Test	e579c274-da8e-4011-9f0d-ef4b3cc26004	\N	2024-12-06 14:06:55	2024-12-06 14:06:55	\N	\N	\N
cc0314d9-0a3d-4e03-8ec1-a31bccfc6e6c	112867bf-f790-4db1-ba4f-dc056181bc61	Mantap	e579c274-da8e-4011-9f0d-ef4b3cc26004	\N	2024-12-06 14:11:00	2024-12-06 14:11:00	\N	\N	\N
94b7317b-f296-4e03-bf95-7da498960335	e5cac1b2-dfcd-4743-8f47-6384a1bb0a36	Cek	08c3a9a4-19a9-4e7d-bd48-c155c2c4dcd2	\N	2024-12-10 14:58:02	2024-12-10 14:58:02	\N	\N	\N
1923f67f-3fef-4451-8e33-b085f27d1c45	e5cac1b2-dfcd-4743-8f47-6384a1bb0a36	Hi	8e8e951c-27b7-4c9b-aa04-8ab38f24af4d	\N	2024-12-10 15:33:50	2024-12-10 15:33:50	\N	\N	\N
dc8fd99e-822b-4f47-b65d-66c01ddb749c	f43b8c7b-007b-409f-8279-df7c8242f4d4	Mantap	03cb1d57-4b26-424f-8898-243318ace483	\N	2025-03-06 08:52:38	2025-03-06 08:52:38	\N	\N	\N
578f22f6-3db5-4813-9b00-a7980a95721d	f43b8c7b-007b-409f-8279-df7c8242f4d4	Mantap	03cb1d57-4b26-424f-8898-243318ace483	\N	2025-03-06 08:52:54	2025-03-06 08:52:54	\N	\N	\N
57af42be-8d42-46cc-b260-b74e1dab394c	f43b8c7b-007b-409f-8279-df7c8242f4d4	dasdas	03cb1d57-4b26-424f-8898-243318ace483	\N	2025-03-06 08:53:37	2025-03-06 08:53:37	\N	\N	\N
f0c0dd42-ff08-475c-9e13-6f63356f1ba8	f43b8c7b-007b-409f-8279-df7c8242f4d4	Test	03cb1d57-4b26-424f-8898-243318ace483	\N	2025-03-06 08:53:50	2025-03-06 08:53:50	\N	\N	\N
3c276f6a-bc4a-4036-b639-d29deae01153	f43b8c7b-007b-409f-8279-df7c8242f4d4	asdasd	03cb1d57-4b26-424f-8898-243318ace483	\N	2025-03-06 08:54:02	2025-03-06 08:54:02	\N	\N	\N
7eb0a0c5-89ac-42c7-909a-04800d94e93b	f43b8c7b-007b-409f-8279-df7c8242f4d4	Test	03cb1d57-4b26-424f-8898-243318ace483	\N	2025-03-06 08:54:18	2025-03-06 08:54:18	\N	\N	\N
7c00d9c2-0636-456b-9e0b-3f6a795b71da	f43b8c7b-007b-409f-8279-df7c8242f4d4	Test	03cb1d57-4b26-424f-8898-243318ace483	\N	2025-03-06 09:11:30	2025-03-06 09:11:30	\N	\N	\N
51d5e283-ba00-4c05-9805-16153f4e9b93	f43b8c7b-007b-409f-8279-df7c8242f4d4	hahah	03cb1d57-4b26-424f-8898-243318ace483	\N	2025-03-06 09:12:40	2025-03-06 09:12:40	\N	\N	\N
7a1b302d-4b8f-4adc-90ed-284bedf6590f	db9fc3eb-4313-406b-8606-ad5d77e98ca0	Test	03cb1d57-4b26-424f-8898-243318ace483	\N	2025-03-06 13:10:09	2025-03-06 13:10:09	\N	\N	\N
b8a4601d-b4b0-4db0-abb4-2dd8e6b2b313	d7f459b7-7986-497f-9a52-ccf2f468fff1	Test	03cb1d57-4b26-424f-8898-243318ace483	\N	2025-03-19 10:00:57	2025-03-19 10:00:57	\N	\N	\N
b48e0c37-0584-4529-85e3-0252ec65eaea	502860d7-0a3f-473a-8b60-436b8e1e063d	tes comment	dd8b5ac3-a9fd-417a-b5d1-c2333be47812	\N	2025-06-17 15:01:41	2025-06-17 15:01:41	\N	\N	\N
d0a9dd74-e313-40d6-b674-1cc77ddb183b	502860d7-0a3f-473a-8b60-436b8e1e063d	hai hai hai	7ca03429-fef3-4e1a-983c-22c3ce55c6c9	\N	2025-06-17 16:34:28	2025-06-17 16:34:28	\N	\N	\N
340f75b1-7106-4698-8a1f-3b7489b536c0	502860d7-0a3f-473a-8b60-436b8e1e063d	congrats min	7ca03429-fef3-4e1a-983c-22c3ce55c6c9	\N	2025-06-17 16:36:27	2025-06-17 16:36:27	\N	\N	\N
1afbb715-0786-45bc-8c81-1c6ef2317239	45ede3dd-b50b-4042-94db-0375acadad1c	oke	03cb1d57-4b26-424f-8898-243318ace483	\N	2025-06-18 09:52:20	2025-06-18 09:52:20	\N	\N	\N
0ae67452-8997-4dba-97fe-9f800198fefe	0557c6ca-5cfb-4f77-bf3d-df3628a463a3	comment	03cb1d57-4b26-424f-8898-243318ace483	\N	2025-06-18 13:38:31	2025-06-18 13:38:31	\N	\N	\N
3a56cd4f-87c4-47a6-a147-a65a73c6be6b	0557c6ca-5cfb-4f77-bf3d-df3628a463a3	comment	56f882ef-cf07-4a77-bd10-c567534693af	\N	2025-06-18 13:39:50	2025-06-18 13:39:50	\N	\N	\N
892cab11-2f9c-4acf-a847-0f39681f3e6f	0557c6ca-5cfb-4f77-bf3d-df3628a463a3	yolo	03cb1d57-4b26-424f-8898-243318ace483	\N	2025-06-18 13:40:12	2025-06-18 13:40:12	\N	\N	\N
d3b33281-da93-4167-87fd-63e60bdecd87	0557c6ca-5cfb-4f77-bf3d-df3628a463a3	loyo	56f882ef-cf07-4a77-bd10-c567534693af	\N	2025-06-18 13:40:22	2025-06-18 13:40:22	\N	\N	\N
40e2ae23-f92f-4af4-8371-30c852807f77	0557c6ca-5cfb-4f77-bf3d-df3628a463a3	baduy	03cb1d57-4b26-424f-8898-243318ace483	\N	2025-06-18 13:40:28	2025-06-18 13:40:28	\N	\N	\N
3b626a0b-23d0-4b7c-b79e-b5e5fe440ee9	0557c6ca-5cfb-4f77-bf3d-df3628a463a3	wayae	56f882ef-cf07-4a77-bd10-c567534693af	\N	2025-06-18 13:40:36	2025-06-18 13:40:36	\N	\N	\N
3dffff7f-27c7-4b53-86b2-263c56d56f86	0557c6ca-5cfb-4f77-bf3d-df3628a463a3	wkwkwk	03cb1d57-4b26-424f-8898-243318ace483	\N	2025-06-18 13:40:51	2025-06-18 13:40:51	\N	\N	\N
a588a76e-2e50-40e7-b259-7874e6aac15b	502860d7-0a3f-473a-8b60-436b8e1e063d	wakaksdakl	03cb1d57-4b26-424f-8898-243318ace483	\N	2025-06-18 14:18:10	2025-06-18 14:18:10	\N	\N	\N
5809e4a7-6fee-45fb-8a16-e3fd7689b56a	45ede3dd-b50b-4042-94db-0375acadad1c	tes	03cb1d57-4b26-424f-8898-243318ace483	\N	2025-06-18 14:20:04	2025-06-18 14:20:04	\N	\N	\N
11896b3b-d555-4385-ae9b-b426dc695fdc	1a546617-051d-4b8a-98f2-34ad62dda799	tes	03cb1d57-4b26-424f-8898-243318ace483	\N	2025-06-18 14:21:36	2025-06-18 14:21:36	\N	\N	\N
d2f98656-51a6-4db7-aadc-7a5fa3b168f2	1a546617-051d-4b8a-98f2-34ad62dda799	wkwkwkwk	03cb1d57-4b26-424f-8898-243318ace483	\N	2025-06-18 14:22:12	2025-06-18 14:22:12	\N	\N	\N
746e9d10-45a5-46c8-ae64-751c9adb6771	502860d7-0a3f-473a-8b60-436b8e1e063d	hola	03cb1d57-4b26-424f-8898-243318ace483	\N	2025-06-18 14:22:53	2025-06-18 14:22:53	\N	\N	\N
b11fdfc6-9797-4ec0-bcd5-40c6e9b59b5a	502860d7-0a3f-473a-8b60-436b8e1e063d	okokokok	03cb1d57-4b26-424f-8898-243318ace483	\N	2025-06-18 14:23:02	2025-06-18 14:23:02	\N	\N	\N
3d9f8b75-c48a-4f82-8450-b44302ee9a91	502860d7-0a3f-473a-8b60-436b8e1e063d	12345	03cb1d57-4b26-424f-8898-243318ace483	\N	2025-06-18 14:24:14	2025-06-18 14:24:14	\N	\N	\N
bfbd66dd-093f-44d2-8db8-914b5fd4bddc	8691011e-b107-4da2-b8d4-541b3968eae2	tes	03cb1d57-4b26-424f-8898-243318ace483	\N	2025-06-20 10:27:15	2025-06-20 10:27:15	\N	\N	\N
e67232b3-6c9c-4a36-aaaa-baa4d1ffa066	8691011e-b107-4da2-b8d4-541b3968eae2	lokc	03cb1d57-4b26-424f-8898-243318ace483	\N	2025-06-20 10:27:19	2025-06-20 10:27:19	\N	\N	\N
7213c5c6-9acb-46ee-8dcf-385b6401f3c3	90b240f6-1aad-4687-ae27-fe2cb90a7080	wah bagus, lanjutkan	03cb1d57-4b26-424f-8898-243318ace483	\N	2025-06-26 16:24:19	2025-06-26 16:24:19	\N	\N	\N
d1aa485e-0dbb-4f73-8388-eb787dcff802	5fe0333c-b803-4636-b28d-e63073364eb6	Ngoding apa tuh?	03cb1d57-4b26-424f-8898-243318ace483	\N	2025-09-26 17:05:47	2025-09-26 17:05:47	\N	\N	\N
410dfee8-4de4-4e22-86d0-b51c183713f2	f8c7496f-753b-4755-a53d-c5c96dd49a8a	Cewenya geblek tuh😄	cc06ec2d-16b6-42c6-8012-32fdcd9334c8	\N	2025-09-26 17:20:51	2025-09-26 17:20:51	\N	\N	\N
5154be69-caad-40e7-92cf-c014d4be7ef4	f8c7496f-753b-4755-a53d-c5c96dd49a8a	Parah emang ceweknya	03cb1d57-4b26-424f-8898-243318ace483	\N	2025-09-26 17:26:54	2025-09-26 17:26:54	\N	\N	\N
318a391e-5dce-4dc4-bab4-f28b8f5c24f3	1ecbb920-75fa-4ff8-945d-224824df7494	Penuhin dracin nya wkwkwk	2ffe9be6-0405-4323-a69b-9d64138e0133	\N	2025-09-26 20:21:39	2025-09-26 20:21:39	\N	\N	\N
199f8888-8058-40cb-a84f-6cefe15fb606	1ecbb920-75fa-4ff8-945d-224824df7494	🤣🤣🤣🤣🤣	2ffe9be6-0405-4323-a69b-9d64138e0133	\N	2025-09-26 20:22:54	2025-09-26 20:22:54	\N	\N	\N
b8995fc3-44c0-4522-a00e-f34c6b0e1722	1ecbb920-75fa-4ff8-945d-224824df7494	Itu tugasnya rafly	03cb1d57-4b26-424f-8898-243318ace483	\N	2025-09-26 21:17:18	2025-09-26 21:17:18	\N	\N	\N
ff1f5f68-c0fe-4811-bd10-e6dc6509dc0a	f8c7496f-753b-4755-a53d-c5c96dd49a8a	Ini malah keasikan nontonnya 😄	2ffe9be6-0405-4323-a69b-9d64138e0133	\N	2025-09-26 21:22:20	2025-09-26 21:22:20	\N	\N	\N
f1f94e9c-30e2-4b96-9026-5668e932bfc2	1ecbb920-75fa-4ff8-945d-224824df7494	Owh iya ya,\nRsfli pake akun siapa ?	2ffe9be6-0405-4323-a69b-9d64138e0133	\N	2025-09-27 19:32:34	2025-09-27 19:32:34	\N	\N	\N
3b5120b6-2d74-42c0-acc7-5aa6146275fa	1ecbb920-75fa-4ff8-945d-224824df7494	Abis komen ga scroll ke paling terbaru nih	2ffe9be6-0405-4323-a69b-9d64138e0133	\N	2025-09-27 19:33:09	2025-09-27 19:33:09	\N	\N	\N
bda088c9-3e2f-4c90-a265-05ca8815495e	1ecbb920-75fa-4ff8-945d-224824df7494	Pake akun ghina, nanti di fix lagi deh yang komen ini haha	03cb1d57-4b26-424f-8898-243318ace483	\N	2025-09-28 17:04:40	2025-09-28 17:04:40	\N	\N	\N
ed83164c-e39a-4e2d-8c38-b5b01ef90ae5	e87dd5dd-797e-4e32-a3ea-847569161082	Mantap	03cb1d57-4b26-424f-8898-243318ace483	\N	2025-09-30 16:24:40	2025-09-30 16:24:40	\N	\N	\N
b0336efc-3d69-409a-8560-866a0aac083d	e87dd5dd-797e-4e32-a3ea-847569161082	Bikin per episode dong	72d92d83-8790-4947-9c74-2fb113f06a11	\N	2025-09-30 16:45:06	2025-09-30 16:45:06	\N	\N	\N
a7c127c0-dd25-4b53-ad6d-4bda28178aff	e87dd5dd-797e-4e32-a3ea-847569161082	Nah bener tuh	e579c274-da8e-4011-9f0d-ef4b3cc26004	\N	2025-09-30 16:45:57	2025-09-30 16:45:57	\N	b0336efc-3d69-409a-8560-866a0aac083d	72d92d83-8790-4947-9c74-2fb113f06a11
8b948a73-a1cf-40bd-99dc-08fde00d33bf	f8c7496f-753b-4755-a53d-c5c96dd49a8a	Parah ya	03cb1d57-4b26-424f-8898-243318ace483	\N	2025-09-30 17:27:11	2025-09-30 17:27:11	\N	410dfee8-4de4-4e22-86d0-b51c183713f2	cc06ec2d-16b6-42c6-8012-32fdcd9334c8
0bbfec23-6dbc-4163-a685-53007259c229	e87dd5dd-797e-4e32-a3ea-847569161082	Interesting🤔	cc06ec2d-16b6-42c6-8012-32fdcd9334c8	\N	2025-09-30 17:28:09	2025-09-30 17:28:09	\N	b0336efc-3d69-409a-8560-866a0aac083d	72d92d83-8790-4947-9c74-2fb113f06a11
3627731d-b881-4aff-b0ce-47445fe3393c	e87dd5dd-797e-4e32-a3ea-847569161082	Apanya yg bener ?	2ffe9be6-0405-4323-a69b-9d64138e0133	\N	2025-09-30 17:29:01	2025-09-30 17:29:01	\N	b0336efc-3d69-409a-8560-866a0aac083d	e579c274-da8e-4011-9f0d-ef4b3cc26004
160c44cf-0b40-4aa8-9f00-b093860bb1af	e87dd5dd-797e-4e32-a3ea-847569161082	Siap	2ffe9be6-0405-4323-a69b-9d64138e0133	\N	2025-09-30 17:29:34	2025-09-30 17:29:34	\N	ed83164c-e39a-4e2d-8c38-b5b01ef90ae5	03cb1d57-4b26-424f-8898-243318ace483
7d5f82b3-eb31-4b62-9fdc-a1347d3738e0	e87dd5dd-797e-4e32-a3ea-847569161082	Episodenya	03cb1d57-4b26-424f-8898-243318ace483	\N	2025-09-30 17:29:38	2025-09-30 17:29:38	\N	b0336efc-3d69-409a-8560-866a0aac083d	2ffe9be6-0405-4323-a69b-9d64138e0133
db5f1ebe-9626-45d6-972a-36df8384e7f6	deb804c2-aa80-4de3-bac5-0307e6fe95cc	Mantap	03cb1d57-4b26-424f-8898-243318ace483	\N	2025-09-30 19:04:15	2025-09-30 19:04:15	\N	\N	\N
38f4ea18-7d06-40f7-830d-0beb734ae119	86f8bf9c-d773-4b9e-84a9-e6f1e6975eae	cek	5f7ff936-e782-417d-b424-4fe25e89367d	\N	2025-10-08 10:30:31	2025-10-08 10:30:31	\N	\N	\N
59484637-b919-4358-b0e8-188805bd341f	f8c7496f-753b-4755-a53d-c5c96dd49a8a	Test	03cb1d57-4b26-424f-8898-243318ace483	\N	2025-10-09 11:33:33	2025-10-09 11:33:33	\N	\N	\N
ec547fa3-4405-4e87-b12f-f4700e205c32	f8c7496f-753b-4755-a53d-c5c96dd49a8a	Gggg	03cb1d57-4b26-424f-8898-243318ace483	\N	2025-10-09 11:34:23	2025-10-09 11:34:23	\N	\N	\N
26a70095-32df-4a9b-abbd-b69bac8797b2	f8c7496f-753b-4755-a53d-c5c96dd49a8a	Test	03cb1d57-4b26-424f-8898-243318ace483	\N	2025-10-09 11:34:43	2025-10-09 11:34:43	\N	\N	\N
61771377-bc3a-4c98-ac56-685da34ebcda	1a896818-c2a0-4f0e-9512-b82f74a2db80	#pura #bali	9d9fb605-93e4-42e1-99da-eb80d28033fa	\N	2025-10-09 12:17:27	2025-10-09 12:17:27	\N	\N	\N
31c0a91c-eee7-4e93-9325-60d71b08b632	4be2199f-3626-4ae0-8843-0a71a511e1ac	cek	03cb1d57-4b26-424f-8898-243318ace483	\N	2025-10-09 16:41:04	2025-10-09 16:41:04	\N	\N	\N
e3cb7962-a3a0-4a0d-ac20-83cf65e9b064	3fe1c081-b1a0-4894-b015-8b9ce3728e3e	Tes	03cb1d57-4b26-424f-8898-243318ace483	\N	2025-10-09 16:49:08	2025-10-09 16:49:08	\N	\N	\N
df4a5aaf-b716-4848-9a4c-fe43d0512371	1a896818-c2a0-4f0e-9512-b82f74a2db80	Mantap	03cb1d57-4b26-424f-8898-243318ace483	\N	2025-10-09 17:29:35	2025-10-09 17:29:35	\N	61771377-bc3a-4c98-ac56-685da34ebcda	9d9fb605-93e4-42e1-99da-eb80d28033fa
533be8c2-f36d-4a7e-8dd9-045a52447b37	3460cd48-8f94-430d-a987-efa9e4303d4c	Ceks	08c3a9a4-19a9-4e7d-bd48-c155c2c4dcd2	\N	2025-10-13 14:19:49	2025-10-13 14:19:49	\N	\N	\N
9521fbb1-1602-461b-8d72-f2b4924a7444	3460cd48-8f94-430d-a987-efa9e4303d4c	Hi	08c3a9a4-19a9-4e7d-bd48-c155c2c4dcd2	\N	2025-10-13 14:20:03	2025-10-13 14:20:03	\N	533be8c2-f36d-4a7e-8dd9-045a52447b37	08c3a9a4-19a9-4e7d-bd48-c155c2c4dcd2
de4040b9-f38e-41ba-97a8-82aed3903fe5	d97fd973-7ad2-490f-aa09-a33e9b7277b1	Cek	03cb1d57-4b26-424f-8898-243318ace483	\N	2025-10-16 14:57:54	2025-10-16 14:57:54	\N	\N	\N
40031eaa-0d22-4bff-87f3-ab4673bae88e	4020e634-ccce-449d-a812-d8e2e0cf563b	test	03cb1d57-4b26-424f-8898-243318ace483	\N	2025-10-20 11:42:33	2025-10-20 11:42:33	\N	\N	\N
f2342a03-cd19-4bdf-941b-4db2a935bb63	d491c42f-cb84-4ffd-a8ee-d1dcfbe2e6f3	cek	fd542a0d-4e23-467e-85de-d20812a9b62b	\N	2025-10-23 10:35:15	2025-10-23 10:35:15	\N	\N	\N
fc620089-ea18-4ab3-b0f9-ebd1e8571d0a	ff3bde54-b495-42ce-8121-f64ba3363ef3	cek	fd542a0d-4e23-467e-85de-d20812a9b62b	\N	2025-10-23 10:41:23	2025-10-23 10:41:23	\N	\N	\N
78454b62-d676-4f0a-bd56-eec31b7563e2	ff3bde54-b495-42ce-8121-f64ba3363ef3	Test	e579c274-da8e-4011-9f0d-ef4b3cc26004	\N	2025-12-01 17:11:32	2025-12-01 17:11:32	\N	fc620089-ea18-4ab3-b0f9-ebd1e8571d0a	fd542a0d-4e23-467e-85de-d20812a9b62b
c65cc9e3-7ae4-4b57-b2e6-c735e4769659	fc269b72-13c7-4082-ae92-5774f0535e1b	semangat	03cb1d57-4b26-424f-8898-243318ace483	\N	2025-12-09 10:56:51	2025-12-09 10:56:51	\N	\N	\N
cc64a78c-1f82-40a7-92de-aaaaacbba948	3ed0fb59-ca33-4824-bd76-867edcd190e2	oke	03cb1d57-4b26-424f-8898-243318ace483	\N	2025-12-09 11:03:43	2025-12-09 11:03:43	\N	\N	\N
\.


--
-- Data for Name: feed_file; Type: TABLE DATA; Schema: public; Owner: -
--

COPY public.feed_file (id, id_feed, path, name, type, orientation, ext, size, created_by, updated_by, created_at, updated_at, thumbnail) FROM stdin;
96a3082f-d1da-471b-9dff-b43b9b760002	bf9005f0-3328-4e74-baf5-2a8edcae8ad3	feed/file-20241021090740-TkAv2Yk7rF.mp4	file-20241021090740-TkAv2Yk7rF.mp4	video	S	mp4	1594777	e579c274-da8e-4011-9f0d-ef4b3cc26004	\N	2024-10-21 09:08:00	2024-10-21 09:08:00	\N
8315b77d-21a5-4d45-bbdd-1e772933a919	35dfc4be-eacd-4076-a227-a2af8f4b5212	feed/file-20241105134541-rrvaa0q1ru.mp4	file-20241105134541-rrvaa0q1ru.mp4	video	S	mp4	1603020	03cb1d57-4b26-424f-8898-243318ace483	\N	2024-11-05 13:45:57	2024-11-05 13:45:57	\N
a96f1bbc-7103-4312-b6fd-ea6a1d0944e0	68bf6de0-417a-4d45-a560-00780a30f414	feed/encoded_1730857723_672acafbb3c9b.mp4	1730857723_672acafbb3c9b.mp4	video	S	mp4	1460292	03cb1d57-4b26-424f-8898-243318ace483	\N	2024-11-06 08:48:53	2024-11-06 08:48:53	\N
0b231e8e-34ee-49c3-b83a-fe61ebcc8542	1818603d-0ab2-4ba5-9a3c-08bfe8085c10	feed/file-20241106090907-42gawWMbsR.mp4	file-20241106090907-42gawWMbsR.mp4	video	S	mp4	1603020	03cb1d57-4b26-424f-8898-243318ace483	\N	2024-11-06 09:09:28	2024-11-06 09:09:28	\N
2f1c94cc-505f-4a34-b1c9-1cb488350a99	48705e16-4ad7-4732-9cf0-28b1bce73e47	feed/file-20241106091111-GnddV6r9SC.mp4	file-20241106091111-GnddV6r9SC.mp4	video	S	mp4	1603020	eeac703a-6d23-406b-bb47-9843353fda32	\N	2024-11-06 09:11:27	2024-11-06 09:11:27	\N
4d0e1c5c-43e4-48fa-90ef-8cd21edbc293	48705e16-4ad7-4732-9cf0-28b1bce73e47	feed/file-20241106091111-4upxKwAQZj.mp4	file-20241106091111-4upxKwAQZj.mp4	video	S	mp4	1603020	eeac703a-6d23-406b-bb47-9843353fda32	\N	2024-11-06 09:11:43	2024-11-06 09:11:43	\N
da96bd26-0315-43da-ad00-eb8c1f17892d	48705e16-4ad7-4732-9cf0-28b1bce73e47	feed/file-20241106091111-pS14zDNtEo.mp4	file-20241106091111-pS14zDNtEo.mp4	video	S	mp4	28635316	eeac703a-6d23-406b-bb47-9843353fda32	\N	2024-11-06 09:12:23	2024-11-06 09:12:23	\N
9fefd3fd-0718-46d2-863a-9d4caaf789ac	40461b59-44cc-42a5-b70e-6748c762a245	feed/file-20241106091334-G1kjCyWj4j.png	file-20241106091334-G1kjCyWj4j.png	image	S	png	275596	eeac703a-6d23-406b-bb47-9843353fda32	\N	2024-11-06 09:13:34	2024-11-06 09:13:34	\N
3a7e3bc4-7ec3-4f7f-8c94-0faf99a4a5c0	aeaae8be-24dc-4f7d-b79d-efceced1ff1b	feed/file-20241106091434-K1y2bdeyab.jpg	file-20241106091434-K1y2bdeyab.jpg	image	S	jpg	110071	03cb1d57-4b26-424f-8898-243318ace483	\N	2024-11-06 09:14:34	2024-11-06 09:14:34	\N
3305603e-5d09-4f9d-8fac-efb658254d10	dd189c17-9fac-4c9b-8123-4035c37d78a4	feed/file-20241106091508-zqHSSdnau3.jpg	file-20241106091508-zqHSSdnau3.jpg	image	S	jpg	110071	5aa74c0f-7d6e-43a6-b361-3b7b5e41295b	\N	2024-11-06 09:15:08	2024-11-06 09:15:08	\N
0be2f941-5e64-4bae-84b6-9334bd6b87cd	72da386c-b0ad-43ff-bdbb-a0f1941857a5	feed/file-20241106091635-9vA0iuuVie.jpg	file-20241106091635-9vA0iuuVie.jpg	image	S	jpg	110071	03eeae77-d85d-4cab-8e58-978f0b1b6e6f	\N	2024-11-06 09:16:35	2024-11-06 09:16:35	\N
62aa2844-e6d9-43dc-9ae2-232d39b1e69d	93e8364e-01ee-49a4-8720-6b125f8cdcb8	feed/file-20241106091710-YQQV9hoDOD.jpg	file-20241106091710-YQQV9hoDOD.jpg	image	S	jpg	110071	5aa74c0f-7d6e-43a6-b361-3b7b5e41295b	\N	2024-11-06 09:17:10	2024-11-06 09:17:10	\N
284d4e8d-66ef-41a1-9762-2d5af58daf4e	cc606008-8fe0-4a63-aa36-20dd597a1b20	feed/file-20241106091740-WCo2Hd4RaC.jpg	file-20241106091740-WCo2Hd4RaC.jpg	image	S	jpg	110071	5aa74c0f-7d6e-43a6-b361-3b7b5e41295b	\N	2024-11-06 09:17:40	2024-11-06 09:17:40	\N
33c32faa-b576-4101-adb6-ee381d121142	6bec4317-43f5-42da-826f-99d540bac251	feed/file-20241106091801-T1N9e4e6bj.jpg	file-20241106091801-T1N9e4e6bj.jpg	image	S	jpg	82393	5aa74c0f-7d6e-43a6-b361-3b7b5e41295b	\N	2024-11-06 09:18:01	2024-11-06 09:18:01	\N
77d3c633-0423-44cc-b5b7-d3a676318d30	90cbc3c0-f002-4c44-83c4-18ff424038c0	feed/file-20241106092503-DCs5w4KXf1.jpg	file-20241106092503-DCs5w4KXf1.jpg	image	S	jpg	110071	895d515f-28f9-4024-a739-5edaa0138eb5	\N	2024-11-06 09:25:03	2024-11-06 09:25:03	\N
facc4b36-7c06-4d49-afc6-1b6614250796	cdfcdb19-99bf-424e-91fb-707a1047f502	feed/file-20241106092532-YgtlmlkJRx.png	file-20241106092532-YgtlmlkJRx.png	image	S	png	275596	895d515f-28f9-4024-a739-5edaa0138eb5	\N	2024-11-06 09:25:32	2024-11-06 09:25:32	\N
cd166b8c-2998-4612-b4d9-07d2be540006	073831a1-17e3-4e64-8c0a-33efe0480728	feed/file-20241106092642-O5lneOuC5E.jpg	file-20241106092642-O5lneOuC5E.jpg	image	S	jpg	110071	895d515f-28f9-4024-a739-5edaa0138eb5	\N	2024-11-06 09:26:42	2024-11-06 09:26:42	\N
8ece77c8-e7a9-4ec7-8142-7dc8c5cf2ebf	a0cb3e5e-0900-40ed-a93c-88a239a15b27	feed/file-20241106093026-8ccQLrTLk9.jpg	file-20241106093026-8ccQLrTLk9.jpg	image	S	jpg	110071	03cb1d57-4b26-424f-8898-243318ace483	\N	2024-11-06 09:30:26	2024-11-06 09:30:26	\N
bbdf8e25-cbb6-4877-acf2-3e35481fb52e	d73ff0f5-17e5-4f69-b4ba-9cd88de2ef2a	feed/file-20241106093132-hLadVtmoau.jpg	file-20241106093132-hLadVtmoau.jpg	image	S	jpg	110071	895d515f-28f9-4024-a739-5edaa0138eb5	\N	2024-11-06 09:31:32	2024-11-06 09:31:32	\N
5cd5a861-5c69-4d09-b52b-ac4481b01c53	1c53273c-dcc5-483a-bea4-1bf312c12011	feed/file-20241106093200-PIPdg8K3Ok.jpg	file-20241106093200-PIPdg8K3Ok.jpg	image	S	jpg	82393	03cb1d57-4b26-424f-8898-243318ace483	\N	2024-11-06 09:32:00	2024-11-06 09:32:00	\N
96d06f73-a0c4-49f5-b8da-c29cc50d4273	47b51ccd-560e-4cb7-8773-d8b83fe0afe0	feed/file-20241106175512-V13NHKILEq.jpg	file-20241106175512-V13NHKILEq.jpg	image	S	jpg	82393	03cb1d57-4b26-424f-8898-243318ace483	\N	2024-11-06 17:55:12	2024-11-06 17:55:12	\N
f68b3835-91ba-429f-b559-0005672c36db	5dc5bd25-c8ea-4e45-a309-910e8bcd036b	feed/file-20241106175559-DA1tw43lba.jpg	file-20241106175559-DA1tw43lba.jpg	image	S	jpg	82393	03cb1d57-4b26-424f-8898-243318ace483	\N	2024-11-06 17:55:59	2024-11-06 17:55:59	\N
5f1306c0-2262-4aca-b012-d247dccb6669	052e6d71-cbd0-4d61-9166-831d0c94a0ba	feed/file-20241106175633-Bx5jyAhxbd.mp4	file-20241106175633-Bx5jyAhxbd.mp4	video	S	mp4	115617	03cb1d57-4b26-424f-8898-243318ace483	\N	2024-11-06 17:56:37	2024-11-06 17:56:37	\N
4aca650c-5b65-41e1-883c-2c746981399f	a0b49790-83dd-4221-84d3-6fe58b43ebe6	feed/file-20241106175710-fn7wn8XhR6.jpg	file-20241106175710-fn7wn8XhR6.jpg	image	S	jpg	82393	03cb1d57-4b26-424f-8898-243318ace483	\N	2024-11-06 17:57:10	2024-11-06 17:57:10	\N
ee2032a8-48bd-4d1b-9ba5-64355b6eabdb	31b9fcbb-f987-4f60-9ab1-acca3ca63372	feed/file-20241115101617-njgm2vyNsF.jpg	file-20241115101617-njgm2vyNsF.jpg	image	S	jpg	82393	2ffe9be6-0405-4323-a69b-9d64138e0133	\N	2024-11-15 10:16:17	2024-11-15 10:16:17	\N
23a99616-f3d5-4cb9-80fa-f2139a6f54fa	bf5d96d8-021c-43f6-a1b4-79f6085eb357	feed/file-20241118090006-IN8N2tLi7x.jpeg	file-20241118090006-IN8N2tLi7x.jpeg	image	S	jpeg	27006	d43f1911-3908-4ac2-adbb-b5a1b8bdd63c	\N	2024-11-18 09:00:06	2024-11-18 09:00:06	\N
66dd751e-4718-44ce-abdc-c70b99f55407	40191dd8-b600-4688-a14a-fcbdc149fc02	feed/1733298044_6750077ceb3af.webp	1733298044_6750077ceb3af.webp	image	P	webp	25946	e579c274-da8e-4011-9f0d-ef4b3cc26004	\N	2024-12-04 14:40:45	2024-12-04 14:40:45	\N
12ed7632-be82-4721-9bc0-19aeac9a5e4b	40191dd8-b600-4688-a14a-fcbdc149fc02	feed/1733298045_6750077d3a1a8.jpeg	1733298045_6750077d3a1a8.jpeg	image	P	jpeg	3685418	e579c274-da8e-4011-9f0d-ef4b3cc26004	\N	2024-12-04 14:40:46	2024-12-04 14:40:46	\N
dad92f8f-418a-45ae-872b-0c2dd0e9f040	40191dd8-b600-4688-a14a-fcbdc149fc02	feed/1733298046_6750077e5a374.jpeg	1733298046_6750077e5a374.jpeg	image	P	jpeg	1346621	e579c274-da8e-4011-9f0d-ef4b3cc26004	\N	2024-12-04 14:40:46	2024-12-04 14:40:46	\N
cba2792a-70be-4158-b7cf-e02c54a149a1	5079cbee-e4fd-467f-8f89-2746d0e31e4b	feed/encoded_1733299458_67500d0214851.mp4	1733299458_67500d0214851.mp4	video	S	mp4	7490356	e579c274-da8e-4011-9f0d-ef4b3cc26004	\N	2024-12-04 15:04:40	2024-12-04 15:04:40	\N
a79810a9-39c9-4d81-acc4-028539e58529	b67783ee-3e31-4e46-a7ad-adbc118c0a24	feed/1733364499_67510b13ebdb4.jpeg	1733364499_67510b13ebdb4.jpeg	image	S	jpeg	118230	5aa74c0f-7d6e-43a6-b361-3b7b5e41295b	\N	2024-12-05 09:08:20	2024-12-05 09:08:20	\N
b1a5076f-03e3-448c-9207-06e5ca066b0a	d18b66fe-038d-4cb1-ad3b-abfc0137a335	feed/encoded_1733364654_67510baef351b.mp4	1733364654_67510baef351b.mp4	video	S	mp4	18671310	5aa74c0f-7d6e-43a6-b361-3b7b5e41295b	\N	2024-12-05 09:11:17	2024-12-05 09:11:17	\N
2dff4a60-4274-41cb-8bd3-7dac7c4330b8	dd1abd8e-25f0-436f-b673-f953d26c177b	feed/file-20241205091549-PQVCyIqDFz.png	file-20241205091549-PQVCyIqDFz.png	image	S	png	9812	8e8e951c-27b7-4c9b-aa04-8ab38f24af4d	\N	2024-12-05 09:15:49	2024-12-05 09:15:49	\N
6a520b4c-bbd7-48da-8f97-72606fd757e0	dd1abd8e-25f0-436f-b673-f953d26c177b	feed/file-20241205091549-VB2V8Zm8Yg.png	file-20241205091549-VB2V8Zm8Yg.png	image	S	png	9812	8e8e951c-27b7-4c9b-aa04-8ab38f24af4d	\N	2024-12-05 09:15:49	2024-12-05 09:15:49	\N
208c311a-5916-4acc-b897-1189161a49f0	03feade0-1ceb-4e49-8b1c-7ae83dd92072	feed/file-20241205091714-Mdh60KerUT.mp4	file-20241205091714-Mdh60KerUT.mp4	video	S	mp4	800835	8e8e951c-27b7-4c9b-aa04-8ab38f24af4d	\N	2024-12-05 09:17:26	2024-12-05 09:17:26	\N
3ff938c7-d9bb-4f59-af1c-73279395959c	b1d0841a-542c-4dc6-9d96-44badb083655	feed/file-20241205091801-0Q84Iviu6f.jpg	file-20241205091801-0Q84Iviu6f.jpg	image	S	jpg	82393	8e8e951c-27b7-4c9b-aa04-8ab38f24af4d	\N	2024-12-05 09:18:02	2024-12-05 09:18:02	\N
619c15eb-337c-43b1-b937-727b8665c996	da0b6732-9b00-4ab0-a75e-93d2d1c0740b	feed/file-20241205091934-VY0zbk67l7.jpg	file-20241205091934-VY0zbk67l7.jpg	image	S	jpg	82393	8e8e951c-27b7-4c9b-aa04-8ab38f24af4d	\N	2024-12-05 09:19:34	2024-12-05 09:19:34	\N
6d0f5f97-d613-458d-977b-d598e53dc8f9	f0a285bd-bf91-4b35-b197-2db8df46bf5d	feed/1734508324_67627f243d761.jpeg	1734508324_67627f243d761.jpeg	image	S	jpeg	118230	ab4d4a2a-2a4c-4cee-9142-dc1f4e0d85b3	\N	2024-12-18 14:52:04	2024-12-18 14:52:04	\N
dc1966bd-fe53-469e-b99e-ffdaac9f4285	4abe1714-0984-419e-8055-2e886e5232b2	feed/file-20250123134218-wOIsVknKAk.jpg	file-20250123134218-wOIsVknKAk.jpg	image	S	jpg	82393	b5c7fdea-d5ca-437f-9f08-7d46d103710d	\N	2025-01-23 13:42:18	2025-01-23 13:42:18	\N
0de0dbb7-8b42-404a-8de1-960ce2fd669f	7cbf5ce2-abc4-4453-b42c-b84154432f83	feed/file-20250130134110-t6p6VKgb72.jpg	file-20250130134110-t6p6VKgb72.jpg	image	S	jpg	32002	b5c7fdea-d5ca-437f-9f08-7d46d103710d	\N	2025-01-30 13:41:10	2025-01-30 13:41:10	\N
2d7ea691-1e7d-484b-a627-f66c3a8aa547	c7d619f6-9238-4031-afb5-31e224f7fd44	feed/file-20250219163337-tVqbFp0Umt.jpg	file-20250219163337-tVqbFp0Umt.jpg	image	S	jpg	62987	8ad25947-0f5a-4834-ab87-939cde63253a	\N	2025-02-19 16:33:37	2025-02-19 16:33:37	\N
21cda45d-4055-45d5-bf62-4005d865d070	c7d619f6-9238-4031-afb5-31e224f7fd44	feed/file-20250219163337-jFBQtU2sXc.jpeg	file-20250219163337-jFBQtU2sXc.jpeg	image	S	jpeg	266458	8ad25947-0f5a-4834-ab87-939cde63253a	\N	2025-02-19 16:33:37	2025-02-19 16:33:37	\N
c42e0905-0693-4529-a724-e16675a47246	a02ab416-26a3-4849-86a9-bdcb8353c077	feed/1740037080_67b6dbd8b0ff5.jpeg	1740037080_67b6dbd8b0ff5.jpeg	image	S	jpeg	118230	8e8e951c-27b7-4c9b-aa04-8ab38f24af4d	\N	2025-02-20 14:38:01	2025-02-20 14:38:01	\N
c20ba08e-9ab4-4f93-8c5e-a8ac44fd185c	94da1eda-1957-40a7-a578-ae765374b015	feed/file-20250303110733-KOYLasx4w1.mp4	file-20250303110733-KOYLasx4w1.mp4	video	S	mp4	778471	05db621f-1cef-40b3-b113-091af477ac56	\N	2025-03-03 11:07:43	2025-03-03 11:07:43	\N
cd156bc1-4414-4194-8e08-ef4b11b9c936	21ca59f1-f9fb-4016-b8ec-966349d1d80b	feed/file-20250306141211-vYZj3ZwgBH.jpg	file-20250306141211-vYZj3ZwgBH.jpg	image	S	jpg	40999	03cb1d57-4b26-424f-8898-243318ace483	\N	2025-03-06 14:12:11	2025-03-06 14:12:11	\N
cc0a838d-0e27-4236-a388-a2e79b4f54ad	4c1f6cc9-3e7b-472f-8f25-eab6abf7492a	feed/file-20250306160529-HcVOe4n8K9.jpg	file-20250306160529-HcVOe4n8K9.jpg	image	S	jpg	40999	72d92d83-8790-4947-9c74-2fb113f06a11	\N	2025-03-06 16:05:29	2025-03-06 16:05:29	\N
a353a1fa-1c9e-4ce3-afb1-bfc8aa3920c0	cfa87ea5-8e32-4ed6-9e34-02ff8b575eda	feed/file-20250307100537-jLStJZ0pRX.jpg	file-20250307100537-jLStJZ0pRX.jpg	image	S	jpg	40999	08c3a9a4-19a9-4e7d-bd48-c155c2c4dcd2	\N	2025-03-07 10:05:37	2025-03-07 10:05:37	\N
b8e7e726-b24d-42d9-964f-eaefabc025e0	9295a13b-4276-4ffc-8b1c-68321c43f461	feed/1741317483_67ca656b16181.jpeg	1741317483_67ca656b16181.jpeg	image	S	jpeg	118230	8e8e951c-27b7-4c9b-aa04-8ab38f24af4d	\N	2025-03-07 10:18:03	2025-03-07 10:18:03	\N
36834967-80dd-4d99-a770-1f4ec66e5a02	46ad993f-c086-42b9-bcac-01aa55be080d	feed/file-20250325054405-eocntCWUav.jpeg	file-20250325054405-eocntCWUav.jpeg	image	S	jpeg	266445	825dc883-1827-489a-8ad3-f136f559a520	\N	2025-03-25 05:44:05	2025-03-25 05:44:05	\N
eac375dc-4142-498f-971f-2fe351484e18	334e9b40-2a38-4052-a988-80a32c4dd83e	feed/file-20250616154613-Ea2u0EQkrn.jpg	file-20250616154613-Ea2u0EQkrn.jpg	image	S	jpg	1538785	03cb1d57-4b26-424f-8898-243318ace483	\N	2025-06-16 15:46:13	2025-06-16 15:46:13	\N
ad73b364-f1b1-4599-aa61-a980c0960718	8691011e-b107-4da2-b8d4-541b3968eae2	feed/file-20250616154640-EUpE8STmOT.jpg	file-20250616154640-EUpE8STmOT.jpg	image	S	jpg	152654	03cb1d57-4b26-424f-8898-243318ace483	\N	2025-06-16 15:46:40	2025-06-16 15:46:40	\N
f132ac26-527d-4422-8258-e95e0ae01d61	502860d7-0a3f-473a-8b60-436b8e1e063d	feed/file-20250617113948-VW9MM25v48.jpg	file-20250617113948-VW9MM25v48.jpg	image	S	jpg	3233018	03cb1d57-4b26-424f-8898-243318ace483	\N	2025-06-17 11:39:48	2025-06-17 11:39:48	\N
7dbb6117-90e3-497d-85bf-ff2c110646ac	502860d7-0a3f-473a-8b60-436b8e1e063d	feed/file-20250617113948-QNj1yFjNmi.jpg	file-20250617113948-QNj1yFjNmi.jpg	image	S	jpg	3196700	03cb1d57-4b26-424f-8898-243318ace483	\N	2025-06-17 11:39:48	2025-06-17 11:39:48	\N
145b5c53-9c1e-4a99-967b-5a0ac4083499	476af7f0-5e97-4182-a626-d5a2f7c2f8a9	feed/file-20250618152613-bNRDHDwnf4.jpg	file-20250618152613-bNRDHDwnf4.jpg	image	S	jpg	5871	03cb1d57-4b26-424f-8898-243318ace483	\N	2025-06-18 15:26:13	2025-06-18 15:26:13	\N
02597dc3-41f6-41b4-b0d4-956a7ba98dd8	476af7f0-5e97-4182-a626-d5a2f7c2f8a9	feed/file-20250618152613-aZmRhLQDVp.jpg	file-20250618152613-aZmRhLQDVp.jpg	image	S	jpg	34536	03cb1d57-4b26-424f-8898-243318ace483	\N	2025-06-18 15:26:13	2025-06-18 15:26:13	\N
327d3598-cff0-4752-8133-05265c12b092	476af7f0-5e97-4182-a626-d5a2f7c2f8a9	feed/file-20250618152613-UaLWX3Floe.jpg	file-20250618152613-UaLWX3Floe.jpg	image	S	jpg	23734	03cb1d57-4b26-424f-8898-243318ace483	\N	2025-06-18 15:26:13	2025-06-18 15:26:13	\N
a36ed12b-34c8-48f7-ba1a-6f496f2ca207	476af7f0-5e97-4182-a626-d5a2f7c2f8a9	feed/file-20250618152613-o6j5fxlGuv.jpg	file-20250618152613-o6j5fxlGuv.jpg	image	S	jpg	9750	03cb1d57-4b26-424f-8898-243318ace483	\N	2025-06-18 15:26:13	2025-06-18 15:26:13	\N
76d46911-5830-44d4-ab66-bcb825bc38da	476af7f0-5e97-4182-a626-d5a2f7c2f8a9	feed/file-20250618152613-ZicLe3q8Zh.png	file-20250618152613-ZicLe3q8Zh.png	image	S	png	24727	03cb1d57-4b26-424f-8898-243318ace483	\N	2025-06-18 15:26:13	2025-06-18 15:26:13	\N
55078505-b90d-4efa-a479-3db37f0ce3b5	476af7f0-5e97-4182-a626-d5a2f7c2f8a9	feed/file-20250618152613-bym40FfuaS.png	file-20250618152613-bym40FfuaS.png	image	S	png	22126	03cb1d57-4b26-424f-8898-243318ace483	\N	2025-06-18 15:26:13	2025-06-18 15:26:13	\N
02afbbf1-6129-42ea-863b-55396c83a2e4	476af7f0-5e97-4182-a626-d5a2f7c2f8a9	feed/file-20250618152613-5lCPbzqq8V.jpg	file-20250618152613-5lCPbzqq8V.jpg	image	S	jpg	152654	03cb1d57-4b26-424f-8898-243318ace483	\N	2025-06-18 15:26:13	2025-06-18 15:26:13	\N
1e771140-ad51-41da-8661-c2bc73edc385	476af7f0-5e97-4182-a626-d5a2f7c2f8a9	feed/file-20250618152613-Ai6Jj8LBJY.png	file-20250618152613-Ai6Jj8LBJY.png	image	S	png	66708	03cb1d57-4b26-424f-8898-243318ace483	\N	2025-06-18 15:26:13	2025-06-18 15:26:13	\N
45057fe4-283f-4755-a47e-c75a6e935ea5	476af7f0-5e97-4182-a626-d5a2f7c2f8a9	feed/file-20250618152613-6030r00f79.jpg	file-20250618152613-6030r00f79.jpg	image	S	jpg	83878	03cb1d57-4b26-424f-8898-243318ace483	\N	2025-06-18 15:26:13	2025-06-18 15:26:13	\N
a62a548b-c6d7-49c5-b0d0-2e6bdf62834c	476af7f0-5e97-4182-a626-d5a2f7c2f8a9	feed/file-20250618152613-OOqKTAbpgb.png	file-20250618152613-OOqKTAbpgb.png	image	S	png	66215	03cb1d57-4b26-424f-8898-243318ace483	\N	2025-06-18 15:26:13	2025-06-18 15:26:13	\N
7fd9da9f-8645-4020-9ea2-258dc2fa3904	476af7f0-5e97-4182-a626-d5a2f7c2f8a9	feed/file-20250618152613-PlHfZLx7up.png	file-20250618152613-PlHfZLx7up.png	image	S	png	36508	03cb1d57-4b26-424f-8898-243318ace483	\N	2025-06-18 15:26:13	2025-06-18 15:26:13	\N
8d5488bd-9f24-44a2-a754-913b1b7df2d8	476af7f0-5e97-4182-a626-d5a2f7c2f8a9	feed/file-20250618152613-zmhGalrpyO.png	file-20250618152613-zmhGalrpyO.png	image	S	png	861676	03cb1d57-4b26-424f-8898-243318ace483	\N	2025-06-18 15:26:13	2025-06-18 15:26:13	\N
637f36ad-1a43-4bba-9e1c-8f74de9e9c6d	476af7f0-5e97-4182-a626-d5a2f7c2f8a9	feed/file-20250618152613-cObY10ifRu.jpg	file-20250618152613-cObY10ifRu.jpg	image	S	jpg	984123	03cb1d57-4b26-424f-8898-243318ace483	\N	2025-06-18 15:26:13	2025-06-18 15:26:13	\N
b867581c-19d4-4c04-a214-fbb333de83b5	de99d74b-e9c5-4c95-b40b-feaa7c0fb1cc	feed/file-20250619162645-eRO28jUxiK.jpg	file-20250619162645-eRO28jUxiK.jpg	image	S	jpg	3954597	03cb1d57-4b26-424f-8898-243318ace483	\N	2025-06-19 16:26:45	2025-06-19 16:26:45	\N
9e0dfd1b-1814-4eca-821f-2ce3427f54bd	de99d74b-e9c5-4c95-b40b-feaa7c0fb1cc	feed/file-20250619162645-0RUQhjSTeM.jpg	file-20250619162645-0RUQhjSTeM.jpg	image	S	jpg	6842794	03cb1d57-4b26-424f-8898-243318ace483	\N	2025-06-19 16:26:45	2025-06-19 16:26:45	\N
30fb32dc-48f5-4b71-bf4a-ba5cd14d8210	de99d74b-e9c5-4c95-b40b-feaa7c0fb1cc	feed/file-20250619162645-xhyhrgPhcw.jpg	file-20250619162645-xhyhrgPhcw.jpg	image	S	jpg	3628687	03cb1d57-4b26-424f-8898-243318ace483	\N	2025-06-19 16:26:45	2025-06-19 16:26:45	\N
90092d6a-9303-4a7c-9e2e-b6247604e8ca	de99d74b-e9c5-4c95-b40b-feaa7c0fb1cc	feed/file-20250619162645-sfuA3ys3lI.jpg	file-20250619162645-sfuA3ys3lI.jpg	image	S	jpg	2630810	03cb1d57-4b26-424f-8898-243318ace483	\N	2025-06-19 16:26:45	2025-06-19 16:26:45	\N
393e3209-0830-4ed9-8e8c-b2a4bff73a75	bba4cc93-b01f-4195-a98d-0ff7b95fb9a8	feed/file-20250619162826-xl35aRLj6w.jpg	file-20250619162826-xl35aRLj6w.jpg	image	S	jpg	10409794	03cb1d57-4b26-424f-8898-243318ace483	\N	2025-06-19 16:28:26	2025-06-19 16:28:26	\N
3d48e039-bf91-44b0-9706-2b92eef7c76b	bba4cc93-b01f-4195-a98d-0ff7b95fb9a8	feed/file-20250619162826-cfQ7BOYYdP.jpg	file-20250619162826-cfQ7BOYYdP.jpg	image	S	jpg	1453543	03cb1d57-4b26-424f-8898-243318ace483	\N	2025-06-19 16:28:26	2025-06-19 16:28:26	\N
b21a49cb-e42a-4163-b225-d50fe9c8803b	bba4cc93-b01f-4195-a98d-0ff7b95fb9a8	feed/file-20250619162826-J20irrzI4l.jpg	file-20250619162826-J20irrzI4l.jpg	image	S	jpg	1062512	03cb1d57-4b26-424f-8898-243318ace483	\N	2025-06-19 16:28:26	2025-06-19 16:28:26	\N
aa3a233e-2eed-466e-a743-c4b6b036d220	bba4cc93-b01f-4195-a98d-0ff7b95fb9a8	feed/file-20250619162826-XgQY28WlNS.jpg	file-20250619162826-XgQY28WlNS.jpg	image	S	jpg	1731986	03cb1d57-4b26-424f-8898-243318ace483	\N	2025-06-19 16:28:26	2025-06-19 16:28:26	\N
f19b7dd3-31cf-4516-900a-2b189b8d4a3d	ad5344f7-663c-4b58-a2b3-2bc181d17917	feed/file-20250630095711-pcvdYBCOeX.jpeg	file-20250630095711-pcvdYBCOeX.jpeg	image	S	jpeg	89841	03cb1d57-4b26-424f-8898-243318ace483	\N	2025-06-30 09:57:11	2025-06-30 09:57:11	\N
7cda316a-edbf-4df2-8b40-e99dec436365	be8c4e38-882e-4a73-9387-a6dfd5861c09	feed/file-20250710105719-51AFZZu20j.jpg	file-20250710105719-51AFZZu20j.jpg	image	S	jpg	10286	ab4d4a2a-2a4c-4cee-9142-dc1f4e0d85b3	\N	2025-07-10 10:57:19	2025-07-10 10:57:19	\N
1eb7f1ae-c20b-4bb6-91c8-990e981c4662	e4bdc5de-bdf9-41c8-817c-ac1a9bc4bceb	feed/file-20250723165000-xbjGnARQiC.png	file-20250723165000-xbjGnARQiC.png	image	S	png	209385	03cb1d57-4b26-424f-8898-243318ace483	\N	2025-07-23 16:50:00	2025-07-23 16:50:00	\N
c75a5e4d-c855-4f7b-bfa2-c98eac26b0c8	f2e756e8-38a2-4fa5-9b6f-52f4c0d0431c	feed/file-20250801142522-JQpIgCi6FK.jpg	file-20250801142522-JQpIgCi6FK.jpg	image	S	jpg	10286	46caaeb5-a409-418b-879c-113fe9b763ca	\N	2025-08-01 14:25:22	2025-08-01 14:25:22	\N
d1a6ea3b-4ff0-49f6-b8bb-584228f976f1	fe5bd850-1acf-4945-a706-141c54d642cd	feed/file-20250801143014-lCezk1sl3f.png	file-20250801143014-lCezk1sl3f.png	image	S	png	25459	46caaeb5-a409-418b-879c-113fe9b763ca	\N	2025-08-01 14:30:14	2025-08-01 14:30:14	\N
fab9eaf9-b56b-4da2-9688-0e817c10ed73	900eafcd-af14-49cf-b6d6-ac33a7aed534	feed/file-20250801144242-VhplyzB1rq.jpg	file-20250801144242-VhplyzB1rq.jpg	image	S	jpg	10286	8e8e951c-27b7-4c9b-aa04-8ab38f24af4d	\N	2025-08-01 14:42:42	2025-08-01 14:42:42	\N
53fabdd5-7318-4e54-a9b3-63a5b6039629	64630b35-b0db-45b7-8649-ce2708761423	feed/file-20250804172554-g4OnU5XnNO.mp4	file-20250804172554-g4OnU5XnNO.mp4	video	S	mp4	2107842	03cb1d57-4b26-424f-8898-243318ace483	\N	2025-08-04 17:26:06	2025-08-04 17:26:06	\N
26ab8f6a-c4ce-494a-918f-0fd9980ee89b	43286285-b161-41c0-8272-a51e55c87c8a	feed/file-20250805090757-1k7haJeHzl.mp4	file-20250805090757-1k7haJeHzl.mp4	video	S	mp4	11155712	03cb1d57-4b26-424f-8898-243318ace483	\N	2025-08-05 09:08:22	2025-08-05 09:08:22	\N
dd45af4c-2b00-44e8-b849-f37b4748de3c	3edb7216-14ed-4bc2-987b-ecc66d75045c	feed/file-20250811132624-MPBio4jIzk.mp4	file-20250811132624-MPBio4jIzk.mp4	video	S	mp4	11074843	03cb1d57-4b26-424f-8898-243318ace483	\N	2025-08-11 13:27:11	2025-08-11 13:27:11	\N
cca67935-0ec5-4fe7-bebe-f61324d0e83d	1753dfba-1407-4a60-a1a6-d4b1f8cf0a12	feed/file-20250811133152-14wUA8qgRI.mp4	file-20250811133152-14wUA8qgRI.mp4	video	S	mp4	2796319	03cb1d57-4b26-424f-8898-243318ace483	\N	2025-08-11 13:32:12	2025-08-11 13:32:12	\N
96afdce1-7c95-4ef2-b0ac-7a4994aed7d5	1d604ec5-a4a8-4728-8f6a-6561895d9dac	feed/file-20250811134044-tpihBvSUZa.mp4	file-20250811134044-tpihBvSUZa.mp4	video	S	mp4	6657553	03cb1d57-4b26-424f-8898-243318ace483	\N	2025-08-11 13:41:08	2025-08-11 13:41:08	\N
f987296d-0014-4de3-bb50-f253bf1862bd	cf59ac45-ac48-4b04-a905-f71bc154971e	feed/file-20250827132259-9Fnay7sEwU.jpeg	file-20250827132259-9Fnay7sEwU.jpeg	image	S	jpeg	89841	03cb1d57-4b26-424f-8898-243318ace483	\N	2025-08-27 13:22:59	2025-08-27 13:22:59	\N
70cb3c05-3d2b-47ed-8d29-097fb4549fba	cf59ac45-ac48-4b04-a905-f71bc154971e	feed/file-20250827132524-WofmWlyD4J.mp4	file-20250827132524-WofmWlyD4J.mp4	video	S	mp4	3651777	03cb1d57-4b26-424f-8898-243318ace483	\N	2025-08-27 13:25:49	2025-08-27 13:25:49	\N
870417dd-de9c-4491-ac69-e85d6896f659	e39b6f2a-6066-466f-8565-5344cb0f106b	feed/file-20250901163340-8QgoJduq9H.jpeg	file-20250901163340-8QgoJduq9H.jpeg	image	S	jpeg	47977	03cb1d57-4b26-424f-8898-243318ace483	\N	2025-09-01 16:33:40	2025-09-01 16:33:40	\N
5cb9ab61-3c4a-439c-91e1-acf8c7fa7373	e39b6f2a-6066-466f-8565-5344cb0f106b	feed/file-20250901163340-mbrRnDUlPE.mp4	file-20250901163340-mbrRnDUlPE.mp4	video	S	mp4	9254071	03cb1d57-4b26-424f-8898-243318ace483	\N	2025-09-01 16:34:23	2025-09-01 16:34:23	\N
c5fc8ad9-7c63-410c-a4f2-cfa9bbf531c1	cec15ed0-6125-437e-8734-a1b81c335e77	feed/file-20250902100450-4ADYsOVQ0c.png	file-20250902100450-4ADYsOVQ0c.png	image	S	png	405762	5f31d47f-af70-4ad6-97be-00bed999c058	\N	2025-09-02 10:04:50	2025-09-02 10:04:50	\N
80543ebf-ef59-4bda-833b-cc387efb2d85	d27fc0ae-ea14-4bed-a827-1b7bee42abbc	feed/file-20250902100609-CpQLicQJmx.mp4	file-20250902100609-CpQLicQJmx.mp4	video	S	mp4	983184	5f31d47f-af70-4ad6-97be-00bed999c058	\N	2025-09-02 10:06:20	2025-09-02 10:06:20	\N
4d21c155-2fac-457b-b21f-e69c3d5c80a1	9d96c471-14cd-4659-831c-d447d5154f7b	feed/file-20250918162133-lMJqf7SHcd.mp4	file-20250918162133-lMJqf7SHcd.mp4	video	S	mp4	2460205	03cb1d57-4b26-424f-8898-243318ace483	\N	2025-09-18 16:22:02	2025-09-18 16:22:02	\N
48b4640b-05f5-4190-ad70-f12f042c2c74	b1f932d0-aa81-4e96-95b7-8b543efa0b11	feed/file-20250918162434-78M60dHi21.mp4	file-20250918162434-78M60dHi21.mp4	video	S	mp4	2460205	03cb1d57-4b26-424f-8898-243318ace483	\N	2025-09-18 16:24:55	2025-09-18 16:24:55	\N
b8aba4f3-e218-4104-bb9a-56ace672b804	1a253970-cb44-476e-a8a6-c57e81f695a8	feed/file-20250918162919-ws7JWjqrHd.jpg	file-20250918162919-ws7JWjqrHd.jpg	image	S	jpg	9019	03cb1d57-4b26-424f-8898-243318ace483	\N	2025-09-18 16:29:19	2025-09-18 16:29:19	\N
5de3a561-d659-4120-86f5-ce3825d35c08	88c9e576-760c-454e-bd6d-c924bcbb5f3f	feed/file-20250918163009-2NMHm1I4hy.mp4	file-20250918163009-2NMHm1I4hy.mp4	video	S	mp4	2460205	03cb1d57-4b26-424f-8898-243318ace483	\N	2025-09-18 16:30:30	2025-09-18 16:30:30	\N
1d8ce13f-9f7f-472f-afd3-3992fe834915	88c9e576-760c-454e-bd6d-c924bcbb5f3f	feed/file-20250918163102-x5j50RXyK4.jpg	file-20250918163102-x5j50RXyK4.jpg	image	S	jpg	9019	03cb1d57-4b26-424f-8898-243318ace483	\N	2025-09-18 16:31:02	2025-09-18 16:31:02	\N
ecc78f57-7abf-4eec-b5be-d669c45f550b	dce8d1d2-937b-41e0-bfb3-0d6707f321e3	feed/file-20250918163247-7WTrkKCRUq.jpg	file-20250918163247-7WTrkKCRUq.jpg	image	S	jpg	9019	03cb1d57-4b26-424f-8898-243318ace483	\N	2025-09-18 16:32:47	2025-09-18 16:32:47	\N
44518189-0e57-4ebd-bab0-be4bcb768df9	72b2a35d-9f2d-4e65-a1a4-4596d58af52d	feed/file-20250918163311-1XlI4xZQCT.jpg	file-20250918163311-1XlI4xZQCT.jpg	image	S	jpg	9019	03cb1d57-4b26-424f-8898-243318ace483	\N	2025-09-18 16:33:11	2025-09-18 16:33:11	\N
6f25fea0-df1b-42ad-adaf-82d4a8c4ca99	c543ce50-d791-4144-91f3-e76762e92c73	feed/file-20250918163406-4SKFh16Aqd.mp4	file-20250918163406-4SKFh16Aqd.mp4	video	S	mp4	2460205	03cb1d57-4b26-424f-8898-243318ace483	\N	2025-09-18 16:34:26	2025-09-18 16:34:26	\N
d48e1060-934c-4b7e-b7b4-6e57186d3286	2a99d867-f796-4316-9fd5-7ed5ec6bc718	feed/file-20250918163457-0Ql2hN5fXE.jpg	file-20250918163457-0Ql2hN5fXE.jpg	image	S	jpg	9019	03cb1d57-4b26-424f-8898-243318ace483	\N	2025-09-18 16:34:57	2025-09-18 16:34:57	\N
efb13d99-8fe9-4e05-b0fa-5adc7f1de543	fb10d5e8-f559-4b3e-9dca-6bb91fc2b1a2	feed/file-20250918163524-3pb2OD88Lj.jpg	file-20250918163524-3pb2OD88Lj.jpg	image	S	jpg	9019	03cb1d57-4b26-424f-8898-243318ace483	\N	2025-09-18 16:35:24	2025-09-18 16:35:24	\N
948509e2-9049-4aef-a890-b78d448767e0	c55938bf-61d9-41d8-874f-91da1933bb99	feed/file-20250919091000-iALbOTeCPg.mp4	file-20250919091000-iALbOTeCPg.mp4	video	S	mp4	9254071	03cb1d57-4b26-424f-8898-243318ace483	\N	2025-09-19 09:10:43	2025-09-19 09:10:43	\N
d85307c0-805a-40a2-af2b-807fc79fd887	428ba90d-be68-404f-ba66-f8591bb168f7	feed/file-20250922103305-fyMOUGe2AK.mp4	file-20250922103305-fyMOUGe2AK.mp4	video	S	mp4	6021338	03cb1d57-4b26-424f-8898-243318ace483	\N	2025-09-22 10:33:32	2025-09-22 10:33:32	\N
f7ade5d2-1edb-4d89-a42e-502f4313cbd3	1f428dec-3824-4366-b20e-695f1159f8e1	feed/file-20250922103427-dmCovLQFnt.jpg	file-20250922103427-dmCovLQFnt.jpg	image	S	jpg	9019	03cb1d57-4b26-424f-8898-243318ace483	\N	2025-09-22 10:34:27	2025-09-22 10:34:27	\N
887e393e-c923-4d05-9e83-1bd9375f4574	4d0e4b59-b127-4f2e-b8e4-2ef95bf50afd	feed/file-20250922113448-K3z0km75TX.jpg	file-20250922113448-K3z0km75TX.jpg	image	S	jpg	61970	8fd3a110-cf4a-47ce-9444-5feef439b822	\N	2025-09-22 11:34:48	2025-09-22 11:34:48	\N
d8ba7ac1-2e5d-4f55-9494-54a62203e5eb	4d0e4b59-b127-4f2e-b8e4-2ef95bf50afd	feed/file-20250922113448-De5LDtCj8n.jpg	file-20250922113448-De5LDtCj8n.jpg	image	S	jpg	99362	8fd3a110-cf4a-47ce-9444-5feef439b822	\N	2025-09-22 11:34:48	2025-09-22 11:34:48	\N
5b976630-cc54-4be9-b841-6172f37fbb42	7d6ff939-49fc-44e6-92a9-975ab74edbcc	feed/file-20250922121656-8u9JlYQgho.jpg	file-20250922121656-8u9JlYQgho.jpg	image	S	jpg	67244	8fd3a110-cf4a-47ce-9444-5feef439b822	\N	2025-09-22 12:16:56	2025-09-22 12:16:56	\N
b3d0f39c-f929-41b6-a3d2-05a32cfbeaa1	7d6ff939-49fc-44e6-92a9-975ab74edbcc	feed/file-20250922121656-LeCrvAqjEq.jpg	file-20250922121656-LeCrvAqjEq.jpg	image	S	jpg	101322	8fd3a110-cf4a-47ce-9444-5feef439b822	\N	2025-09-22 12:16:56	2025-09-22 12:16:56	\N
eb94c50b-afa6-4701-99eb-1bdd48195ed0	7d6ff939-49fc-44e6-92a9-975ab74edbcc	feed/file-20250922121656-yg0JDYdtlm.jpg	file-20250922121656-yg0JDYdtlm.jpg	image	S	jpg	95613	8fd3a110-cf4a-47ce-9444-5feef439b822	\N	2025-09-22 12:16:56	2025-09-22 12:16:56	\N
3208451e-1e73-4c40-98a6-1561f0df5b62	7d6ff939-49fc-44e6-92a9-975ab74edbcc	feed/file-20250922121656-vkz2y0cZzD.jpg	file-20250922121656-vkz2y0cZzD.jpg	image	S	jpg	105182	8fd3a110-cf4a-47ce-9444-5feef439b822	\N	2025-09-22 12:16:56	2025-09-22 12:16:56	\N
e5e1f2a6-c52c-45bb-8539-a83f726bea8d	7d6ff939-49fc-44e6-92a9-975ab74edbcc	feed/file-20250922121656-anbXVwWnH3.jpg	file-20250922121656-anbXVwWnH3.jpg	image	S	jpg	112883	8fd3a110-cf4a-47ce-9444-5feef439b822	\N	2025-09-22 12:16:56	2025-09-22 12:16:56	\N
407f919d-6026-43f4-a405-4395339739f4	7d6ff939-49fc-44e6-92a9-975ab74edbcc	feed/file-20250922121656-2GXAIQQwAG.jpg	file-20250922121656-2GXAIQQwAG.jpg	image	S	jpg	82293	8fd3a110-cf4a-47ce-9444-5feef439b822	\N	2025-09-22 12:16:56	2025-09-22 12:16:56	\N
474dd915-edb9-4282-8028-de0e14de200d	7d6ff939-49fc-44e6-92a9-975ab74edbcc	feed/file-20250922121656-NdC0HYxY68.jpg	file-20250922121656-NdC0HYxY68.jpg	image	S	jpg	92835	8fd3a110-cf4a-47ce-9444-5feef439b822	\N	2025-09-22 12:16:56	2025-09-22 12:16:56	\N
7ab608ff-e213-48ab-b0f1-c6633218863c	9cf0d0c1-07c6-4371-91be-6e5936e8b8a1	feed/file-20250922144507-p47Z0ny5Gh.png	file-20250922144507-p47Z0ny5Gh.png	image	S	png	368184	03cb1d57-4b26-424f-8898-243318ace483	\N	2025-09-22 14:45:07	2025-09-22 14:45:07	\N
61814081-9903-4465-8a22-f0ec6126abc6	3ac4c4fe-d1bc-484e-b7bf-ee53da3e394a	feed/file-20250922150430-CBpRO9vaBu.webp	file-20250922150430-CBpRO9vaBu.webp	image	S	webp	96758	03cb1d57-4b26-424f-8898-243318ace483	\N	2025-09-22 15:04:30	2025-09-22 15:04:30	\N
1f741cc6-f4c7-4443-affb-95f6e143dac8	885777c1-be83-4947-a070-9a320824e24f	feed/file-20250923150600-B8XVqbjPw9.jpg	file-20250923150600-B8XVqbjPw9.jpg	image	S	jpg	8894	e3bf28d1-70f9-4452-8409-67caf7b5c945	\N	2025-09-23 15:06:00	2025-09-23 15:06:00	\N
8f571036-a084-4472-aaef-594e8ea4f76c	7dc1d338-a0d1-48c8-b769-b0a8b5bd9699	feed/file-20250923150714-WJmmX5mVVD.jpg	file-20250923150714-WJmmX5mVVD.jpg	image	S	jpg	2374	e3bf28d1-70f9-4452-8409-67caf7b5c945	\N	2025-09-23 15:07:14	2025-09-23 15:07:14	\N
943d02b9-bd77-4abf-8e7d-d23c20732890	b404611b-c36d-4219-a5d5-fa26e1357b59	feed/file-20250924160818-wJvDiBeozq.mp4	file-20250924160818-wJvDiBeozq.mp4	video	S	mp4	2071353	03cb1d57-4b26-424f-8898-243318ace483	\N	2025-09-24 16:08:42	2025-09-24 16:08:42	\N
9087d8ec-77bc-4ba5-a099-a7504f68039e	899fb582-357b-45c8-9c57-e6f4a740ac5a	feed/file-20250924162522-as6tmbKnOB.jpg	file-20250924162522-as6tmbKnOB.jpg	image	S	jpg	19850	72d92d83-8790-4947-9c74-2fb113f06a11	\N	2025-09-24 16:25:22	2025-09-24 16:25:22	\N
c13a0301-b9db-45a5-87b5-03a5f5eb77c2	19098286-d9d5-42b1-88ed-d1b9af8d802d	feed/file-20250924163032-KKNvsPhzOu.mp4	file-20250924163032-KKNvsPhzOu.mp4	video	S	mp4	2154521	72d92d83-8790-4947-9c74-2fb113f06a11	\N	2025-09-24 16:30:56	2025-09-24 16:30:56	\N
2ff8186f-446f-46a3-9ba3-faf9ebfaf53b	16eac3b0-61be-470e-9b34-edc4eb53293e	feed/file-20250924164134-hxSjD4uRqJ.mp4	file-20250924164134-hxSjD4uRqJ.mp4	video	S	mp4	5140771	5f7ff936-e782-417d-b424-4fe25e89367d	\N	2025-09-24 16:41:55	2025-09-24 16:41:55	\N
100b9571-b16f-4e5e-a32c-b2b24cfd1290	10af4a5f-4ca1-4f49-af3b-6d3f1a0fcc48	feed/file-20250924164646-K5JmCz05r2.mp4	file-20250924164646-K5JmCz05r2.mp4	video	S	mp4	5140771	03cb1d57-4b26-424f-8898-243318ace483	\N	2025-09-24 16:47:07	2025-09-24 16:47:07	\N
c635d8b1-d126-4dec-a926-a9f5eab8e56a	6b518d7f-bca8-45d9-801c-4a69e6987683	feed/file-20250924165918-U5Aw63Mhfx.mp4	file-20250924165918-U5Aw63Mhfx.mp4	video	S	mp4	5397620	03cb1d57-4b26-424f-8898-243318ace483	\N	2025-09-24 16:59:18	2025-09-24 16:59:18	\N
0bc82ef1-7060-4241-9bcf-6dfab3ab4a4d	6b518d7f-bca8-45d9-801c-4a69e6987683	feed/file-20250924165918-1VVw9C9yRF.mp4	file-20250924165918-1VVw9C9yRF.mp4	video	S	mp4	1280391	03cb1d57-4b26-424f-8898-243318ace483	\N	2025-09-24 16:59:18	2025-09-24 16:59:18	\N
18da214c-46dd-4bac-8c3a-dbfda7f3d48b	fca8f471-1f55-4387-b9a4-93b03ba50149	feed/file-20250924170717-Q4mit2uAWf.png	file-20250924170717-Q4mit2uAWf.png	image	S	png	13180	03cb1d57-4b26-424f-8898-243318ace483	\N	2025-09-24 17:07:17	2025-09-24 17:07:17	\N
aa1dc58c-9a38-4ca7-9421-db2f8992a3e7	fca8f471-1f55-4387-b9a4-93b03ba50149	feed/file-20250924170717-tRR6vYExrE.mp4	file-20250924170717-tRR6vYExrE.mp4	video	S	mp4	9254071	03cb1d57-4b26-424f-8898-243318ace483	\N	2025-09-24 17:08:01	2025-09-24 17:08:01	\N
1603eeea-8a54-4124-a374-1cf8e783ea12	349e541f-17ef-4d71-ab5a-5c038839e794	feed/file-20250925111234-zMgO5N4Bkm.jpeg	file-20250925111234-zMgO5N4Bkm.jpeg	image	P	jpeg	112802	8fd3a110-cf4a-47ce-9444-5feef439b822	\N	2025-09-25 11:12:34	2025-09-25 11:12:34	\N
05748aca-1f66-4098-ab1c-2f0c99c3aeb3	ba8b3287-db37-45c8-b1f9-283b3f643f35	feed/file-20250925133024-jCjuC6POOl.jpg	file-20250925133024-jCjuC6POOl.jpg	image	P	jpg	109176	03cb1d57-4b26-424f-8898-243318ace483	\N	2025-09-25 13:30:24	2025-09-25 13:30:24	\N
a5736949-635d-4c9d-813f-14a7faac3a79	ba8b3287-db37-45c8-b1f9-283b3f643f35	feed/file-20250925133024-xwx1k1VzjE.jpg	file-20250925133024-xwx1k1VzjE.jpg	image	P	jpg	109176	03cb1d57-4b26-424f-8898-243318ace483	\N	2025-09-25 13:30:25	2025-09-25 13:30:25	\N
75c6cf3f-cce1-413f-984e-48faf45fe214	ba8b3287-db37-45c8-b1f9-283b3f643f35	feed/file-20250925133024-t4RD0DyGsr.jpg	file-20250925133024-t4RD0DyGsr.jpg	image	P	jpg	101678	03cb1d57-4b26-424f-8898-243318ace483	\N	2025-09-25 13:30:25	2025-09-25 13:30:25	\N
3325c879-dffb-4369-be4b-bfd63937186e	ba8b3287-db37-45c8-b1f9-283b3f643f35	feed/file-20250925133024-tPwp7maWt4.jpg	file-20250925133024-tPwp7maWt4.jpg	image	P	jpg	89133	03cb1d57-4b26-424f-8898-243318ace483	\N	2025-09-25 13:30:25	2025-09-25 13:30:25	\N
812b29d7-4ef9-4039-b78a-0057bae1801e	ba8b3287-db37-45c8-b1f9-283b3f643f35	feed/file-20250925133024-42R8WHbnQN.jpg	file-20250925133024-42R8WHbnQN.jpg	image	P	jpg	92501	03cb1d57-4b26-424f-8898-243318ace483	\N	2025-09-25 13:30:25	2025-09-25 13:30:25	\N
4243ff54-fc37-47f0-9968-46944067493d	29e56e64-1031-4ab6-b9ae-00bd7546757f	feed/file-20250925144610-glySxqLcXC.mp4	file-20250925144610-glySxqLcXC.mp4	video	P	mp4	4336008	03cb1d57-4b26-424f-8898-243318ace483	\N	2025-09-25 14:46:10	2025-09-25 14:46:10	\N
09145526-9464-435e-9ab4-710b3ea566a6	43375bbb-2a5f-48cc-8b8d-70779ebbbbb1	feed/file-20250925171532-irlUKWCrpb.mp4	file-20250925171532-irlUKWCrpb.mp4	video	P	mp4	168572	03cb1d57-4b26-424f-8898-243318ace483	\N	2025-09-25 17:15:32	2025-09-25 17:15:32	\N
af38bd69-31c8-4cc7-a5a6-3d21029c3eb4	e0d97c5b-0d9c-4f72-b807-0db4bb17e2d2	feed/file-20250926165841-Zgo3lqB7Vw.mp4	file-20250926165841-Zgo3lqB7Vw.mp4	video	P	mp4	10174101	03cb1d57-4b26-424f-8898-243318ace483	\N	2025-09-26 16:58:41	2025-09-26 16:58:41	\N
7f59dd95-4039-4635-9dca-a2e13b0996a0	4a827e97-1961-4ed0-96bd-5103b63490c7	feed/file-20250926170246-cJSQhRPYID.jpeg	file-20250926170246-cJSQhRPYID.jpeg	image	P	jpeg	69943	03cb1d57-4b26-424f-8898-243318ace483	\N	2025-09-26 17:02:46	2025-09-26 17:02:46	\N
9b68e033-ddd2-423a-8e05-5ac7905fb528	4a827e97-1961-4ed0-96bd-5103b63490c7	feed/file-20250926170246-M6TwtGiYne.jpeg	file-20250926170246-M6TwtGiYne.jpeg	image	P	jpeg	145140	03cb1d57-4b26-424f-8898-243318ace483	\N	2025-09-26 17:02:46	2025-09-26 17:02:46	\N
e8c265a9-3730-49e6-8938-e36f71419c8d	4a827e97-1961-4ed0-96bd-5103b63490c7	feed/file-20250926170246-FUTdGVR9Ck.mp4	file-20250926170246-FUTdGVR9Ck.mp4	video	P	mp4	1709424	03cb1d57-4b26-424f-8898-243318ace483	\N	2025-09-26 17:02:46	2025-09-26 17:02:46	\N
15561626-1a4d-487c-9787-6b737cc3824e	5fe0333c-b803-4636-b28d-e63073364eb6	feed/file-20250926170432-y2zg4GxaV8.jpeg	file-20250926170432-y2zg4GxaV8.jpeg	image	S	jpeg	118122	cc06ec2d-16b6-42c6-8012-32fdcd9334c8	\N	2025-09-26 17:04:32	2025-09-26 17:04:32	\N
84c9d3bd-24b6-4438-bdb8-86b678ef5a3d	f8c7496f-753b-4755-a53d-c5c96dd49a8a	feed/file-20250926171917-1fNJPRKJfL.mp4	file-20250926171917-1fNJPRKJfL.mp4	video	P	mp4	22285569	cc06ec2d-16b6-42c6-8012-32fdcd9334c8	\N	2025-09-26 17:19:17	2025-09-26 17:19:17	\N
e96cdeaa-f991-420e-83ab-fbe8bb079997	1ecbb920-75fa-4ff8-945d-224824df7494	feed/file-20250926200027-y5PGEytmB2.mp4	file-20250926200027-y5PGEytmB2.mp4	video	P	mp4	2903479	03cb1d57-4b26-424f-8898-243318ace483	\N	2025-09-26 20:00:27	2025-09-26 20:00:27	\N
ce56bd81-d252-46ba-b101-06805d1eb51d	23197686-bbe0-411d-a583-a780a18f77f1	feed/file-20250927191535-dTuIshR8Qk.mp4	file-20250927191535-dTuIshR8Qk.mp4	video	P	mp4	10762916	03cb1d57-4b26-424f-8898-243318ace483	\N	2025-09-27 19:15:35	2025-09-27 19:15:35	\N
05f76bb6-c1c4-49cb-acf7-a6f30af78092	e87dd5dd-797e-4e32-a3ea-847569161082	feed/file-20250930162049-7f3N7ijAKw.mp4	file-20250930162049-7f3N7ijAKw.mp4	video	P	mp4	7813886	8fd3a110-cf4a-47ce-9444-5feef439b822	\N	2025-09-30 16:20:51	2025-09-30 16:20:51	feed/thumbs/file-20250930162049-7f3N7ijAKw.jpg
924a5868-ffe4-46ba-a40b-f267734d3dac	deb804c2-aa80-4de3-bac5-0307e6fe95cc	feed/file-20250930181642-vl5uoNlVZB.mp4	file-20250930181642-vl5uoNlVZB.mp4	video	S	mp4	4454379	cc06ec2d-16b6-42c6-8012-32fdcd9334c8	\N	2025-09-30 18:16:43	2025-09-30 18:16:43	feed/thumbs/file-20250930181642-vl5uoNlVZB.jpg
d614c770-fba0-4839-b25d-50f039967564	56f6175e-9bc6-434b-864d-54dca534e9af	feed/file-20251007164330-U3uYaIBUJj.mp4	file-20251007164330-U3uYaIBUJj.mp4	video	P	mp4	2807757	03cb1d57-4b26-424f-8898-243318ace483	\N	2025-10-07 16:43:32	2025-10-07 16:43:32	feed/thumbs/file-20251007164330-U3uYaIBUJj.jpg
6ccfba42-444b-4fc2-a006-f12b341585c4	1a896818-c2a0-4f0e-9512-b82f74a2db80	feed/file-20251007171522-SgTipFZgak.mp4	file-20251007171522-SgTipFZgak.mp4	video	P	mp4	5543682	03cb1d57-4b26-424f-8898-243318ace483	\N	2025-10-07 17:15:23	2025-10-07 17:15:23	feed/thumbs/file-20251007171522-SgTipFZgak.jpg
6e06da41-040a-422b-b738-5dbe6540dc1d	1a896818-c2a0-4f0e-9512-b82f74a2db80	feed/file-20251007171522-PoxtLBxO0b.mp4	file-20251007171522-PoxtLBxO0b.mp4	video	P	mp4	8965247	03cb1d57-4b26-424f-8898-243318ace483	\N	2025-10-07 17:15:24	2025-10-07 17:15:24	feed/thumbs/file-20251007171522-PoxtLBxO0b.jpg
9e5be918-b1ba-4fec-aa79-a0e0800f2a05	f1b4a733-9779-473e-a628-cb53dd606528	feed/file-20251013105527-965TWn0APS.jpg	file-20251013105527-965TWn0APS.jpg	image	S	jpg	8894	8d130e3d-73aa-42a2-aff3-9e934f11924a	\N	2025-10-13 10:55:27	2025-10-13 10:55:27	\N
ebdadf8c-7527-44c3-8f72-6806ad7a0462	3ca65568-286a-45b2-bf22-e6c59192941f	feed/file-20251013140438-VnSFbRn6ZJ.jpg	file-20251013140438-VnSFbRn6ZJ.jpg	image	S	jpg	24143	08c3a9a4-19a9-4e7d-bd48-c155c2c4dcd2	\N	2025-10-13 14:04:38	2025-10-13 14:04:38	\N
35321cca-38ec-4ef2-b60d-06ee44cbbb9d	f9d4eee8-9554-4702-a4b9-77324286bcd4	feed/file-20251013140806-jTDb8CBbAt.mp4	file-20251013140806-jTDb8CBbAt.mp4	video	S	mp4	4476101	08c3a9a4-19a9-4e7d-bd48-c155c2c4dcd2	\N	2025-10-13 14:08:07	2025-10-13 14:08:07	feed/thumbs/file-20251013140806-jTDb8CBbAt.jpg
613f732c-2328-4814-9254-2f72ca1c7448	1e4ad063-7b93-4522-974c-5000aeb5a8a8	feed/file-20251013142337-T23BYGt5fm.mp4	file-20251013142337-T23BYGt5fm.mp4	video	S	mp4	1197823	f7b25d16-f21d-4ded-8926-1b16134bf80d	\N	2025-10-13 14:23:38	2025-10-13 14:23:38	feed/thumbs/file-20251013142337-T23BYGt5fm.jpg
8efc921c-1fa7-43e4-8df6-2ddc06c3e690	bc7cb053-2cf7-4764-9b57-57be5fdba018	feed/file-20251013142746-aBWOv4PdKp.mp4	file-20251013142746-aBWOv4PdKp.mp4	video	S	mp4	519419	f7b25d16-f21d-4ded-8926-1b16134bf80d	\N	2025-10-13 14:27:47	2025-10-13 14:27:47	feed/thumbs/file-20251013142746-aBWOv4PdKp.jpg
e66f4fab-a340-45ca-a9b2-97e7fd4d9d4e	2b9519e1-9f6f-481e-90d4-30e11c7b9b37	feed/file-20251013143024-oktp8djE2R.jpg	file-20251013143024-oktp8djE2R.jpg	image	S	jpg	119376	f7b25d16-f21d-4ded-8926-1b16134bf80d	\N	2025-10-13 14:30:24	2025-10-13 14:30:24	\N
ed64b212-16db-498d-bec7-52dd25a17cff	2bebf19c-5644-4fcd-9df2-1fc0da881051	feed/file-20251016141324-TKVGQFXS1x.jpg	file-20251016141324-TKVGQFXS1x.jpg	image	S	jpg	8894	f7b25d16-f21d-4ded-8926-1b16134bf80d	\N	2025-10-16 14:13:24	2025-10-16 14:13:24	\N
67db4839-0e9b-4d77-bdb5-72b1b6809e19	348a20f4-987f-4bf4-a69a-67c3703c619b	feed/file-20251017092143-R8aXRbltOM.jpg	file-20251017092143-R8aXRbltOM.jpg	image	S	jpg	9019	72d92d83-8790-4947-9c74-2fb113f06a11	\N	2025-10-17 09:21:43	2025-10-17 09:21:43	\N
05b99a36-1b29-4c1a-b033-9eedfac33681	249af1bd-7829-4de6-a8f0-192ae72268e9	feed/file-20251017092404-QxsAcnOCB6.jpg	file-20251017092404-QxsAcnOCB6.jpg	image	S	jpg	43010	f7b25d16-f21d-4ded-8926-1b16134bf80d	\N	2025-10-17 09:24:04	2025-10-17 09:24:04	\N
143738de-4d64-431a-9ea9-4a8b07f81d2f	1b8aabbf-5746-428f-bed7-eb37421f77d0	feed/file-20251017092442-DT878J8Qqb.jpeg	file-20251017092442-DT878J8Qqb.jpeg	image	S	jpeg	89841	f7b25d16-f21d-4ded-8926-1b16134bf80d	\N	2025-10-17 09:24:42	2025-10-17 09:24:42	\N
ccadf343-d4f7-4322-bfd1-cec08be1fc4a	d491c42f-cb84-4ffd-a8ee-d1dcfbe2e6f3	feed/file-20251023103050-wipqP7me9k.mp4	file-20251023103050-wipqP7me9k.mp4	video	S	mp4	4421650	fd542a0d-4e23-467e-85de-d20812a9b62b	\N	2025-10-23 10:31:28	2025-10-23 10:31:28	\N
5822bb14-5081-4a5c-847c-5efd4f8f89c7	e252a756-b4cb-4542-b88a-e9ac1838c783	feed/file-20251023103213-WYBZq8DfCO.mp4	file-20251023103213-WYBZq8DfCO.mp4	video	S	mp4	4421650	4a7d3da1-d27f-4c27-8779-a88badfdf1ef	\N	2025-10-23 10:32:43	2025-10-23 10:32:43	\N
4df0c688-776d-4b1f-84b8-6aafe2e2cf68	1df1fa5a-4519-403e-b7c2-6822fe41b5e3	feed/file-20251023103427-xXjEKB1lDG.jpg	file-20251023103427-xXjEKB1lDG.jpg	image	S	jpg	2374	fd542a0d-4e23-467e-85de-d20812a9b62b	\N	2025-10-23 10:34:27	2025-10-23 10:34:27	\N
e80721fe-ff93-4987-8bdc-8a3de7366b7f	bd93ec4f-9271-4099-aa8b-9e97bd50d6f8	feed/file-20251023103623-yaGmgeobXz.jpg	file-20251023103623-yaGmgeobXz.jpg	image	S	jpg	8894	fd542a0d-4e23-467e-85de-d20812a9b62b	\N	2025-10-23 10:36:23	2025-10-23 10:36:23	\N
f07e02ec-18e2-4ca4-be30-5092eb0c3f17	18b73026-8f48-44b2-a331-d32a4002eb5b	feed/file-20251201171308-FSKN2NDnAy.jpeg	file-20251201171308-FSKN2NDnAy.jpeg	image	P	jpeg	108206	e579c274-da8e-4011-9f0d-ef4b3cc26004	\N	2025-12-01 17:13:08	2025-12-01 17:13:08	\N
899cb36f-f263-489b-a232-373fd77988ff	e6152fe4-bf88-45b0-9a4f-1c37935aa31e	feed/file-20251202101447-0yaPoT4TKr.mp4	file-20251202101447-0yaPoT4TKr.mp4	video	S	mp4	9254071	03cb1d57-4b26-424f-8898-243318ace483	\N	2025-12-02 10:15:36	2025-12-02 10:15:36	\N
a7924395-0066-49b4-9fe0-88a7e41cd30b	626e8949-8d4a-4da1-844f-82ef54702224	feed/file-20251202102232-HM0VjlLjN5.jpeg	file-20251202102232-HM0VjlLjN5.jpeg	image	S	jpeg	49209	03cb1d57-4b26-424f-8898-243318ace483	\N	2025-12-02 10:22:32	2025-12-02 10:22:32	\N
73415dd7-d75e-4503-830f-fb29cdcda729	626e8949-8d4a-4da1-844f-82ef54702224	feed/file-20251202102232-XjDZh264Go.mp4	file-20251202102232-XjDZh264Go.mp4	video	S	mp4	9254071	03cb1d57-4b26-424f-8898-243318ace483	\N	2025-12-02 10:23:14	2025-12-02 10:23:14	\N
f7d2caf4-feb7-41c3-a190-6a2428f0afcf	626e8949-8d4a-4da1-844f-82ef54702224	feed/file-20251202102232-KzHVoIiDl6.jpeg	file-20251202102232-KzHVoIiDl6.jpeg	image	S	jpeg	115274	03cb1d57-4b26-424f-8898-243318ace483	\N	2025-12-02 10:23:14	2025-12-02 10:23:14	\N
c3629ea4-e447-4687-8fd3-ac5c2c5b6d17	5d49a317-f9ab-4962-9bf8-b9ae51dcc741	feed/file-20251209110420-zLGmkQRsYi.png	file-20251209110420-zLGmkQRsYi.png	image	S	png	1161280	03cb1d57-4b26-424f-8898-243318ace483	\N	2025-12-09 11:04:21	2025-12-09 11:04:21	\N
2378c457-ba9c-43b4-b55e-275564805c6d	5d49a317-f9ab-4962-9bf8-b9ae51dcc741	feed/file-20251209125001-2iXUlQdCzs.jpg	file-20251209125001-2iXUlQdCzs.jpg	image	S	jpg	30642	03cb1d57-4b26-424f-8898-243318ace483	\N	2025-12-09 12:50:01	2025-12-09 12:50:01	\N
1970a9c2-0e6b-4502-aa10-eea8aaea1e79	5d49a317-f9ab-4962-9bf8-b9ae51dcc741	feed/file-20251219103838-du1Cfp8Abt.png	file-20251219103838-du1Cfp8Abt.png	image	S	png	28089	03cb1d57-4b26-424f-8898-243318ace483	\N	2025-12-19 10:38:38	2025-12-19 10:38:38	\N
e59bb2d3-3521-4426-a160-5c24257cad59	c066b78e-cf3c-4481-9b40-04f1786bbc6f	feed/file-20251223150200-TpZhihYenq.png	file-20251223150200-TpZhihYenq.png	image	S	png	28089	03cb1d57-4b26-424f-8898-243318ace483	\N	2025-12-23 15:02:00	2025-12-23 15:02:00	\N
5b4fd06b-324a-4dc6-9b71-9cb5b51e22aa	0a28bc27-5354-45f7-9743-b6fb436cf5f2	feed/file-20251223164028-n5t7akwC1i.png	file-20251223164028-n5t7akwC1i.png	image	S	png	28089	03cb1d57-4b26-424f-8898-243318ace483	\N	2025-12-23 16:40:28	2025-12-23 16:40:28	\N
babb80d2-c3a9-41f1-ab96-e7884d197e9f	fcd34c2c-1bcf-4d7f-afa5-f88b7a993c7a	feed/file-20260106093701-YVLU3gRZ5x.jpg	file-20260106093701-YVLU3gRZ5x.jpg	image	S	jpg	2374	03cb1d57-4b26-424f-8898-243318ace483	\N	2026-01-06 09:37:01	2026-01-06 09:37:01	\N
\.


--
-- Data for Name: feed_like; Type: TABLE DATA; Schema: public; Owner: -
--

COPY public.feed_like (id, id_feed, created_by, updated_by, created_at, updated_at) FROM stdin;
73db21bf-d4ad-4471-adb1-25e03e9c4fc8	00489d2f-e14a-4d36-8d3a-18a5ecebb486	03cb1d57-4b26-424f-8898-243318ace483	\N	2024-10-22 13:45:23	2024-10-22 13:45:23
66218f79-d651-4e88-a241-109fb32c53df	00489d2f-e14a-4d36-8d3a-18a5ecebb486	8ad25947-0f5a-4834-ab87-939cde63253a	\N	2024-11-05 00:11:27	2024-11-05 00:11:27
b831093a-8acf-47fc-8cdc-13fa81b74e54	35dfc4be-eacd-4076-a227-a2af8f4b5212	03cb1d57-4b26-424f-8898-243318ace483	\N	2024-11-05 13:47:49	2024-11-05 13:47:49
2b779651-add5-4871-b886-935ad813b245	dd189c17-9fac-4c9b-8123-4035c37d78a4	03cb1d57-4b26-424f-8898-243318ace483	\N	2024-11-09 17:51:45	2024-11-09 17:51:45
116a54cb-32b8-4cdf-b8dd-ca14c9904984	112867bf-f790-4db1-ba4f-dc056181bc61	e579c274-da8e-4011-9f0d-ef4b3cc26004	\N	2024-12-04 14:44:42	2024-12-04 14:44:42
4fda47b5-34e9-4c69-b6fc-9a8f22ed2517	40191dd8-b600-4688-a14a-fcbdc149fc02	e579c274-da8e-4011-9f0d-ef4b3cc26004	\N	2024-12-04 14:44:48	2024-12-04 14:44:48
deeaee92-b7dc-4682-9dc8-5bf0c5aa5375	dd1abd8e-25f0-436f-b673-f953d26c177b	8e8e951c-27b7-4c9b-aa04-8ab38f24af4d	\N	2024-12-05 09:16:38	2024-12-05 09:16:38
808f9719-5274-49d1-9842-b655b8d8bd7f	e5cac1b2-dfcd-4743-8f47-6384a1bb0a36	08c3a9a4-19a9-4e7d-bd48-c155c2c4dcd2	\N	2024-12-10 14:58:33	2024-12-10 14:58:33
8e2a9d33-305e-4826-bcbd-b5fd6defa839	e5cac1b2-dfcd-4743-8f47-6384a1bb0a36	8e8e951c-27b7-4c9b-aa04-8ab38f24af4d	\N	2024-12-10 15:33:19	2024-12-10 15:33:19
764bf28e-5868-469c-bf28-2328a46eb463	e5cac1b2-dfcd-4743-8f47-6384a1bb0a36	03cb1d57-4b26-424f-8898-243318ace483	\N	2024-12-10 15:34:28	2024-12-10 15:34:28
55afd5be-7566-4456-8db8-b3e53437b29c	db9fc3eb-4313-406b-8606-ad5d77e98ca0	03cb1d57-4b26-424f-8898-243318ace483	\N	2025-03-06 13:10:02	2025-03-06 13:10:02
b613d71d-a36f-4ad5-81ce-78459493f627	5e5dd55f-8581-44d1-bd06-0d0ef5698fbd	03cb1d57-4b26-424f-8898-243318ace483	\N	2025-03-06 13:24:51	2025-03-06 13:24:51
be171d7a-125b-4093-9296-d183d877475c	d7f459b7-7986-497f-9a52-ccf2f468fff1	03cb1d57-4b26-424f-8898-243318ace483	\N	2025-03-19 10:00:49	2025-03-19 10:00:49
de84155e-e95f-4bfb-af7f-d3221bf487e6	02ef54b8-293d-47f5-8a7e-482912de8aa9	03cb1d57-4b26-424f-8898-243318ace483	\N	2025-05-13 14:57:40	2025-05-13 14:57:40
c0a1f745-841d-4d4c-ba87-11013f75a5b2	502860d7-0a3f-473a-8b60-436b8e1e063d	03cb1d57-4b26-424f-8898-243318ace483	\N	2025-06-17 14:51:29	2025-06-17 14:51:29
e50adb4c-9412-467e-abbe-a53f2e47bbda	502860d7-0a3f-473a-8b60-436b8e1e063d	dd8b5ac3-a9fd-417a-b5d1-c2333be47812	\N	2025-06-17 15:01:28	2025-06-17 15:01:28
ca108dd0-16fb-4ce0-a561-ebd6b887e45a	1a546617-051d-4b8a-98f2-34ad62dda799	03cb1d57-4b26-424f-8898-243318ace483	\N	2025-06-17 16:18:00	2025-06-17 16:18:00
b30b833a-0295-4da3-9735-c8d19a6851bc	3fe1c081-b1a0-4894-b015-8b9ce3728e3e	9d9fb605-93e4-42e1-99da-eb80d28033fa	\N	2025-10-09 12:27:45	2025-10-09 12:27:45
ee1a84b1-5912-469f-b359-7e1b14638cd2	e4804737-a40e-46d4-b3e8-9f7e711e37a6	9d9fb605-93e4-42e1-99da-eb80d28033fa	\N	2025-10-09 12:27:50	2025-10-09 12:27:50
b7191bbe-a524-4d32-b3f2-6297ee85f896	9abf8121-9aed-4a02-8f64-b3c31de058ad	9d9fb605-93e4-42e1-99da-eb80d28033fa	\N	2025-10-09 12:27:54	2025-10-09 12:27:54
85502da8-8291-47e9-8246-ef3662a3d7d9	45ede3dd-b50b-4042-94db-0375acadad1c	03cb1d57-4b26-424f-8898-243318ace483	\N	2025-06-18 09:52:08	2025-06-18 09:52:08
2e55b102-762a-4e78-9667-c614c8e1147e	3ca65568-286a-45b2-bf22-e6c59192941f	08c3a9a4-19a9-4e7d-bd48-c155c2c4dcd2	\N	2025-10-13 14:03:17	2025-10-13 14:03:17
dcb31d98-a530-4164-81ba-2bb0d704147f	3460cd48-8f94-430d-a987-efa9e4303d4c	08c3a9a4-19a9-4e7d-bd48-c155c2c4dcd2	\N	2025-10-13 14:19:39	2025-10-13 14:19:39
b5f7eb06-a81d-4f3b-bd37-a630c189580a	1e4ad063-7b93-4522-974c-5000aeb5a8a8	f7b25d16-f21d-4ded-8926-1b16134bf80d	\N	2025-10-13 14:24:56	2025-10-13 14:24:56
9115ae15-5bd8-4245-b6a6-f16586e84cd7	0557c6ca-5cfb-4f77-bf3d-df3628a463a3	03cb1d57-4b26-424f-8898-243318ace483	\N	2025-06-18 13:28:28	2025-06-18 13:28:28
b2540089-bd52-4c3b-920f-ad78c3013500	8691011e-b107-4da2-b8d4-541b3968eae2	03cb1d57-4b26-424f-8898-243318ace483	\N	2025-06-20 10:27:01	2025-06-20 10:27:01
53edb2b7-a21a-4932-84ef-ffe9a3a1d2a4	90b240f6-1aad-4687-ae27-fe2cb90a7080	03cb1d57-4b26-424f-8898-243318ace483	\N	2025-06-26 16:24:27	2025-06-26 16:24:27
422491f0-e18e-4a5b-abe0-4ea563b339e8	9ea2efe5-ac1c-4414-b5d2-35380381696a	8fd3a110-cf4a-47ce-9444-5feef439b822	\N	2025-08-13 22:23:45	2025-08-13 22:23:45
968bf4e1-45e1-4c1a-a15f-7e1f99864b8d	bc7cb053-2cf7-4764-9b57-57be5fdba018	f7b25d16-f21d-4ded-8926-1b16134bf80d	\N	2025-10-13 14:29:40	2025-10-13 14:29:40
d73bd9fe-cc80-4fac-99bb-7a5d83fff523	cf59ac45-ac48-4b04-a905-f71bc154971e	03cb1d57-4b26-424f-8898-243318ace483	\N	2025-08-27 13:23:15	2025-08-27 13:23:15
ae81d287-0919-4a6d-b037-d79af3495024	07db9b31-9635-41b0-a096-cb9e135982dd	03cb1d57-4b26-424f-8898-243318ace483	\N	2025-10-20 11:46:04	2025-10-20 11:46:04
c045c942-f3a9-4e8b-8361-56fc30987770	d491c42f-cb84-4ffd-a8ee-d1dcfbe2e6f3	fd542a0d-4e23-467e-85de-d20812a9b62b	\N	2025-10-23 10:35:07	2025-10-23 10:35:07
c22b51e2-8d9b-4d2b-b510-97a892e7fad2	ba8b3287-db37-45c8-b1f9-283b3f643f35	8fd3a110-cf4a-47ce-9444-5feef439b822	\N	2025-09-25 16:18:03	2025-09-25 16:18:03
88635a41-ec22-42bf-b1ed-9169a0e26893	18b73026-8f48-44b2-a331-d32a4002eb5b	e579c274-da8e-4011-9f0d-ef4b3cc26004	\N	2025-12-01 17:13:37	2025-12-01 17:13:37
f0819f09-fb0b-4b11-a047-fb8205267b52	349e541f-17ef-4d71-ab5a-5c038839e794	8fd3a110-cf4a-47ce-9444-5feef439b822	\N	2025-09-25 16:18:10	2025-09-25 16:18:10
439f198e-e61e-4b81-8f9b-a5a572494373	29e56e64-1031-4ab6-b9ae-00bd7546757f	72d92d83-8790-4947-9c74-2fb113f06a11	\N	2025-09-25 16:18:24	2025-09-25 16:18:24
cb9038fb-3224-4b1d-b5c5-45e1d0b55091	fb2971b9-cc6c-4442-9ef3-99d889ccb8aa	e579c274-da8e-4011-9f0d-ef4b3cc26004	\N	2025-12-01 17:13:40	2025-12-01 17:13:40
8f786859-9147-409f-87f0-37140456cb76	ba8b3287-db37-45c8-b1f9-283b3f643f35	03cb1d57-4b26-424f-8898-243318ace483	\N	2025-09-26 16:57:11	2025-09-26 16:57:11
89abdad0-20a1-48f8-8a6b-79b40bf24d6a	8f587b23-da66-40be-9c70-92dab6db1f35	e579c274-da8e-4011-9f0d-ef4b3cc26004	\N	2025-12-01 17:13:41	2025-12-01 17:13:41
16d5be94-4424-4af4-ab15-9699a9b2d411	349e541f-17ef-4d71-ab5a-5c038839e794	2ffe9be6-0405-4323-a69b-9d64138e0133	\N	2025-09-26 17:03:32	2025-09-26 17:03:32
77a58aca-9be6-4019-99c1-9d828dab22ef	5fe0333c-b803-4636-b28d-e63073364eb6	03cb1d57-4b26-424f-8898-243318ace483	\N	2025-09-26 17:05:17	2025-09-26 17:05:17
f758c57b-3ae2-49f2-8df6-e4d59edb8a44	4a827e97-1961-4ed0-96bd-5103b63490c7	2ffe9be6-0405-4323-a69b-9d64138e0133	\N	2025-09-26 17:05:23	2025-09-26 17:05:23
6e50e958-3bbd-486a-b2fb-2821352bed09	5fe0333c-b803-4636-b28d-e63073364eb6	cc06ec2d-16b6-42c6-8012-32fdcd9334c8	\N	2025-09-26 17:05:25	2025-09-26 17:05:25
cf9adeb1-4f2b-44ff-a682-e57f4d37d058	4a827e97-1961-4ed0-96bd-5103b63490c7	cc06ec2d-16b6-42c6-8012-32fdcd9334c8	\N	2025-09-26 17:05:31	2025-09-26 17:05:31
f02ab8de-b0c5-470a-8fcb-0e334d1060a5	43286285-b161-41c0-8272-a51e55c87c8a	03cb1d57-4b26-424f-8898-243318ace483	\N	2025-09-26 17:11:55	2025-09-26 17:11:55
fd9b68c4-c429-4ac1-b3b5-734559f70267	378ad92b-4672-4812-a151-45fa47b96a36	03cb1d57-4b26-424f-8898-243318ace483	\N	2025-09-26 17:13:25	2025-09-26 17:13:25
03316f4b-6ba9-4efb-b90b-d520971c3605	badf6ded-a256-48f0-aa29-9969b17d8390	03cb1d57-4b26-424f-8898-243318ace483	\N	2025-09-26 17:13:27	2025-09-26 17:13:27
7a8f3a89-f566-4ab3-841d-3db81c048ede	ee76d90d-8638-4bd1-89c1-adbf163ee0b6	03cb1d57-4b26-424f-8898-243318ace483	\N	2025-09-26 17:13:29	2025-09-26 17:13:29
44c5dfbf-1bc7-49fc-8f9d-dc7dd06420e7	bda68c3b-343d-4e36-ba41-c7f019b1ff88	03cb1d57-4b26-424f-8898-243318ace483	\N	2025-09-26 17:13:30	2025-09-26 17:13:30
869ffe8b-b836-4c8e-9e63-8da35dde7b10	1c0a1bb9-2cba-4afc-be42-15ac49076c1b	03cb1d57-4b26-424f-8898-243318ace483	\N	2025-09-26 17:13:38	2025-09-26 17:13:38
c73a7e02-a2d6-481a-9a21-19c4039b9d7a	b8ce6c01-ad6b-4090-9cba-1f3fc02dea5a	e579c274-da8e-4011-9f0d-ef4b3cc26004	\N	2025-12-01 17:13:43	2025-12-01 17:13:43
a3d4b995-2ba3-4eb4-8d63-7b5b45e2748d	b404611b-c36d-4219-a5d5-fa26e1357b59	03cb1d57-4b26-424f-8898-243318ace483	\N	2025-09-26 17:14:32	2025-09-26 17:14:32
f3143fe9-9b5b-4770-8166-e7f89ecc736d	f8c7496f-753b-4755-a53d-c5c96dd49a8a	03cb1d57-4b26-424f-8898-243318ace483	\N	2025-09-26 17:24:57	2025-09-26 17:24:57
4f7e3b5a-215c-4301-97f1-09927cbef576	43375bbb-2a5f-48cc-8b8d-70779ebbbbb1	03cb1d57-4b26-424f-8898-243318ace483	\N	2025-09-26 17:33:47	2025-09-26 17:33:47
a0cc3778-127d-4f8f-b2ca-df7181b8b0e9	fc269b72-13c7-4082-ae92-5774f0535e1b	03cb1d57-4b26-424f-8898-243318ace483	\N	2025-12-09 10:56:56	2025-12-09 10:56:56
60edc13e-ecd4-4ca8-9a2b-9237c2170286	1ecbb920-75fa-4ff8-945d-224824df7494	2ffe9be6-0405-4323-a69b-9d64138e0133	\N	2025-09-26 20:21:15	2025-09-26 20:21:15
0cef291d-127a-417c-9545-e5c9a3a1d6ca	1ecbb920-75fa-4ff8-945d-224824df7494	03cb1d57-4b26-424f-8898-243318ace483	\N	2025-09-28 17:09:28	2025-09-28 17:09:28
37633f9a-a35e-42d1-bde4-cdc7febba841	7d6ff939-49fc-44e6-92a9-975ab74edbcc	f7b25d16-f21d-4ded-8926-1b16134bf80d	\N	2025-09-28 17:15:32	2025-09-28 17:15:32
6ccb366a-55e8-409f-8455-d272eb601d01	7bf82b2d-7ff0-4451-bd98-f75164a0c062	f7b25d16-f21d-4ded-8926-1b16134bf80d	\N	2025-09-28 17:15:34	2025-09-28 17:15:34
9a668cf0-06df-4b1d-8196-8b73d004fc0b	fb96897f-6685-4400-abe7-b365c530b7f8	f7b25d16-f21d-4ded-8926-1b16134bf80d	\N	2025-09-28 17:15:35	2025-09-28 17:15:35
2ce64220-0448-46e6-91a6-b4a6ea17e955	3bdebccc-c1f0-4d62-b203-26aa4634381f	f7b25d16-f21d-4ded-8926-1b16134bf80d	\N	2025-09-28 17:15:37	2025-09-28 17:15:37
3f951026-f766-4bac-b9b1-626fbcb1ac70	3ed0fb59-ca33-4824-bd76-867edcd190e2	03cb1d57-4b26-424f-8898-243318ace483	\N	2025-12-09 11:03:40	2025-12-09 11:03:40
4e2350a0-7cbc-460c-a667-ef26ef9786f2	19098286-d9d5-42b1-88ed-d1b9af8d802d	72d92d83-8790-4947-9c74-2fb113f06a11	\N	2025-09-30 16:49:36	2025-09-30 16:49:36
9a2979c6-d1ce-49a8-bf6c-6b02604a2290	899fb582-357b-45c8-9c57-e6f4a740ac5a	72d92d83-8790-4947-9c74-2fb113f06a11	\N	2025-09-30 16:49:37	2025-09-30 16:49:37
543127b1-3448-48cc-bf81-8e12d983c580	427f3702-408e-4931-a88b-7c3aa807df5f	72d92d83-8790-4947-9c74-2fb113f06a11	\N	2025-09-30 16:49:42	2025-09-30 16:49:42
ed200898-bd0e-4d75-a0ed-a027e8e45866	b27e2c57-9e1c-47bf-a319-01073f50dca4	72d92d83-8790-4947-9c74-2fb113f06a11	\N	2025-09-30 16:49:49	2025-09-30 16:49:49
e130bb3c-296e-47c8-bd7d-29c4c0dce145	23197686-bbe0-411d-a583-a780a18f77f1	03cb1d57-4b26-424f-8898-243318ace483	\N	2025-09-30 17:16:48	2025-09-30 17:16:48
b1deb3e1-5f4a-4aa9-9490-65ba1597d7e2	deb804c2-aa80-4de3-bac5-0307e6fe95cc	03cb1d57-4b26-424f-8898-243318ace483	\N	2025-09-30 19:05:40	2025-09-30 19:05:40
6fe5631b-dd7a-403c-8087-f4ef8651e626	1a896818-c2a0-4f0e-9512-b82f74a2db80	03cb1d57-4b26-424f-8898-243318ace483	\N	2025-10-07 17:25:00	2025-10-07 17:25:00
7b22d5f4-6ff3-4e61-a309-d340f355181b	86f8bf9c-d773-4b9e-84a9-e6f1e6975eae	5f7ff936-e782-417d-b424-4fe25e89367d	\N	2025-10-08 10:30:21	2025-10-08 10:30:21
50856979-7c33-45b3-a395-88d436877c69	ac27d6e1-a61c-459a-a0e0-893de8198342	03cb1d57-4b26-424f-8898-243318ace483	\N	2025-10-09 11:26:29	2025-10-09 11:26:29
306e8e26-7286-430e-95fa-bc65637ccd61	1a896818-c2a0-4f0e-9512-b82f74a2db80	cc06ec2d-16b6-42c6-8012-32fdcd9334c8	\N	2025-10-09 11:32:09	2025-10-09 11:32:09
2be471bf-48ef-4e86-b64a-b607fab799fa	3fe1c081-b1a0-4894-b015-8b9ce3728e3e	03cb1d57-4b26-424f-8898-243318ace483	\N	2025-10-09 11:56:16	2025-10-09 11:56:16
85da89cd-0d28-4bc8-9d72-c08724b15db0	56f6175e-9bc6-434b-864d-54dca534e9af	03cb1d57-4b26-424f-8898-243318ace483	\N	2025-10-09 11:56:57	2025-10-09 11:56:57
8264dd5a-2715-4cec-bcc3-c99d4b0296ff	e87dd5dd-797e-4e32-a3ea-847569161082	03cb1d57-4b26-424f-8898-243318ace483	\N	2025-10-09 11:57:11	2025-10-09 11:57:11
\.


--
-- Data for Name: feed_report; Type: TABLE DATA; Schema: public; Owner: -
--

COPY public.feed_report (id, id_feed, text, created_by, updated_by, created_at, updated_at, deleted_at) FROM stdin;
\.


--
-- Data for Name: feed_tags; Type: TABLE DATA; Schema: public; Owner: -
--

COPY public.feed_tags (id, feed_id, user_id, created_by, updated_by, created_at, updated_at) FROM stdin;
89e8dfe9-e6cb-4dcc-8991-49863dd8a20f	e0d97c5b-0d9c-4f72-b807-0db4bb17e2d2	f7b25d16-f21d-4ded-8926-1b16134bf80d	\N	\N	\N	\N
f820761f-6165-4fd4-b8a8-53ca83ff07e9	4a827e97-1961-4ed0-96bd-5103b63490c7	cc06ec2d-16b6-42c6-8012-32fdcd9334c8	\N	\N	\N	\N
5d99263d-e911-4ee4-9d13-0f7c5a851ea2	4a827e97-1961-4ed0-96bd-5103b63490c7	2ffe9be6-0405-4323-a69b-9d64138e0133	\N	\N	\N	\N
33832833-f200-45c1-8d5c-86fc8e5d2869	e87dd5dd-797e-4e32-a3ea-847569161082	2ffe9be6-0405-4323-a69b-9d64138e0133	\N	\N	\N	\N
5768acdf-7d1a-46ca-92a4-c2af10f84802	e87dd5dd-797e-4e32-a3ea-847569161082	8fd3a110-cf4a-47ce-9444-5feef439b822	\N	\N	\N	\N
dbded360-64d3-4c38-b875-1d9aa8dc1685	3ca65568-286a-45b2-bf22-e6c59192941f	f7b25d16-f21d-4ded-8926-1b16134bf80d	\N	\N	\N	\N
d54f072a-cb3f-4dab-9642-86c2f86d1f1a	f9d4eee8-9554-4702-a4b9-77324286bcd4	30cf2b08-ed87-468d-8876-8f51b986ae4e	\N	\N	\N	\N
ad1cb3e5-1104-4945-80b1-a2858914cbe4	3460cd48-8f94-430d-a987-efa9e4303d4c	08c3a9a4-19a9-4e7d-bd48-c155c2c4dcd2	\N	\N	\N	\N
77f45de6-1796-45ea-a698-888ffd9f3ad2	1e4ad063-7b93-4522-974c-5000aeb5a8a8	f7b25d16-f21d-4ded-8926-1b16134bf80d	\N	\N	\N	\N
88411af0-6f24-4fa8-9da7-267e70eb087c	bc7cb053-2cf7-4764-9b57-57be5fdba018	f7b25d16-f21d-4ded-8926-1b16134bf80d	\N	\N	\N	\N
2b559623-eebd-4e34-b845-f9a91cfe3e52	2b9519e1-9f6f-481e-90d4-30e11c7b9b37	3069ed35-0069-4538-86e0-f7673f6e215f	\N	\N	\N	\N
b73ac025-1f6e-4dd9-82d8-d5827ebc501f	10e7cfea-e07a-4f7f-928f-7a04856019ab	42bd76a0-f47f-4d74-a34f-1bd72cfba370	\N	\N	\N	\N
0af7507b-6177-4f93-b0dc-1b71d7ecb984	ecba3a96-a892-49dd-aa41-854bcc245600	f7b25d16-f21d-4ded-8926-1b16134bf80d	\N	\N	\N	\N
\.


--
-- Data for Name: feedback; Type: TABLE DATA; Schema: public; Owner: -
--

COPY public.feedback (id, id_user, id_service, id_pipeline, type, subject, description, created_by, updated_by, created_at, updated_at, deleted_at) FROM stdin;
66841336-e47c-4f62-90a9-f8e534d1d792	05db621f-1cef-40b3-b113-091af477ac56	038bfd73-520d-4581-94e0-16174ec43317	95193c12-aad0-43c3-9ab0-ab2558df5361	installation	Instalation	instalation software	42bd76a0-f47f-4d74-a34f-1bd72cfba370	\N	2024-10-24 14:49:28	2024-10-24 14:49:28	\N
e54e80b0-7840-4bce-82aa-166d8838e5a3	8b9de9f5-9edc-4946-b473-b04a4300bae1	\N	b0a38c8b-d7a3-4571-83bd-b0d615e05a75	pipeline	Feedback Pipeline	cek	aedd0e94-8089-479c-ad87-c38fa3d16bf4	\N	2024-10-24 15:06:16	2024-10-24 15:06:16	\N
ccd80c63-89ff-4082-9b90-be164768cb38	a9b22803-8dd6-4ab4-922f-d3a6b2958a84	\N	f2eb1232-2431-494d-9167-f306a508a5b3	pipeline	Machine	Learning	aedd0e94-8089-479c-ad87-c38fa3d16bf4	\N	2024-10-24 15:11:26	2024-10-24 15:11:26	\N
7201347f-e04e-4ecd-85ff-c3bd2c5bcfef	05db621f-1cef-40b3-b113-091af477ac56	038bfd73-520d-4581-94e0-16174ec43317	95193c12-aad0-43c3-9ab0-ab2558df5361	installation	Instalation	cek	42bd76a0-f47f-4d74-a34f-1bd72cfba370	\N	2024-10-25 15:46:12	2024-10-25 15:46:12	\N
41401efa-89c0-4711-951e-b19508f187b7	8b9de9f5-9edc-4946-b473-b04a4300bae1	\N	4e54fe76-5838-45eb-9ba0-343d0cd87051	pipeline	tes	cek	42bd76a0-f47f-4d74-a34f-1bd72cfba370	\N	2024-10-25 15:46:49	2024-10-25 15:46:49	\N
8d75322c-d986-4b31-aa14-3c903440175f	05db621f-1cef-40b3-b113-091af477ac56	ba33a132-a635-4ad8-9e77-b4fa3b67ca01	f29b7c8d-4b49-4145-95be-a6c922cf5b14	installation	cek	tes	42bd76a0-f47f-4d74-a34f-1bd72cfba370	\N	2024-10-25 15:47:17	2024-10-25 15:47:17	\N
4609b4d2-cd68-4411-81b9-0de2d7e4ec58	5a50aa81-68fe-4ffa-8381-a848f1859343	40f0422e-e033-49ab-ac79-1a87b5761dc4	4e54fe76-5838-45eb-9ba0-343d0cd87051	maintenance	tes	cek	42bd76a0-f47f-4d74-a34f-1bd72cfba370	\N	2024-10-25 15:52:42	2024-10-25 15:52:42	\N
df57f3c3-468f-4f05-be75-8d2fcb75ef4a	5a50aa81-68fe-4ffa-8381-a848f1859343	\N	d58b0c3d-5323-4a76-a827-3d46b2b8aa3d	pipeline	Pantau installation	Berikan laporan setiap minggu	5aa74c0f-7d6e-43a6-b361-3b7b5e41295b	\N	2024-11-05 15:20:18	2024-11-05 15:20:18	\N
d40f4d02-f4ab-41bf-a1ea-51b8c42e65fb	aedd0e94-8089-479c-ad87-c38fa3d16bf4	\N	bfe518c1-7fcb-46a2-b093-d46f86c370bc	pipeline	testtt	tes	2ffe9be6-0405-4323-a69b-9d64138e0133	\N	2024-11-18 14:00:04	2024-11-18 14:00:04	\N
aabee2a7-61c3-4c26-a1f1-58ca1b5a7bd8	5a50aa81-68fe-4ffa-8381-a848f1859343	\N	a925b80d-ac99-4f2b-850a-e8145d504a71	pipeline	Subjek ajaa	Gaa	03eeae77-d85d-4cab-8e58-978f0b1b6e6f	\N	2024-12-03 14:57:19	2024-12-03 14:57:19	\N
71d345f6-68e0-489d-8ea6-de758ba4a6db	e579c274-da8e-4011-9f0d-ef4b3cc26004	a57bcb94-f7b4-4592-864b-3951d60f170e	a87d08be-b06c-49ba-a5b6-f7764bc7d4c4	maintenance	Try	Cek	2ffe9be6-0405-4323-a69b-9d64138e0133	\N	2024-12-03 15:12:30	2024-12-03 15:12:30	\N
7e41038f-4bde-48c4-8800-41ef6fd8fafa	05db621f-1cef-40b3-b113-091af477ac56	2e48c0c1-a6ac-40ad-babe-fdf28e75e246	a925b80d-ac99-4f2b-850a-e8145d504a71	installation	tes	tes	03eeae77-d85d-4cab-8e58-978f0b1b6e6f	\N	2024-12-12 15:29:31	2024-12-12 15:29:31	\N
d85fd0e3-d786-4ec2-ac61-580b77791fc6	5a50aa81-68fe-4ffa-8381-a848f1859343	53c1d7d6-1d31-4646-b6de-2d44b9a7589f	3b038aa2-43d4-4c21-8584-9ecf13daf414	installation	cek	cek feedback	ab4d4a2a-2a4c-4cee-9142-dc1f4e0d85b3	\N	2024-12-18 14:31:07	2024-12-18 14:31:07	\N
34eb1b0e-87f8-4470-a780-6f5b2737099d	d07b363e-4b3b-40e6-b15a-af1674cd53dd	\N	73984a19-475f-4191-b9a0-58cccea87933	pipeline	keren	keren	8ad25947-0f5a-4834-ab87-939cde63253a	\N	2025-01-17 11:15:12	2025-01-17 11:15:12	\N
bc05a854-d904-403f-83cf-2a71e448bee2	03eeae77-d85d-4cab-8e58-978f0b1b6e6f	\N	3cdc8400-0293-45a6-a97d-d2d85555cccb	pipeline	cek	cek	ab4d4a2a-2a4c-4cee-9142-dc1f4e0d85b3	\N	2025-02-17 14:22:28	2025-02-17 14:22:28	\N
85a19c8a-64d0-4b40-8ae5-4240b582a005	8b9de9f5-9edc-4946-b473-b04a4300bae1	\N	ae6d687b-8caa-419e-b55e-58111c3892c6	pipeline	tes	tes	8e8e951c-27b7-4c9b-aa04-8ab38f24af4d	\N	2025-02-20 14:41:08	2025-02-20 14:41:08	\N
ccdbed83-71d2-4f45-9e63-cf98bdf82f45	5a50aa81-68fe-4ffa-8381-a848f1859343	\N	7c4c1fec-f968-4304-ac55-c732192671ea	pipeline	testtt	testtt	8ad25947-0f5a-4834-ab87-939cde63253a	\N	2025-02-26 15:10:49	2025-02-26 15:10:49	\N
d7849558-d1e1-4cb5-8aa5-bc89358d126e	8b9de9f5-9edc-4946-b473-b04a4300bae1	4b789d99-6012-479a-bb8c-3b82acbd3320	00aa8161-1351-4cb3-b313-851aa00bac00	maintenance	sfeedback	feedback	03eeae77-d85d-4cab-8e58-978f0b1b6e6f	\N	2025-04-14 15:22:10	2025-04-14 15:22:10	\N
dbb0b5fa-0342-4b2d-a556-5b369bdd9cd4	05db621f-1cef-40b3-b113-091af477ac56	\N	676a3c1b-30f7-4c46-88f8-0ade90207b12	pipeline	tryfeedback	tes	03eeae77-d85d-4cab-8e58-978f0b1b6e6f	\N	2025-04-14 15:25:09	2025-04-14 15:25:09	\N
b56cd97c-1a19-4764-a9e3-312d345321d1	8b9de9f5-9edc-4946-b473-b04a4300bae1	b6299e07-6714-4005-9e55-bd45f84a7784	c5dbc3ab-7781-4ec9-b3f9-8af5f86aa062	installation	cfeedback	tes	03eeae77-d85d-4cab-8e58-978f0b1b6e6f	\N	2025-04-14 15:25:52	2025-04-14 15:25:52	\N
4d74bb61-e3fa-4e35-b9ff-a09ded462efe	5a50aa81-68fe-4ffa-8381-a848f1859343	7b764987-221d-4e18-a412-77ba01911fdd	cee06490-d8e0-480c-b907-6067ff579385	installation	yfedd	tes	8e8e951c-27b7-4c9b-aa04-8ab38f24af4d	\N	2025-04-14 15:27:11	2025-04-14 15:27:11	\N
0ec91793-0851-489b-bdac-1a341b447ed9	4deabcee-a5f4-40a4-b37b-21ff88825b4b	a40a63da-abaa-4a9c-bb7e-6fb71bdda0b0	3ff1e24d-1295-4c5e-9fea-3d07e5259917	maintenance	dfeedback	tes	8e8e951c-27b7-4c9b-aa04-8ab38f24af4d	\N	2025-04-14 15:27:37	2025-04-14 15:27:37	\N
6b9715c7-8b48-44a7-8b86-d51efa9cccbe	05db621f-1cef-40b3-b113-091af477ac56	\N	e2a4ba84-d149-4881-a022-f516594a74eb	pipeline	Cable Power	Cek	8d130e3d-73aa-42a2-aff3-9e934f11924a	\N	2025-06-04 13:48:23	2025-06-04 13:48:23	\N
be96e696-d103-4725-82e3-fe7de8e2b9fc	eeac703a-6d23-406b-bb47-9843353fda32	\N	407f95ad-e1e6-4409-b7e9-dba0ffb1bde5	pipeline	subjeck vga	test	8fd3a110-cf4a-47ce-9444-5feef439b822	\N	2025-06-13 14:33:28	2025-06-13 14:33:28	\N
b8f2a218-5966-47ca-8b89-fda2aa987529	05db621f-1cef-40b3-b113-091af477ac56	6f48bca6-8593-43e1-bbdb-17ebcb302f11	e1a30b95-2198-4450-b1fb-0875a9b30c21	installation	Point Acess	point aces	8e8e951c-27b7-4c9b-aa04-8ab38f24af4d	\N	2025-08-28 10:40:25	2025-08-28 10:40:25	\N
dfe9f966-7e01-44aa-91a9-bd6a0b79f74f	05db621f-1cef-40b3-b113-091af477ac56	de55d7d4-f053-4653-8387-3809c320c4da	3fc0cc7a-6a43-4370-8648-89fe3553b471	installation	Komplain	Customer minta di percepat pengerjaannya	42bd76a0-f47f-4d74-a34f-1bd72cfba370	\N	2025-09-12 14:19:36	2025-09-12 14:19:36	\N
394e8ad8-0b55-4597-abc0-bd2ff23f676b	4deabcee-a5f4-40a4-b37b-21ff88825b4b	df3df464-e6b9-4196-ae0a-a2da0e9b946f	149e8587-b91b-43fb-970b-2ffd5205fcbe	installation	motherboard	instalasi	8e8e951c-27b7-4c9b-aa04-8ab38f24af4d	\N	2025-09-26 14:40:14	2025-09-26 14:40:14	\N
f14bec67-49d0-44b3-b665-698682bbfd33	00060ccf-bc5d-42bb-ae36-735280e8c678	\N	c8208160-4bb4-46e3-b4c0-f0487a7ae1ad	pipeline	point akses feedback	point akses	2ffe9be6-0405-4323-a69b-9d64138e0133	\N	2025-09-29 09:20:22	2025-09-29 09:20:22	\N
\.


--
-- Data for Name: feedback_logs; Type: TABLE DATA; Schema: public; Owner: -
--

COPY public.feedback_logs (id, id_feedback, text, created_by, updated_by, created_at, updated_at) FROM stdin;
8a04f50d-fa8d-4d83-9866-357c301fb3da	66841336-e47c-4f62-90a9-f8e534d1d792	instalation software	42bd76a0-f47f-4d74-a34f-1bd72cfba370	\N	2024-10-24 14:49:28	2024-10-24 14:49:28
5213a1fc-824e-49e5-8043-253331fa4e9f	e54e80b0-7840-4bce-82aa-166d8838e5a3	cek	aedd0e94-8089-479c-ad87-c38fa3d16bf4	\N	2024-10-24 15:06:16	2024-10-24 15:06:16
6c76fdec-629d-40e9-bf6a-87da86ff22b8	ccd80c63-89ff-4082-9b90-be164768cb38	Learning	aedd0e94-8089-479c-ad87-c38fa3d16bf4	\N	2024-10-24 15:11:26	2024-10-24 15:11:26
dbf874bf-edc5-45d3-9cbd-1c89c0d28369	66841336-e47c-4f62-90a9-f8e534d1d792	cek	03cb1d57-4b26-424f-8898-243318ace483	\N	2024-10-25 15:42:56	2024-10-25 15:42:56
e3f8381e-e15e-4da1-b2f5-84ec843d8790	66841336-e47c-4f62-90a9-f8e534d1d792	hi	42bd76a0-f47f-4d74-a34f-1bd72cfba370	\N	2024-10-25 15:43:37	2024-10-25 15:43:37
603f0b5e-789f-44dc-ac1d-57c50af52d41	7201347f-e04e-4ecd-85ff-c3bd2c5bcfef	cek	42bd76a0-f47f-4d74-a34f-1bd72cfba370	\N	2024-10-25 15:46:12	2024-10-25 15:46:12
695636d1-2e79-4d82-9e4a-71465ca57535	41401efa-89c0-4711-951e-b19508f187b7	cek	42bd76a0-f47f-4d74-a34f-1bd72cfba370	\N	2024-10-25 15:46:49	2024-10-25 15:46:49
f944d407-86cd-4f86-a60e-810d1c98f06c	8d75322c-d986-4b31-aa14-3c903440175f	tes	42bd76a0-f47f-4d74-a34f-1bd72cfba370	\N	2024-10-25 15:47:17	2024-10-25 15:47:17
03159962-4c4d-4dd4-b13c-b037aae9afd4	4609b4d2-cd68-4411-81b9-0de2d7e4ec58	cek	42bd76a0-f47f-4d74-a34f-1bd72cfba370	\N	2024-10-25 15:52:42	2024-10-25 15:52:42
5c560363-c289-46a2-9308-7cca7ebf1819	66841336-e47c-4f62-90a9-f8e534d1d792	Cek\n.	03cb1d57-4b26-424f-8898-243318ace483	\N	2024-11-05 15:16:48	2024-11-05 15:16:48
dd91a720-f4c3-4099-af07-df9b2650e804	df57f3c3-468f-4f05-be75-8d2fcb75ef4a	Berikan laporan setiap minggu	5aa74c0f-7d6e-43a6-b361-3b7b5e41295b	\N	2024-11-05 15:20:18	2024-11-05 15:20:18
6102e843-62a0-4a7b-88b4-8dc8beda2042	7201347f-e04e-4ecd-85ff-c3bd2c5bcfef	test	03cb1d57-4b26-424f-8898-243318ace483	\N	2024-11-06 09:59:27	2024-11-06 09:59:27
b3b8438c-2105-4976-9078-52a9aeb99940	df57f3c3-468f-4f05-be75-8d2fcb75ef4a	cek	03cb1d57-4b26-424f-8898-243318ace483	\N	2024-11-06 13:33:45	2024-11-06 13:33:45
259d9c9a-3548-4b00-b838-2449e37bc9ef	df57f3c3-468f-4f05-be75-8d2fcb75ef4a	cekk	5aa74c0f-7d6e-43a6-b361-3b7b5e41295b	\N	2024-11-06 13:34:17	2024-11-06 13:34:17
58301407-ec4d-44cc-a860-1a3823e52ce5	df57f3c3-468f-4f05-be75-8d2fcb75ef4a	Test	03cb1d57-4b26-424f-8898-243318ace483	\N	2024-11-06 14:09:18	2024-11-06 14:09:18
bdb732b7-9d04-4427-b4e3-4dbd9db0052f	df57f3c3-468f-4f05-be75-8d2fcb75ef4a	Test	03cb1d57-4b26-424f-8898-243318ace483	\N	2024-11-06 14:13:02	2024-11-06 14:13:02
5f0e2c1e-2ef0-410b-9628-653de005a078	df57f3c3-468f-4f05-be75-8d2fcb75ef4a	cek	5aa74c0f-7d6e-43a6-b361-3b7b5e41295b	\N	2024-11-06 14:57:23	2024-11-06 14:57:23
bded0535-005e-4d59-bcb7-b1ac51a0a7f0	8d75322c-d986-4b31-aa14-3c903440175f	cek	03cb1d57-4b26-424f-8898-243318ace483	\N	2024-11-08 09:05:54	2024-11-08 09:05:54
eaa1a566-e094-4be8-bd89-a2217e71fcd0	8d75322c-d986-4b31-aa14-3c903440175f	Cek	03cb1d57-4b26-424f-8898-243318ace483	\N	2024-11-13 15:25:04	2024-11-13 15:25:04
b2da00e8-cb76-4f2a-88aa-2fcffe318b87	8d75322c-d986-4b31-aa14-3c903440175f	Cek	03cb1d57-4b26-424f-8898-243318ace483	\N	2024-11-13 15:25:32	2024-11-13 15:25:32
0590eccf-f6bc-4e83-81f6-fae4db2fc9c5	df57f3c3-468f-4f05-be75-8d2fcb75ef4a	Cek	03cb1d57-4b26-424f-8898-243318ace483	\N	2024-11-13 15:26:31	2024-11-13 15:26:31
7f15250c-2174-4c09-ad2d-68482573313a	4609b4d2-cd68-4411-81b9-0de2d7e4ec58	Cek	03cb1d57-4b26-424f-8898-243318ace483	\N	2024-11-13 15:27:17	2024-11-13 15:27:17
34d86cf5-84d9-40fb-9fba-0d7492100aae	4609b4d2-cd68-4411-81b9-0de2d7e4ec58	cek	03cb1d57-4b26-424f-8898-243318ace483	\N	2024-11-13 15:27:36	2024-11-13 15:27:36
5b7cbed5-0605-4637-976e-5f33f21142d3	8d75322c-d986-4b31-aa14-3c903440175f	Cek	42bd76a0-f47f-4d74-a34f-1bd72cfba370	\N	2024-11-14 09:32:28	2024-11-14 09:32:28
984aed1a-545e-4613-8ade-c12d8c851330	d40f4d02-f4ab-41bf-a1ea-51b8c42e65fb	tes	2ffe9be6-0405-4323-a69b-9d64138e0133	\N	2024-11-18 14:00:04	2024-11-18 14:00:04
9b933f56-aea7-4682-a362-fe997eb85760	aabee2a7-61c3-4c26-a1f1-58ca1b5a7bd8	Gaa	03eeae77-d85d-4cab-8e58-978f0b1b6e6f	\N	2024-12-03 14:57:19	2024-12-03 14:57:19
e955dce7-b3b7-4f56-8d48-3381deda0f9a	71d345f6-68e0-489d-8ea6-de758ba4a6db	Cek	2ffe9be6-0405-4323-a69b-9d64138e0133	\N	2024-12-03 15:12:30	2024-12-03 15:12:30
49121875-8d2b-462c-bd1f-4fa456d5c335	7e41038f-4bde-48c4-8800-41ef6fd8fafa	tes	03eeae77-d85d-4cab-8e58-978f0b1b6e6f	\N	2024-12-12 15:29:31	2024-12-12 15:29:31
2ac88ed6-dfb7-4e3d-a337-3307e20e5c6d	7e41038f-4bde-48c4-8800-41ef6fd8fafa	Test	03cb1d57-4b26-424f-8898-243318ace483	\N	2024-12-16 15:38:24	2024-12-16 15:38:24
a818f5fe-5bd9-4095-9640-1f91855b37a3	d85fd0e3-d786-4ec2-ac61-580b77791fc6	cek feedback	ab4d4a2a-2a4c-4cee-9142-dc1f4e0d85b3	\N	2024-12-18 14:31:07	2024-12-18 14:31:07
a1cd944d-b402-4681-8aef-3fb3d7f7bf91	d85fd0e3-d786-4ec2-ac61-580b77791fc6	test	ab4d4a2a-2a4c-4cee-9142-dc1f4e0d85b3	\N	2024-12-19 10:39:56	2024-12-19 10:39:56
6ae4e00e-20bc-4b47-a4e1-8467500fd087	34eb1b0e-87f8-4470-a780-6f5b2737099d	keren	8ad25947-0f5a-4834-ab87-939cde63253a	\N	2025-01-17 11:15:12	2025-01-17 11:15:12
bfe15e99-265e-4797-9f46-dd13567e97e9	bc05a854-d904-403f-83cf-2a71e448bee2	cek	ab4d4a2a-2a4c-4cee-9142-dc1f4e0d85b3	\N	2025-02-17 14:22:28	2025-02-17 14:22:28
489ea1d8-38af-451b-a3e2-1515f8ac2868	85a19c8a-64d0-4b40-8ae5-4240b582a005	tes	8e8e951c-27b7-4c9b-aa04-8ab38f24af4d	\N	2025-02-20 14:41:08	2025-02-20 14:41:08
f5110933-6183-4da3-98bd-dbe985a1bc4a	ccdbed83-71d2-4f45-9e63-cf98bdf82f45	testtt	8ad25947-0f5a-4834-ab87-939cde63253a	\N	2025-02-26 15:10:49	2025-02-26 15:10:49
8e1d2f81-a284-4ad3-aa77-c0e8a5190fdd	7201347f-e04e-4ecd-85ff-c3bd2c5bcfef	Test	03cb1d57-4b26-424f-8898-243318ace483	\N	2025-03-31 11:24:56	2025-03-31 11:24:56
b61425a1-8308-4e93-a950-b08ff936c140	d7849558-d1e1-4cb5-8aa5-bc89358d126e	feedback	03eeae77-d85d-4cab-8e58-978f0b1b6e6f	\N	2025-04-14 15:22:10	2025-04-14 15:22:10
c04e0046-311e-4906-809a-5512bed6fb13	dbb0b5fa-0342-4b2d-a556-5b369bdd9cd4	tes	03eeae77-d85d-4cab-8e58-978f0b1b6e6f	\N	2025-04-14 15:25:09	2025-04-14 15:25:09
19eb8c3f-fae8-4f38-84f6-d3f68af169c2	dbb0b5fa-0342-4b2d-a556-5b369bdd9cd4	cek	03eeae77-d85d-4cab-8e58-978f0b1b6e6f	\N	2025-04-14 15:25:19	2025-04-14 15:25:19
eb89927a-6ca3-47d2-967e-0c31df5aca4d	b56cd97c-1a19-4764-a9e3-312d345321d1	tes	03eeae77-d85d-4cab-8e58-978f0b1b6e6f	\N	2025-04-14 15:25:52	2025-04-14 15:25:52
3eb14509-7a13-4531-87f9-ed22ea00bb05	4d74bb61-e3fa-4e35-b9ff-a09ded462efe	tes	8e8e951c-27b7-4c9b-aa04-8ab38f24af4d	\N	2025-04-14 15:27:11	2025-04-14 15:27:11
ad1903a7-e430-4b30-99a1-a41dccd28c32	0ec91793-0851-489b-bdac-1a341b447ed9	tes	8e8e951c-27b7-4c9b-aa04-8ab38f24af4d	\N	2025-04-14 15:27:37	2025-04-14 15:27:37
c5a23634-79d5-47f2-bfe0-e70b73ba6c61	6b9715c7-8b48-44a7-8b86-d51efa9cccbe	Cek	8d130e3d-73aa-42a2-aff3-9e934f11924a	\N	2025-06-04 13:48:23	2025-06-04 13:48:23
a254fd23-e780-4b61-8cca-8fd45f0593e9	be96e696-d103-4725-82e3-fe7de8e2b9fc	test	8fd3a110-cf4a-47ce-9444-5feef439b822	\N	2025-06-13 14:33:29	2025-06-13 14:33:29
3cb49434-78fc-4520-86a9-2de8a60e0eb0	4d74bb61-e3fa-4e35-b9ff-a09ded462efe	;lml;	03cb1d57-4b26-424f-8898-243318ace483	\N	2025-06-30 14:36:13	2025-06-30 14:36:13
da70c53c-52e0-4461-b773-cf87f48cd90e	4d74bb61-e3fa-4e35-b9ff-a09ded462efe	nnn	03cb1d57-4b26-424f-8898-243318ace483	\N	2025-06-30 14:36:23	2025-06-30 14:36:23
c6b2e8dd-e99d-48de-9cba-f7b64b216f7c	b8f2a218-5966-47ca-8b89-fda2aa987529	point aces	8e8e951c-27b7-4c9b-aa04-8ab38f24af4d	\N	2025-08-28 10:40:25	2025-08-28 10:40:25
5928866c-f00a-4000-814f-5ee824095bd0	dfe9f966-7e01-44aa-91a9-bd6a0b79f74f	Customer minta di percepat pengerjaannya	42bd76a0-f47f-4d74-a34f-1bd72cfba370	\N	2025-09-12 14:19:36	2025-09-12 14:19:36
ceefc07b-c337-40d5-912e-c6793522399c	dfe9f966-7e01-44aa-91a9-bd6a0b79f74f	Tesssss	03cb1d57-4b26-424f-8898-243318ace483	\N	2025-09-15 11:47:55	2025-09-15 11:47:55
cf4d26a4-7ca9-4a98-9280-84807db6d8ad	394e8ad8-0b55-4597-abc0-bd2ff23f676b	instalasi	8e8e951c-27b7-4c9b-aa04-8ab38f24af4d	\N	2025-09-26 14:40:14	2025-09-26 14:40:14
8653c4af-d9db-47fe-9e1b-c44ecc7ac11e	f14bec67-49d0-44b3-b665-698682bbfd33	point akses	2ffe9be6-0405-4323-a69b-9d64138e0133	\N	2025-09-29 09:20:22	2025-09-29 09:20:22
f2667d8a-b1c3-48a3-838e-0198834fd865	f14bec67-49d0-44b3-b665-698682bbfd33	Test	03cb1d57-4b26-424f-8898-243318ace483	\N	2025-10-09 11:24:49	2025-10-09 11:24:49
27e4f95f-4c13-46d5-b316-26f8b236f349	f14bec67-49d0-44b3-b665-698682bbfd33	Cek	03cb1d57-4b26-424f-8898-243318ace483	\N	2025-10-13 16:06:50	2025-10-13 16:06:50
3ca5bd5e-09c7-46b8-a166-a5ed2947d502	394e8ad8-0b55-4597-abc0-bd2ff23f676b	Cek	03cb1d57-4b26-424f-8898-243318ace483	\N	2025-10-13 16:07:08	2025-10-13 16:07:08
fd5c425b-0fdb-4275-b1fc-09ead2febf9c	394e8ad8-0b55-4597-abc0-bd2ff23f676b	Tes	8e8e951c-27b7-4c9b-aa04-8ab38f24af4d	\N	2025-10-13 16:09:26	2025-10-13 16:09:26
d8ed0cd4-763b-4bd1-9c0e-31848b4bad81	f14bec67-49d0-44b3-b665-698682bbfd33	Testung	03cb1d57-4b26-424f-8898-243318ace483	\N	2025-10-28 12:58:51	2025-10-28 12:58:51
e40cec80-f6f4-4e76-8e7a-09ba6fc6fd7e	f14bec67-49d0-44b3-b665-698682bbfd33	Halo	72d92d83-8790-4947-9c74-2fb113f06a11	\N	2025-10-28 13:08:03	2025-10-28 13:08:03
bda3cb50-b333-4f84-81c1-4da2148ea953	f14bec67-49d0-44b3-b665-698682bbfd33	Testes	72d92d83-8790-4947-9c74-2fb113f06a11	\N	2025-10-28 13:08:23	2025-10-28 13:08:23
45dea161-f3c8-4eeb-b4c4-70dbf3fa4a05	4d74bb61-e3fa-4e35-b9ff-a09ded462efe	tes	8e8e951c-27b7-4c9b-aa04-8ab38f24af4d	\N	2025-12-15 13:32:08	2025-12-15 13:32:08
\.


--
-- Data for Name: file_certificate; Type: TABLE DATA; Schema: public; Owner: -
--

COPY public.file_certificate (id, id_certificate, file, tiny, file_name, extention, created_at, updated_at, created_by, updated_by, deleted_at) FROM stdin;
578ccb8e-c7e8-4102-b62a-979c71dbc17f	b000a238-8131-43fb-b6c1-ba750aadeb1f	altros_certificate_file/tb19zSTbQSDlbSBajWoR5gUIVE0xh4K8cQtFJUoT.png	\N	ccna.png	png	2024-11-06 08:48:48	2024-11-06 08:48:48	eeac703a-6d23-406b-bb47-9843353fda32	\N	\N
0ade1c55-ae99-401f-b9ff-126eb6806d54	ee2e507d-7552-473b-ae87-26a6b74e1209	altros_certificate_file/qpA79mf6CdkQSjv375gguf4xebsEDnlHvCSJGibw.jpg	\N	360_F_314927575_yqFMAuXFTNC6gBflR2njRZ4bQb8dAb7y.jpg	jpg	2024-12-05 10:20:31	2024-12-05 10:20:31	5f7ff936-e782-417d-b424-4fe25e89367d	\N	\N
714c76cb-f537-4fc7-97d4-55eff146a1de	2e04ce6b-36e5-46c1-87f4-cb1dd8756d79	altros_certificate_file/AKcY7igm1vG7hzjYwvPSmZsPU4Df2Urx5d7Hhzuo.png	\N	Altros-10-01-2024_04_20_PM.png	png	2024-12-05 10:30:00	2024-12-05 10:33:06	fd03e691-7a0f-487b-9fdf-5cb56fea3d89	\N	2024-12-05 10:33:06
6234078d-ae15-49cb-a6be-f97d3edccb21	d4aa0ef9-bc4f-4b78-8a04-c152dcbba591	altros_certificate_file/0t10KP144IpDcqTCZWBtKOrF7CmpYa22xfg7d1Wv.jpg	\N	360_F_314927575_yqFMAuXFTNC6gBflR2njRZ4bQb8dAb7y.jpg	jpg	2024-12-05 10:35:08	2024-12-05 10:39:33	fd03e691-7a0f-487b-9fdf-5cb56fea3d89	\N	2024-12-05 10:39:33
ca08a7d5-8f69-4d60-bb3b-e7d2b9f20d09	8292c568-66e6-4425-98e3-95bd31ab1100	altros_certificate_file/tOZod1UZlVxNpGpnx4F2Akfd1oRdmFu2eggAbZcr.png	\N	Altros-10-01-2024_04_20_PM.png	png	2024-12-05 10:40:28	2024-12-05 10:40:28	fd03e691-7a0f-487b-9fdf-5cb56fea3d89	\N	\N
5644a72f-2e18-41ea-80f2-545e465d270a	27e51f6b-c453-4c38-82df-73c2a27b7b86	altros_certificate_file/WA2xxQOhLRX1g5HCryY9ScSgsvNk8sOw9b1GN8It.svg	\N	icon-commit-black.svg	svg	2024-12-10 15:16:51	2024-12-10 15:22:27	4deabcee-a5f4-40a4-b37b-21ff88825b4b	\N	2024-12-10 15:22:27
f9cf3462-82c7-4744-bbc5-a6ac1cabbf3d	0685d94d-9d93-45a4-9004-513cb3c0e003	altros_certificate_file/nyDcAQpnxqtS5w3IxzvvTWUHdoH01Ee2QR6EDonp.jpg	\N	360_F_314927575_yqFMAuXFTNC6gBflR2njRZ4bQb8dAb7y.jpg	jpg	2024-12-10 16:08:56	2024-12-10 16:08:56	4deabcee-a5f4-40a4-b37b-21ff88825b4b	\N	\N
f1c3024e-d39e-4c13-81d7-f3464134baa6	e5d24131-2772-4e87-b912-d50b6a2ab1ab	altros_certificate_file/oYFkQY8BN1PxAsccDRv28WZRxshgiuNEHHfy5E6O.jpg	\N	pngtree-property-and-construction-logo-design-image_220086.jpg	jpg	2024-12-16 15:51:07	2024-12-16 15:51:07	00060ccf-bc5d-42bb-ae36-735280e8c678	\N	\N
0cb1b86a-ff2c-4e1a-9460-23f316494240	9cad2741-9a90-48e9-833f-eb9bbfb26dc5	altros_certificate_file/MzM2unSLC9mWMZ8sfAu1zrHa1rbKI6o6nPE8qs27.jpg	\N	360_F_314927575_yqFMAuXFTNC6gBflR2njRZ4bQb8dAb7y.jpg	jpg	2024-12-16 15:52:09	2024-12-16 15:52:09	00060ccf-bc5d-42bb-ae36-735280e8c678	\N	\N
b0b9057f-c251-4003-9e22-540c107379ee	ca1436e2-03ed-4b4c-9f6c-32627d4f6586	altros_certificate_file/UbIKmNwXCEfoGsN0vyApWo1cYACAtixxqvmtC8DJ.jpg	\N	360_F_314927575_yqFMAuXFTNC6gBflR2njRZ4bQb8dAb7y.jpg	jpg	2024-12-16 15:53:23	2024-12-16 15:53:23	00060ccf-bc5d-42bb-ae36-735280e8c678	\N	\N
655aa35a-6155-4f9c-a22c-d2da3edb6f20	be007fb2-abda-4b3d-a882-5ed7d8da8020	altros_certificate_file/7eulZoXczReKdLdjtEBNtMtkawPaOdzSvVmoXINT.jpg	\N	S-promo.jpg	jpg	2025-02-04 13:53:08	2025-02-04 13:53:08	4deabcee-a5f4-40a4-b37b-21ff88825b4b	\N	\N
962ce345-1aae-4975-88ad-b11738dc4a6e	6cd409e5-5eba-4023-8095-33cca73cee32	altros_certificate_file/ifVOV2ycq8oTAffnmAOZW2xrv6SII68fYfMSV3Fh.jpg	\N	360_F_314927575_yqFMAuXFTNC6gBflR2njRZ4bQb8dAb7y.jpg	jpg	2025-02-04 13:55:07	2025-02-04 13:55:07	5a50aa81-68fe-4ffa-8381-a848f1859343	\N	\N
fe8afeb4-16aa-4478-8ec7-609d3ee10091	14314222-dc27-4232-9190-3a751a8dc88f	altros_certificate_file/t2JUgPTZqHz3HA3NnkwStUKI7OiyeeM6xuREVu75.webp	\N	5bdd02db9ff4c_thumb900.webp	webp	2025-02-11 09:53:24	2025-02-11 09:57:06	e9078190-c33e-4bcb-8fe0-54b480b72936	\N	2025-02-11 09:57:06
47bd5f95-592b-409b-8c87-7fadb9553874	332800c1-d6d5-4ab3-b41e-e6eefef81298	altros_certificate_file/p9BTUB5kgpJjNKwxCbpw8o4QHXHZZ7gPBLfuvHKG.webp	\N	5bdd02db9ff4c_thumb900.webp	webp	2025-02-11 09:58:56	2025-02-11 09:58:56	e9078190-c33e-4bcb-8fe0-54b480b72936	\N	\N
8dba9217-7698-4499-9924-d60b6cb2e9b4	bb99efe4-7c15-4d9f-b580-7fae605f2ff9	altros_certificate_file/OnxZ7jq9CE5NszODGY5iwqwnfKNczDGvAbnguLj0.jpg	\N	S-promo.jpg	jpg	2025-02-13 16:20:13	2025-02-13 16:20:13	e9078190-c33e-4bcb-8fe0-54b480b72936	\N	\N
ed63ebb2-51ba-4aaa-9862-27382c815420	6618f771-fef3-4bd4-8401-5dbb04533c41	altros_certificate_file/2cjpDSO2jnIMffOOOBa8BVTbbHA9YP2egtJy9cvA.jpg	\N	2efc5e91003ba50fe45b55769da6157f.jpg	jpg	2025-02-14 09:54:50	2025-02-14 09:54:50	5a50aa81-68fe-4ffa-8381-a848f1859343	\N	\N
680766e5-cbe8-4aba-a790-0971c6b5547d	afbab304-3dc7-4e65-9092-fb09b46b86e7	altros_certificate_file/RGHnYJzCwwsUPfBum5xFNNTX9bGxt1O9Z7uGaBk1.jpg	\N	0ec418a3-c151-4b53-a33e-d17352d9f016.jpeg	jpeg	2025-04-10 11:25:40	2025-04-10 11:25:40	05db621f-1cef-40b3-b113-091af477ac56	\N	\N
b1e5b4df-1c5c-45bd-b2a7-3b57eddca804	a47db5fe-d7b0-4cb1-8587-69267c45bc91	altros_certificate_file/SpwebG71mrJjvvUL5tCcqTiGAV0J10Pa9m7Ir4H3.png	\N	pngtree-growth-business-company-logo-png-image_4092762.png	png	2025-05-19 14:28:18	2025-05-19 14:28:18	5a50aa81-68fe-4ffa-8381-a848f1859343	\N	\N
e7b14dae-ae0f-47df-829c-ee78889f6580	c5f9991a-0e06-4052-8cd7-b155e8537245	altros_certificate_file/zytRclgL80JYH96gazYMVKvm3bEWsBTvcMqNpfs3.pdf	\N	Altros - Print Claims.pdf	pdf	2025-06-16 10:14:52	2025-06-16 10:14:52	46caaeb5-a409-418b-879c-113fe9b763ca	\N	\N
3495dac5-04be-4c77-b7ba-30139e06bc44	4259a7fb-1479-43df-886f-3e88f5cc4fe9	altros_certificate_file/cAhKSxJ6swtV8MpxqEBeWV8h1ipfprel7VZUKBVW.png	\N	8MPAPLWC-qris.png	png	2025-08-13 11:35:00	2025-08-13 11:35:00	8b9de9f5-9edc-4946-b473-b04a4300bae1	\N	\N
aa9fe766-1c3d-4db9-a687-128521433474	c158e621-227c-448c-b348-76b8bc8a70fc	altros_certificate_file/I8ErEVctdBJl2FSAh502uec869cuUyX2bo1ztOgq.jpg	\N	altros_tech_logo (2).jpeg	jpeg	2025-09-01 13:21:48	2025-09-01 13:21:48	5f31d47f-af70-4ad6-97be-00bed999c058	\N	\N
2c2df9e0-a8ad-4cf9-99db-dd8de8b35af4	1f77353d-74b4-4c40-8f9d-8a51c2b08a88	altros_certificate_file/yXceFemU0NkG4F73ArdNFQvaXr8FWPo2X3H3rN6x.jpg	\N	altros_tech_logo (3).jpeg	jpeg	2025-10-31 09:17:40	2025-10-31 09:17:40	fd542a0d-4e23-467e-85de-d20812a9b62b	\N	\N
c159ba9d-d555-466f-ae9d-f5ab65decc6b	01baea6f-6599-4c7b-af45-0d94c900fdcd	altros_certificate_file/9vrH6uFvpTdqnorqJV0Z2gMXjX7Us6v69jeYWhIb.jpg	\N	altros_tech_logo (3).jpeg	jpeg	2025-10-31 09:32:44	2025-10-31 09:32:44	72d92d83-8790-4947-9c74-2fb113f06a11	\N	\N
0b695574-bbf7-4819-9a4f-d3726be0e9bc	e98cfc74-73cc-4bc0-bf3a-6fc966ca2699	altros_certificate_file/g04CamC0DFeWLjizwPso1OVGYBks1zI6u7dsmXyh.png	\N	01-shuttle (3).png	png	2025-10-31 11:01:35	2025-10-31 11:01:35	8e8e951c-27b7-4c9b-aa04-8ab38f24af4d	\N	\N
de918126-d18a-4b38-bc58-ff036e15fbab	e217311d-48e9-419a-9d81-a38512bfc4a2	altros_certificate_file/wZix6AI8iH3MgIbgQ9DvrCedCFbxGafsQjgxagbR.jpg	\N	abstract-logo-design-for-any-corporate-brand-business-company-vector.jpg	jpg	2025-10-31 15:23:25	2025-10-31 15:23:25	825dc883-1827-489a-8ad3-f136f559a520	\N	\N
9eab5d18-f2df-4945-baed-94224bd2991e	77c2874e-462a-46cf-9ef6-aff8c0c706ac	altros_certificate_file/c094shqBL8mYsa2rnTURbZ8LUpgNMaSz29dMLlV4.xlsx	\N	Test Case Cuti - Fajri (1).xlsx	xlsx	2025-11-19 14:39:13	2025-11-19 14:39:13	2ffe9be6-0405-4323-a69b-9d64138e0133	\N	\N
8f624497-88ee-4f6e-8aa0-669134603b3e	f5a56200-a782-4886-a8da-7424accf64de	altros_certificate_file/cYAoEAxX0MXMxZijcYMuVvpDLx4J91AfhLqKQBDA.pdf	\N	Altrosssss.pdf	pdf	2025-11-19 14:43:20	2025-11-19 14:43:20	2ffe9be6-0405-4323-a69b-9d64138e0133	\N	\N
d444139f-5983-42b1-8c4e-4556c7a7e9c5	820f5cdb-e2b7-4095-a250-14328d9a74d8	altros_certificate_file/n8tyfdAJh18i7JVLJvNBc1YpSgJGpeXYMv7cPFAv.pdf	\N	cYAoEAxX0MXMxZijcYMuVvpDLx4J91AfhLqKQBDA.pdf	pdf	2025-12-24 10:13:27	2025-12-24 10:13:27	638351ca-dc82-43e9-a061-011adc25de15	\N	\N
\.


--
-- Data for Name: group; Type: TABLE DATA; Schema: public; Owner: -
--

COPY public."group" (id, name, slug, description, category, created_at, updated_at, created_by, updated_by, deleted_at, is_cabling, is_pm) FROM stdin;
4e18cc0b-b41e-43af-aadc-4bcdfa489ee6	Fantastic Team	fantastic-team	Work Honest	sales	2024-10-19 19:54:21	2024-10-19 19:55:20	03cb1d57-4b26-424f-8898-243318ace483	03cb1d57-4b26-424f-8898-243318ace483	\N	f	f
d3bdb805-431c-4d5b-af4e-cc6f125cd64b	Maestro Engineer	maestro-engineer	Engineer Ready To Work	engineer	2024-10-19 20:10:14	2024-10-19 20:10:14	03cb1d57-4b26-424f-8898-243318ace483	\N	\N	f	f
9f7a2035-3fe8-4738-95ab-d9968f622f06	Speedy Team	speedy-team	Work Push The Limit	pre-sales	2024-10-19 20:25:48	2024-10-19 20:25:48	03cb1d57-4b26-424f-8898-243318ace483	\N	\N	f	f
559679f5-7513-4845-aa65-5cf1c696cac5	Iconic Team	iconic-team	Work With Heart	pre-sales	2024-10-19 20:27:36	2024-10-19 20:27:50	03cb1d57-4b26-424f-8898-243318ace483	03cb1d57-4b26-424f-8898-243318ace483	\N	f	f
dcec243f-c882-4408-92b0-d612f8ac3d79	Save Money	save-money	Menjaga Keuangan Perusahaan	finance	2025-06-04 10:17:07	2025-06-04 10:19:20	03cb1d57-4b26-424f-8898-243318ace483	\N	2025-06-04 10:19:20	f	f
76e2dfe3-d9b2-4786-9384-6e8d6ab2f68c	Pionic Teamm	pionic-teamm	Pionic Team	sales	2025-03-19 14:17:04	2025-03-19 14:19:25	03cb1d57-4b26-424f-8898-243318ace483	03cb1d57-4b26-424f-8898-243318ace483	2025-03-19 14:19:25	f	f
3533b5a8-210a-41d2-a870-8a15816c19f7	Save Money	save-money	Menjaga Keuangan Perusahaan	finance	2025-06-04 10:20:22	2025-06-04 10:32:44	03cb1d57-4b26-424f-8898-243318ace483	03cb1d57-4b26-424f-8898-243318ace483	\N	f	f
c989bf4f-e63e-49e7-9226-ff4e0780a57b	The Squad	the-squad	Pengelolaan SDM	legal	2025-06-04 11:05:42	2025-06-04 11:05:42	03cb1d57-4b26-424f-8898-243318ace483	\N	\N	f	f
2f9f15b0-3bfd-436a-8e2b-b89c3215d444	Superstar Engineering	superstar-engineering	Fast Work Engineering	engineer	2024-10-19 20:06:10	2025-06-16 10:45:58	03cb1d57-4b26-424f-8898-243318ace483	46caaeb5-a409-418b-879c-113fe9b763ca	\N	t	f
c2cbebc2-d39c-404f-9d69-436c4bb25757	Pionic Teamm	pionic-teamm	Pionic Teamm	sales	2025-03-19 14:20:04	2025-03-19 14:21:48	03cb1d57-4b26-424f-8898-243318ace483	03cb1d57-4b26-424f-8898-243318ace483	2025-03-19 14:21:48	f	f
16cf58ef-63fb-4783-bb3c-d3258d7076a0	Pionic Team	pionic-team	Pionic Team	sales	2025-03-19 14:22:13	2025-03-19 14:22:22	03cb1d57-4b26-424f-8898-243318ace483	\N	2025-03-19 14:22:22	f	f
636f6d66-f7b0-4ecd-b784-692a1cc9da1c	Pionic Teamm	pionic-teamm	Pionic Team	sales	2025-03-19 14:22:38	2025-03-19 14:23:20	03cb1d57-4b26-424f-8898-243318ace483	03cb1d57-4b26-424f-8898-243318ace483	2025-03-19 14:23:20	f	f
885c1a28-8e78-4902-85eb-8f183a6e8597	Pionic Team	pionic-team	Pionic Team	sales	2025-03-19 14:24:23	2025-03-19 14:24:31	03cb1d57-4b26-424f-8898-243318ace483	\N	2025-03-19 14:24:31	f	f
050baccd-27d6-4329-b7f4-e8a6c60c50b3	Operasional	operasional	operasional	sales	2025-08-22 14:27:45	2025-08-22 14:27:56	03cb1d57-4b26-424f-8898-243318ace483	\N	2025-08-22 14:27:56	f	f
6473fd12-cae4-42f6-b32e-956c0a9b1ec8	Strong Team	strong-team	Strong Team	sales	2025-02-03 10:33:17	2025-08-26 10:03:12	72d92d83-8790-4947-9c74-2fb113f06a11	72d92d83-8790-4947-9c74-2fb113f06a11	2025-08-26 10:03:12	f	f
c2eccd37-a92e-4579-83fb-95110e6a204b	Testtt	testtt	test	sales	2025-03-19 14:24:45	2025-03-19 14:25:26	03cb1d57-4b26-424f-8898-243318ace483	03cb1d57-4b26-424f-8898-243318ace483	2025-03-19 14:25:26	f	f
5166e200-c789-4984-9067-1b4d71c4c3a9	Engineer cablings	engineer-cablings	engineer cablings	engineer	2025-09-19 16:01:00	2025-09-25 13:36:48	03cb1d57-4b26-424f-8898-243318ace483	\N	2025-09-25 13:36:48	f	f
70f200f3-a276-40d4-94e7-6e5d3fe1297a	Pionic Teamm	pionic-teamm	Pionic Team	sales	2025-03-19 14:31:18	2025-03-19 14:31:57	03cb1d57-4b26-424f-8898-243318ace483	03cb1d57-4b26-424f-8898-243318ace483	2025-03-19 14:31:57	f	f
dbf8e1e3-1c53-41f7-9966-595a2c09993f	Pionic Teamm	pionic-teamm	Pionic Team	sales	2025-03-19 14:32:28	2025-03-19 14:32:50	03cb1d57-4b26-424f-8898-243318ace483	03cb1d57-4b26-424f-8898-243318ace483	2025-03-19 14:32:50	f	f
a00c9114-cfc4-404f-b44a-7a9e09bd49c5	Maniac Team	maniac-team	Work Spirits	sales	2024-10-19 19:58:30	2025-05-30 10:58:12	03cb1d57-4b26-424f-8898-243318ace483	03cb1d57-4b26-424f-8898-243318ace483	\N	f	f
71d3f891-8091-4581-ba67-48a0d78a574e	Finance Company	finance-company	Mengelola Keuangan Perusahaan	finance	2025-06-04 09:42:52	2025-06-04 09:42:52	03cb1d57-4b26-424f-8898-243318ace483	\N	\N	f	f
febcc2c8-0a53-4197-b3bd-a38cbd2dc9a4	Save Money	save-money	Menjaga Keuangan Perusahaan Altros	finance	2025-06-04 09:46:59	2025-06-04 09:48:06	03cb1d57-4b26-424f-8898-243318ace483	03cb1d57-4b26-424f-8898-243318ace483	2025-06-04 09:48:06	f	f
9d77daf0-8a80-4899-b690-c20b098e4f7a	Aspire Team	aspire-team	Work Discipline	pre-sales	2024-10-19 20:30:10	2025-06-04 09:49:20	03cb1d57-4b26-424f-8898-243318ace483	03cb1d57-4b26-424f-8898-243318ace483	2025-06-04 09:49:20	f	f
a237517a-f9b0-4e6c-8da1-e7ac085294ee	Aspire Team	aspire-team	Work Spirit	pre-sales	2025-06-04 09:49:41	2025-06-04 09:49:41	03cb1d57-4b26-424f-8898-243318ace483	\N	\N	f	f
3f23584c-ce3e-4908-bd3b-0042b9b46541	Save Money	save-money	Menjaga Keuangan Perusahaan	finance	2025-06-04 09:48:30	2025-06-04 10:16:46	03cb1d57-4b26-424f-8898-243318ace483	\N	2025-06-04 10:16:46	f	f
f8ac35a3-624e-4ab5-9da1-268e2e1dc434	Cek	cek	cek	pre-sales	2025-08-28 08:26:08	2025-08-28 08:26:37	03cb1d57-4b26-424f-8898-243318ace483	\N	2025-08-28 08:26:37	f	f
bc7c61a4-7d8d-4e3e-a598-2e22be184e80	Rocket Engineer	rocket-engineer	Safe Work But Work Dones	engineer	2024-10-19 20:12:18	2025-09-04 11:34:36	03cb1d57-4b26-424f-8898-243318ace483	5f31d47f-af70-4ad6-97be-00bed999c058	\N	f	f
745a3dec-e4d3-47b6-af99-5f7a058848c5	ABC	abc	abc	engineer	2025-09-04 11:35:37	2025-09-04 11:35:44	5f31d47f-af70-4ad6-97be-00bed999c058	\N	2025-09-04 11:35:44	f	f
00a8f9d6-9f58-4b2c-aaeb-b148ea820005	Dell Technologies	dell-technologies	dasdsa	engineer	2025-09-10 11:01:44	2025-09-10 11:01:44	03cb1d57-4b26-424f-8898-243318ace483	\N	\N	f	f
ad181782-e554-45fa-9d4f-649324396866	Group baru	group-baru	grup baru	engineer	2025-09-11 15:27:07	2025-09-11 15:30:10	72d92d83-8790-4947-9c74-2fb113f06a11	\N	2025-09-11 15:30:10	f	f
dc15482e-ab91-44e7-81df-d0bfbb976453	Cek	cek	cek	sales	2025-09-18 15:38:50	2025-09-18 15:39:05	03cb1d57-4b26-424f-8898-243318ace483	\N	2025-09-18 15:39:05	f	f
1c976b0a-e3a0-4d42-9751-72b3f3287900	cek	cek	cek	engineer	2025-09-18 15:39:50	2025-09-18 15:43:44	03cb1d57-4b26-424f-8898-243318ace483	\N	2025-09-18 15:43:44	f	f
1713a6cb-db7b-4170-9f65-76cc87c04678	Tes	tes	tes	engineer	2025-09-25 13:38:32	2025-09-25 13:38:35	5f31d47f-af70-4ad6-97be-00bed999c058	\N	2025-09-25 13:38:35	f	f
4ad4c991-28c5-4bdb-b55e-bb71e52a9d39	tes	tes	tes	pre-sales	2025-09-25 14:09:28	2025-09-25 14:09:39	5f31d47f-af70-4ad6-97be-00bed999c058	\N	2025-09-25 14:09:39	f	f
1db26ae2-905f-4291-aa64-a9f8a39c2800	cek	cek	tes	pre-sales	2025-09-25 14:09:58	2025-09-25 14:10:09	5f31d47f-af70-4ad6-97be-00bed999c058	\N	2025-09-25 14:10:09	f	f
e16cc1b2-512a-4e2f-b09b-bdd35481b868	Tes	tes	tes	engineer	2025-09-30 09:49:57	2025-09-30 10:25:29	03cb1d57-4b26-424f-8898-243318ace483	\N	2025-09-30 10:25:29	f	f
985ff699-0150-4371-808b-5f1eaa4843c3	tes	tes	tes	engineer	2025-09-30 10:25:42	2025-09-30 10:26:18	03cb1d57-4b26-424f-8898-243318ace483	\N	2025-09-30 10:26:18	f	f
378bd2dd-29d4-45b9-9f00-55aaa270da1c	Enginerings	enginerings	enginerings	engineer	2025-09-19 15:24:58	2025-09-30 16:00:09	03cb1d57-4b26-424f-8898-243318ace483	\N	2025-09-30 16:00:09	f	f
21d73352-59cd-4a8f-9174-a8d4748d4063	Cabling Group	cabling-group	tes	engineer	2025-09-30 10:27:37	2025-10-06 10:50:14	03cb1d57-4b26-424f-8898-243318ace483	\N	2025-10-06 10:50:14	f	f
25756dd3-0bea-4438-a43d-802354718190	Cabling Group	cabling-group	tes	engineer	2025-10-06 11:00:45	2025-10-06 11:01:04	03cb1d57-4b26-424f-8898-243318ace483	\N	2025-10-06 11:01:04	t	f
c25448c3-d3e9-4aa1-bd88-2cccc433a49e	group cabling	group-cabling	tes	engineer	2025-10-06 11:02:07	2025-10-06 11:02:32	03cb1d57-4b26-424f-8898-243318ace483	\N	2025-10-06 11:02:32	t	f
6d92b944-a64e-43e6-8baf-a8b68dc5809e	Cablings	cablings	cablings	engineer	2025-10-14 11:07:40	2025-10-14 11:07:40	03cb1d57-4b26-424f-8898-243318ace483	\N	\N	t	f
39e0ee3f-e813-4736-b278-ef91dc822dc8	Corporate Warriors	corporate-warriors	Ready 24 hours	engineer	2025-10-16 10:33:51	2025-10-16 10:36:52	03cb1d57-4b26-424f-8898-243318ace483	\N	2025-10-16 10:36:52	f	t
f1f02a77-d3e3-46e4-8056-f7061a19e1f8	Corporate Warriors	corporate-warriors	Ready 24 Hours	engineer	2025-10-16 10:37:15	2025-10-16 10:58:55	03cb1d57-4b26-424f-8898-243318ace483	\N	2025-10-16 10:58:55	f	t
648938b5-e3a3-4ce5-b2f3-2449cbab73cc	Corporate Warriors	corporate-warriors	Ready 24 Hourse	engineer	2025-10-16 10:59:51	2025-10-21 09:41:28	03cb1d57-4b26-424f-8898-243318ace483	\N	2025-10-21 09:41:28	f	t
f3e58fc8-c5ca-4f6c-8eed-be1135e88630	Corporate Warriors	corporate-warriors	Ready 24 Hours	engineer	2025-10-21 09:42:51	2025-10-21 09:43:20	03cb1d57-4b26-424f-8898-243318ace483	\N	2025-10-21 09:43:20	f	t
fce25d92-357b-4685-b446-96db01ed6ffe	Corporate Warriors	corporate-warriors	Ready 24 Hours	engineer	2025-10-21 09:43:44	2025-10-21 09:43:44	03cb1d57-4b26-424f-8898-243318ace483	\N	\N	f	t
00d7b20c-3771-4110-ad60-6d4b4676a21c	Dream Team	dream-team	Work Hard	sales	2024-10-19 19:52:52	2025-11-04 16:34:23	03cb1d57-4b26-424f-8898-243318ace483	72d92d83-8790-4947-9c74-2fb113f06a11	\N	f	f
c36db8fa-2263-425b-b9e9-5d0183d770f3	test sales	test-sales	test	sales	2025-12-23 14:13:23	2025-12-23 14:13:32	03cb1d57-4b26-424f-8898-243318ace483	\N	2025-12-23 14:13:32	f	f
04e6d946-5977-4fef-8169-e3ff318143d0	Tes	tes	test	sales	2025-09-25 10:10:05	2025-12-23 14:14:49	03cb1d57-4b26-424f-8898-243318ace483	03cb1d57-4b26-424f-8898-243318ace483	\N	f	f
34c085df-400b-47ad-9b1c-68be8d828a44	test engi	test-engi	tes	engineer	2025-12-23 14:19:14	2025-12-23 14:20:03	03cb1d57-4b26-424f-8898-243318ace483	03cb1d57-4b26-424f-8898-243318ace483	\N	t	f
ae54d4fa-6920-494b-aafa-1b5289c58a09	The People	the-people	Smart People	legal	2025-06-04 11:09:13	2025-12-23 14:20:20	03cb1d57-4b26-424f-8898-243318ace483	03cb1d57-4b26-424f-8898-243318ace483	\N	f	f
\.


--
-- Data for Name: group_member; Type: TABLE DATA; Schema: public; Owner: -
--

COPY public.group_member (id, id_group, id_user, is_admin, created_at, updated_at, created_by, updated_by, deleted_at, active, type, type_date) FROM stdin;
db86a975-eaff-4247-8ef3-ddfafa89ccd2	4e18cc0b-b41e-43af-aadc-4bcdfa489ee6	cc06ec2d-16b6-42c6-8012-32fdcd9334c8	t	2024-10-19 19:54:21	2024-10-19 19:55:00	03cb1d57-4b26-424f-8898-243318ace483	\N	2024-10-19 19:55:00	t	active	\N
b76fdce6-50e9-4970-a968-0a18ccf6ad45	4e18cc0b-b41e-43af-aadc-4bcdfa489ee6	cc06ec2d-16b6-42c6-8012-32fdcd9334c8	t	2024-10-19 19:55:00	2024-10-19 19:55:20	03cb1d57-4b26-424f-8898-243318ace483	\N	2024-10-19 19:55:20	t	active	\N
31942906-9063-4e00-8af8-d2498eb396b6	a00c9114-cfc4-404f-b44a-7a9e09bd49c5	42bd76a0-f47f-4d74-a34f-1bd72cfba370	f	2024-10-19 19:59:27	2024-10-19 19:59:27	03cb1d57-4b26-424f-8898-243318ace483	\N	\N	t	active	\N
28d0fd6d-2f82-4aae-af08-a5fce858f201	a00c9114-cfc4-404f-b44a-7a9e09bd49c5	aedd0e94-8089-479c-ad87-c38fa3d16bf4	f	2024-10-19 19:59:28	2024-10-19 19:59:28	03cb1d57-4b26-424f-8898-243318ace483	\N	\N	t	active	\N
c392b05d-e26f-4233-8add-97dcd1609e0d	4e18cc0b-b41e-43af-aadc-4bcdfa489ee6	bfe6f165-4031-4f48-b1aa-2c9953a0b3d9	f	2024-10-19 19:59:51	2024-10-19 19:59:51	03cb1d57-4b26-424f-8898-243318ace483	\N	\N	t	active	\N
cb34bbc9-3aba-458f-837a-1a2c8be08e54	4e18cc0b-b41e-43af-aadc-4bcdfa489ee6	03eeae77-d85d-4cab-8e58-978f0b1b6e6f	f	2024-10-19 19:59:51	2024-10-19 19:59:51	03cb1d57-4b26-424f-8898-243318ace483	\N	\N	t	active	\N
02b04c74-f4ab-4584-89b4-ea0a1ccded48	4e18cc0b-b41e-43af-aadc-4bcdfa489ee6	ab4d4a2a-2a4c-4cee-9142-dc1f4e0d85b3	f	2024-10-19 19:59:51	2024-10-19 19:59:51	03cb1d57-4b26-424f-8898-243318ace483	\N	\N	t	active	\N
ee0ec128-3d52-4533-908c-c53b85fa7191	4e18cc0b-b41e-43af-aadc-4bcdfa489ee6	f7b25d16-f21d-4ded-8926-1b16134bf80d	f	2024-10-19 19:59:51	2024-10-19 19:59:51	03cb1d57-4b26-424f-8898-243318ace483	\N	\N	t	active	\N
b9e06204-e6b2-418a-a016-5c4975ae4e70	00d7b20c-3771-4110-ad60-6d4b4676a21c	8d130e3d-73aa-42a2-aff3-9e934f11924a	f	2024-10-19 20:00:15	2024-10-19 20:00:15	03cb1d57-4b26-424f-8898-243318ace483	\N	\N	t	active	\N
b64544c6-c819-4457-bc6a-854b44263e73	00d7b20c-3771-4110-ad60-6d4b4676a21c	72216281-c19f-49dc-a1ee-5ee53339a816	f	2024-10-19 20:00:15	2024-10-19 20:00:15	03cb1d57-4b26-424f-8898-243318ace483	\N	\N	t	active	\N
c703c756-cfe6-40ea-b8fd-c070392ab3e9	00d7b20c-3771-4110-ad60-6d4b4676a21c	8e8e951c-27b7-4c9b-aa04-8ab38f24af4d	f	2024-10-19 20:00:47	2024-10-19 20:00:47	03cb1d57-4b26-424f-8898-243318ace483	\N	\N	t	active	\N
f603e99f-0dd2-4baa-b5f6-a32409012a32	a00c9114-cfc4-404f-b44a-7a9e09bd49c5	8fd3a110-cf4a-47ce-9444-5feef439b822	f	2024-10-19 20:03:07	2024-10-19 20:03:07	03cb1d57-4b26-424f-8898-243318ace483	\N	\N	t	active	\N
a15aa339-f977-45ae-baac-242d4ddc240d	2f9f15b0-3bfd-436a-8e2b-b89c3215d444	46caaeb5-a409-418b-879c-113fe9b763ca	t	2024-10-19 20:06:10	2024-10-19 20:08:05	03cb1d57-4b26-424f-8898-243318ace483	\N	2024-10-19 20:08:05	t	active	\N
cd44f454-1dc5-4131-b9a5-69c334bf31e1	2f9f15b0-3bfd-436a-8e2b-b89c3215d444	18a0f2ab-7c09-46ab-a51c-eb3c18f17e5e	f	2024-10-19 20:09:02	2024-10-19 20:09:02	03cb1d57-4b26-424f-8898-243318ace483	\N	\N	t	active	\N
cfc20bf7-c700-459d-a6cb-574b1873e43a	2f9f15b0-3bfd-436a-8e2b-b89c3215d444	8b9de9f5-9edc-4946-b473-b04a4300bae1	f	2024-10-19 20:09:02	2024-10-19 20:09:02	03cb1d57-4b26-424f-8898-243318ace483	\N	\N	t	active	\N
46fe9c6d-205a-4d5a-9ba9-d6dbb3f7d5ce	d3bdb805-431c-4d5b-af4e-cc6f125cd64b	5f7ff936-e782-417d-b424-4fe25e89367d	t	2024-10-19 20:10:14	2024-10-19 20:10:14	03cb1d57-4b26-424f-8898-243318ace483	\N	\N	t	active	\N
e4318093-4908-47c1-9773-a2e5895b4d5e	bc7c61a4-7d8d-4e3e-a598-2e22be184e80	fd03e691-7a0f-487b-9fdf-5cb56fea3d89	t	2024-10-19 20:12:18	2024-10-19 20:12:38	03cb1d57-4b26-424f-8898-243318ace483	\N	2024-10-19 20:12:38	t	active	\N
49a83dd3-0b5f-422d-8aa9-0ebce17e92c7	bc7c61a4-7d8d-4e3e-a598-2e22be184e80	4deabcee-a5f4-40a4-b37b-21ff88825b4b	f	2024-10-19 20:21:43	2024-10-19 20:21:43	03cb1d57-4b26-424f-8898-243318ace483	\N	\N	t	active	\N
a70088cc-0d5a-4347-ba93-b81696da3c0c	d3bdb805-431c-4d5b-af4e-cc6f125cd64b	00060ccf-bc5d-42bb-ae36-735280e8c678	f	2024-10-19 20:22:16	2024-10-19 20:22:16	03cb1d57-4b26-424f-8898-243318ace483	\N	\N	t	active	\N
17a86923-3660-464d-bea7-ef25e3888bba	9f7a2035-3fe8-4738-95ab-d9968f622f06	2ff6fc80-6ac9-4d7d-9b4c-7e8943a56d1b	t	2024-10-19 20:25:48	2024-10-19 20:25:48	03cb1d57-4b26-424f-8898-243318ace483	\N	\N	t	active	\N
26aa2720-040f-4f77-82fe-eaaa46666490	559679f5-7513-4845-aa65-5cf1c696cac5	fac7142e-3f53-48da-b6d0-0f10d94d3e9e	t	2024-10-19 20:27:36	2024-10-19 20:27:50	03cb1d57-4b26-424f-8898-243318ace483	\N	2024-10-19 20:27:50	t	active	\N
48ad0d8c-1347-4df8-bb05-5f39ee319eb0	559679f5-7513-4845-aa65-5cf1c696cac5	fac7142e-3f53-48da-b6d0-0f10d94d3e9e	t	2024-10-19 20:27:50	2024-10-19 20:27:50	03cb1d57-4b26-424f-8898-243318ace483	\N	\N	t	active	\N
7b919ecc-e6c3-4ffc-993f-f114d35ebb6d	00d7b20c-3771-4110-ad60-6d4b4676a21c	8ad25947-0f5a-4834-ab87-939cde63253a	f	2024-10-19 20:00:15	2024-10-23 10:32:23	03cb1d57-4b26-424f-8898-243318ace483	\N	\N	t	leave	\N
0101dc8f-f417-4bb3-b223-db07184037d6	a00c9114-cfc4-404f-b44a-7a9e09bd49c5	2ffe9be6-0405-4323-a69b-9d64138e0133	t	2024-10-19 19:58:30	2024-11-15 10:43:26	03cb1d57-4b26-424f-8898-243318ace483	\N	2024-11-15 10:43:26	t	active	\N
6ee969ca-0588-434e-a596-659efda7cae9	a00c9114-cfc4-404f-b44a-7a9e09bd49c5	2ffe9be6-0405-4323-a69b-9d64138e0133	t	2024-11-15 10:43:26	2024-11-15 10:43:35	2ffe9be6-0405-4323-a69b-9d64138e0133	\N	2024-11-15 10:43:35	t	active	\N
acaf2ebb-1972-40c1-9d01-31eae881799a	2f9f15b0-3bfd-436a-8e2b-b89c3215d444	46caaeb5-a409-418b-879c-113fe9b763ca	t	2024-10-19 20:08:05	2024-12-27 16:58:46	03cb1d57-4b26-424f-8898-243318ace483	\N	2024-12-27 16:58:46	t	active	\N
ad914ed9-3b6d-4f7f-bec4-f8c9298bdaab	2f9f15b0-3bfd-436a-8e2b-b89c3215d444	46caaeb5-a409-418b-879c-113fe9b763ca	t	2024-12-27 16:58:46	2024-12-27 16:59:03	03cb1d57-4b26-424f-8898-243318ace483	\N	2024-12-27 16:59:03	t	active	\N
dae1034e-3488-49f0-af7a-aae5121e9618	2f9f15b0-3bfd-436a-8e2b-b89c3215d444	46caaeb5-a409-418b-879c-113fe9b763ca	t	2024-12-27 16:59:03	2024-12-27 16:59:27	03cb1d57-4b26-424f-8898-243318ace483	\N	2024-12-27 16:59:27	t	active	\N
9f27c420-7c4c-4306-b5cf-221fc67e04b4	a00c9114-cfc4-404f-b44a-7a9e09bd49c5	f0ef4ada-5217-4184-ab0d-34a9409106ab	f	2025-01-06 10:30:44	2025-01-06 10:30:53	2ffe9be6-0405-4323-a69b-9d64138e0133	\N	\N	f	move	2025-01-06 10:30:53
2d0060d6-a572-4605-8a24-569f8b56e7d4	a00c9114-cfc4-404f-b44a-7a9e09bd49c5	2ffe9be6-0405-4323-a69b-9d64138e0133	t	2024-11-15 10:43:35	2025-01-08 09:50:43	2ffe9be6-0405-4323-a69b-9d64138e0133	\N	2025-01-08 09:50:43	t	active	\N
fe4aa302-233e-4549-b79c-19c2c707ebd6	a00c9114-cfc4-404f-b44a-7a9e09bd49c5	2ffe9be6-0405-4323-a69b-9d64138e0133	t	2025-01-08 09:50:43	2025-01-08 09:50:54	03cb1d57-4b26-424f-8898-243318ace483	\N	2025-01-08 09:50:54	t	active	\N
dcef1c77-dac2-42c1-b242-19404a5a64b5	a00c9114-cfc4-404f-b44a-7a9e09bd49c5	2ffe9be6-0405-4323-a69b-9d64138e0133	t	2025-01-08 09:50:54	2025-01-08 09:51:02	03cb1d57-4b26-424f-8898-243318ace483	\N	2025-01-08 09:51:02	t	active	\N
9131385b-6dde-43db-ad5b-294d29a54636	a00c9114-cfc4-404f-b44a-7a9e09bd49c5	2ffe9be6-0405-4323-a69b-9d64138e0133	t	2025-01-08 09:51:02	2025-01-08 09:51:11	03cb1d57-4b26-424f-8898-243318ace483	\N	2025-01-08 09:51:11	t	active	\N
fd79bc94-e1a8-4154-94d4-a39b42c3b9f5	bc7c61a4-7d8d-4e3e-a598-2e22be184e80	3c9a8a1f-8418-4aa4-814a-2e03207a69a2	f	2024-10-19 20:21:43	2025-01-24 15:38:02	03cb1d57-4b26-424f-8898-243318ace483	\N	\N	f	leave	2025-01-24 15:38:02
41126c9f-21f1-4cd2-b65d-234b3203f069	bc7c61a4-7d8d-4e3e-a598-2e22be184e80	fd03e691-7a0f-487b-9fdf-5cb56fea3d89	t	2024-10-19 20:12:38	2025-01-10 09:11:58	03cb1d57-4b26-424f-8898-243318ace483	\N	2025-01-10 09:11:58	t	active	\N
59db1548-aa02-4871-bb40-83bb6a7873ca	bc7c61a4-7d8d-4e3e-a598-2e22be184e80	fd03e691-7a0f-487b-9fdf-5cb56fea3d89	t	2025-01-10 09:11:58	2025-01-10 09:12:12	03cb1d57-4b26-424f-8898-243318ace483	\N	2025-01-10 09:12:12	t	active	\N
68563920-a1df-41aa-8670-3c8f5e523a2a	bc7c61a4-7d8d-4e3e-a598-2e22be184e80	fd03e691-7a0f-487b-9fdf-5cb56fea3d89	t	2025-01-10 09:12:12	2025-01-10 09:12:22	03cb1d57-4b26-424f-8898-243318ace483	\N	2025-01-10 09:12:22	t	active	\N
82ad886a-3e89-456e-a485-077802552b79	bc7c61a4-7d8d-4e3e-a598-2e22be184e80	fd03e691-7a0f-487b-9fdf-5cb56fea3d89	t	2025-01-10 09:12:22	2025-01-10 09:12:33	03cb1d57-4b26-424f-8898-243318ace483	\N	2025-01-10 09:12:33	t	active	\N
92170faf-b158-4947-8692-87257dca1b01	a00c9114-cfc4-404f-b44a-7a9e09bd49c5	2ffe9be6-0405-4323-a69b-9d64138e0133	t	2025-01-08 09:51:11	2025-01-10 09:13:10	03cb1d57-4b26-424f-8898-243318ace483	\N	2025-01-10 09:13:10	t	active	\N
b8e3d335-1055-4d33-9835-834333a27a18	a00c9114-cfc4-404f-b44a-7a9e09bd49c5	2ffe9be6-0405-4323-a69b-9d64138e0133	t	2025-01-10 09:13:10	2025-01-10 09:13:21	03cb1d57-4b26-424f-8898-243318ace483	\N	2025-01-10 09:13:21	t	active	\N
38c029c4-ff13-4412-b384-451fd445dda9	a00c9114-cfc4-404f-b44a-7a9e09bd49c5	2ffe9be6-0405-4323-a69b-9d64138e0133	t	2025-01-10 09:13:21	2025-01-10 09:13:34	03cb1d57-4b26-424f-8898-243318ace483	\N	2025-01-10 09:13:34	t	active	\N
d64f740c-54fe-463f-9c2d-3aad4abdc364	bc7c61a4-7d8d-4e3e-a598-2e22be184e80	fd03e691-7a0f-487b-9fdf-5cb56fea3d89	t	2025-01-10 09:12:33	2025-01-10 14:01:15	03cb1d57-4b26-424f-8898-243318ace483	\N	2025-01-10 14:01:15	t	active	\N
5a06f6e6-2ca7-4af9-b449-7d987af17b3c	a00c9114-cfc4-404f-b44a-7a9e09bd49c5	2ffe9be6-0405-4323-a69b-9d64138e0133	t	2025-01-10 09:13:34	2025-01-10 14:02:58	03cb1d57-4b26-424f-8898-243318ace483	\N	2025-01-10 14:02:58	t	active	\N
03db0a5f-3f2b-4162-a795-64f6c0cbf70c	00d7b20c-3771-4110-ad60-6d4b4676a21c	56f882ef-cf07-4a77-bd10-c567534693af	t	2024-10-19 19:52:52	2025-01-13 09:18:28	03cb1d57-4b26-424f-8898-243318ace483	\N	2025-01-13 09:18:28	t	active	\N
985e3696-5fb7-4c56-b5e4-821abd1f02ed	2f9f15b0-3bfd-436a-8e2b-b89c3215d444	46caaeb5-a409-418b-879c-113fe9b763ca	t	2024-12-27 16:59:27	2025-01-13 13:41:24	03cb1d57-4b26-424f-8898-243318ace483	\N	2025-01-13 13:41:24	t	active	\N
9e844d43-fbe0-447d-93bc-f3b8e314d20b	bc7c61a4-7d8d-4e3e-a598-2e22be184e80	05db621f-1cef-40b3-b113-091af477ac56	f	2024-10-19 20:21:44	2025-01-24 15:40:25	03cb1d57-4b26-424f-8898-243318ace483	\N	\N	f	leave	2025-01-24 15:40:25
8140e713-f7c1-4a43-8b15-a28a8fbce35d	d3bdb805-431c-4d5b-af4e-cc6f125cd64b	eeac703a-6d23-406b-bb47-9843353fda32	f	2024-10-19 20:24:23	2025-02-12 15:16:10	03cb1d57-4b26-424f-8898-243318ace483	\N	\N	f	move	2025-02-12 15:16:10
354dcac6-cee7-4b1c-ac6b-b90cb5b30f4b	9d77daf0-8a80-4899-b690-c20b098e4f7a	32b51f07-49b7-4f77-9c3a-bc402a741118	t	2024-10-19 20:30:10	2025-01-10 09:13:51	03cb1d57-4b26-424f-8898-243318ace483	\N	2025-01-10 09:13:51	t	active	\N
4ec44872-6eeb-417d-8983-fba0497a02ef	a00c9114-cfc4-404f-b44a-7a9e09bd49c5	270d0bf4-5602-4c3c-99b7-905b386791d6	f	2024-10-19 19:59:27	2025-05-27 17:02:17	03cb1d57-4b26-424f-8898-243318ace483	\N	\N	f	leave	2025-05-27 17:02:17
76b9e39b-dbae-433b-ab6a-75cb0ecbe842	2f9f15b0-3bfd-436a-8e2b-b89c3215d444	d07b363e-4b3b-40e6-b15a-af1674cd53dd	f	2024-10-19 20:09:02	2025-06-17 11:19:01	03cb1d57-4b26-424f-8898-243318ace483	\N	\N	f	move	2025-06-17 11:19:01
50700cfe-57d0-40e0-b6e4-5383731563eb	d3bdb805-431c-4d5b-af4e-cc6f125cd64b	e9078190-c33e-4bcb-8fe0-54b480b72936	f	2024-10-19 20:22:16	2025-06-17 11:38:07	03cb1d57-4b26-424f-8898-243318ace483	\N	\N	f	leave	2025-06-17 11:38:07
e5a44dbc-3a6b-4aab-bed1-dd546461c044	bc7c61a4-7d8d-4e3e-a598-2e22be184e80	8f82d146-fc71-4ace-bda2-adeb2856b069	f	2024-10-19 20:21:43	2025-08-15 10:51:18	03cb1d57-4b26-424f-8898-243318ace483	\N	\N	f	leave	2025-08-15 10:51:18
d9bcb6eb-8f31-432a-bc08-5759b2f0a8fd	d3bdb805-431c-4d5b-af4e-cc6f125cd64b	5a50aa81-68fe-4ffa-8381-a848f1859343	f	2024-10-19 20:22:16	2025-09-10 10:55:25	03cb1d57-4b26-424f-8898-243318ace483	\N	\N	f	move	2025-09-10 10:55:25
0ea4d34a-f8f6-4303-a462-a760b51a8a85	2f9f15b0-3bfd-436a-8e2b-b89c3215d444	a9b22803-8dd6-4ab4-922f-d3a6b2958a84	f	2024-10-19 20:09:02	2025-09-10 11:01:29	03cb1d57-4b26-424f-8898-243318ace483	\N	\N	f	move	2025-09-10 11:01:29
55a90436-80ba-4c51-be8c-7d88f6f44d3a	00d7b20c-3771-4110-ad60-6d4b4676a21c	5aa74c0f-7d6e-43a6-b361-3b7b5e41295b	f	2024-10-19 20:00:15	2025-11-12 14:10:20	03cb1d57-4b26-424f-8898-243318ace483	\N	\N	f	move	2025-11-12 14:10:20
c090fe46-52a6-481b-b62d-fc983ca67261	4e18cc0b-b41e-43af-aadc-4bcdfa489ee6	cc06ec2d-16b6-42c6-8012-32fdcd9334c8	t	2024-10-19 19:55:20	2025-11-05 16:36:41	03cb1d57-4b26-424f-8898-243318ace483	\N	2025-11-05 16:36:41	f	leave	2025-11-05 16:36:41
9b1d19be-39e7-4310-9026-d8e47d93163d	4e18cc0b-b41e-43af-aadc-4bcdfa489ee6	9176bda0-72f4-4211-9dfd-124ecec7e844	f	2024-10-19 20:03:16	2025-11-11 14:43:20	03cb1d57-4b26-424f-8898-243318ace483	\N	\N	t	active	\N
22e12d08-94e9-4bb5-b0ac-4d41fd933f1b	a00c9114-cfc4-404f-b44a-7a9e09bd49c5	e579c274-da8e-4011-9f0d-ef4b3cc26004	f	2024-10-19 19:59:27	2025-11-11 16:06:16	03cb1d57-4b26-424f-8898-243318ace483	\N	\N	t	active	\N
cf979483-4477-45a8-8298-4ed6f0080a89	9d77daf0-8a80-4899-b690-c20b098e4f7a	32b51f07-49b7-4f77-9c3a-bc402a741118	t	2025-01-10 09:13:51	2025-01-10 09:14:03	03cb1d57-4b26-424f-8898-243318ace483	\N	2025-01-10 09:14:03	t	active	\N
77826ce2-2fd2-4f9b-94a4-54ea06434b92	9d77daf0-8a80-4899-b690-c20b098e4f7a	32b51f07-49b7-4f77-9c3a-bc402a741118	t	2025-01-10 09:14:04	2025-01-10 09:14:14	03cb1d57-4b26-424f-8898-243318ace483	\N	2025-01-10 09:14:14	t	active	\N
7cd65b40-1e81-4041-884b-a8402fe21c5d	bc7c61a4-7d8d-4e3e-a598-2e22be184e80	fd03e691-7a0f-487b-9fdf-5cb56fea3d89	t	2025-01-10 14:01:15	2025-01-10 14:01:24	fd03e691-7a0f-487b-9fdf-5cb56fea3d89	\N	2025-01-10 14:01:24	t	active	\N
1d363bcb-478a-4af8-8367-7db144d5fcf1	a00c9114-cfc4-404f-b44a-7a9e09bd49c5	2ffe9be6-0405-4323-a69b-9d64138e0133	t	2025-01-10 14:02:58	2025-01-10 14:03:06	2ffe9be6-0405-4323-a69b-9d64138e0133	\N	2025-01-10 14:03:06	t	active	\N
29be1140-529d-4654-8bd6-968a06a90520	00d7b20c-3771-4110-ad60-6d4b4676a21c	56f882ef-cf07-4a77-bd10-c567534693af	t	2025-01-13 09:18:28	2025-01-13 09:18:39	56f882ef-cf07-4a77-bd10-c567534693af	\N	2025-01-13 09:18:39	t	active	\N
2f8b7dfd-dc48-4f7e-93cc-4b350ede94ac	2f9f15b0-3bfd-436a-8e2b-b89c3215d444	46caaeb5-a409-418b-879c-113fe9b763ca	t	2025-01-13 13:41:24	2025-01-13 13:41:38	03cb1d57-4b26-424f-8898-243318ace483	\N	2025-01-13 13:41:38	t	active	\N
92314263-20a5-44cb-8610-a3d2e146ceba	a00c9114-cfc4-404f-b44a-7a9e09bd49c5	2ffe9be6-0405-4323-a69b-9d64138e0133	t	2025-01-10 14:03:06	2025-01-14 09:50:19	2ffe9be6-0405-4323-a69b-9d64138e0133	\N	2025-01-14 09:50:19	t	active	\N
194b9cb4-6434-4182-ba8a-01e3489ad20c	a00c9114-cfc4-404f-b44a-7a9e09bd49c5	2ffe9be6-0405-4323-a69b-9d64138e0133	t	2025-01-14 09:50:19	2025-01-14 09:50:30	72d92d83-8790-4947-9c74-2fb113f06a11	\N	2025-01-14 09:50:30	t	active	\N
35818754-1f5d-4c92-bec9-873b19895f8a	a00c9114-cfc4-404f-b44a-7a9e09bd49c5	2ffe9be6-0405-4323-a69b-9d64138e0133	t	2025-01-14 09:50:30	2025-01-31 14:30:54	72d92d83-8790-4947-9c74-2fb113f06a11	\N	2025-01-31 14:30:54	t	active	\N
fac94e01-b37a-4c66-88af-03fcc7e3a1b5	a00c9114-cfc4-404f-b44a-7a9e09bd49c5	2ffe9be6-0405-4323-a69b-9d64138e0133	t	2025-01-31 14:30:54	2025-01-31 14:31:05	72d92d83-8790-4947-9c74-2fb113f06a11	\N	2025-01-31 14:31:05	t	active	\N
4e8efc14-1994-4e4e-a0eb-1333a39103b3	6473fd12-cae4-42f6-b32e-956c0a9b1ec8	7424020f-d7bd-4ec0-93ee-0b8cd138e0ff	t	2025-02-03 10:33:17	2025-02-03 10:33:30	72d92d83-8790-4947-9c74-2fb113f06a11	\N	2025-02-03 10:33:30	t	active	\N
f78b1d79-ca4c-4654-adfb-4a0c82d2e127	6473fd12-cae4-42f6-b32e-956c0a9b1ec8	7424020f-d7bd-4ec0-93ee-0b8cd138e0ff	t	2025-02-03 10:33:30	2025-02-03 10:34:29	72d92d83-8790-4947-9c74-2fb113f06a11	\N	2025-02-03 10:34:29	f	move	2025-02-03 10:33:38
bc63b695-85fb-4c16-8cf0-7e24ac2519fa	6473fd12-cae4-42f6-b32e-956c0a9b1ec8	7424020f-d7bd-4ec0-93ee-0b8cd138e0ff	t	2025-02-03 10:34:29	2025-02-03 10:34:46	72d92d83-8790-4947-9c74-2fb113f06a11	\N	2025-02-03 10:34:46	t	active	\N
dada6820-73cb-49a7-96af-8f0e0dfe4f86	d3bdb805-431c-4d5b-af4e-cc6f125cd64b	05db621f-1cef-40b3-b113-091af477ac56	f	2025-02-12 14:56:09	2025-02-12 14:56:09	03cb1d57-4b26-424f-8898-243318ace483	\N	\N	t	active	\N
3f330bc6-eb1e-4f58-9a8d-f7e1f95fb20c	6473fd12-cae4-42f6-b32e-956c0a9b1ec8	7424020f-d7bd-4ec0-93ee-0b8cd138e0ff	t	2025-02-03 10:34:46	2025-02-13 17:10:40	72d92d83-8790-4947-9c74-2fb113f06a11	\N	2025-02-13 17:10:40	t	active	\N
a0d72c3f-d882-4d0c-a27e-672bf2f5640c	00d7b20c-3771-4110-ad60-6d4b4676a21c	56f882ef-cf07-4a77-bd10-c567534693af	t	2025-01-13 09:18:39	2025-02-17 14:34:40	56f882ef-cf07-4a77-bd10-c567534693af	\N	2025-02-17 14:34:40	t	active	\N
77d40542-0df7-481b-b77d-f05ff865c3ec	00d7b20c-3771-4110-ad60-6d4b4676a21c	56f882ef-cf07-4a77-bd10-c567534693af	t	2025-02-17 14:34:40	2025-02-17 14:34:52	72d92d83-8790-4947-9c74-2fb113f06a11	\N	2025-02-17 14:34:52	t	active	\N
69b3c0a3-b037-4bf8-b86f-492fde8cc643	2f9f15b0-3bfd-436a-8e2b-b89c3215d444	46caaeb5-a409-418b-879c-113fe9b763ca	t	2025-01-13 13:41:38	2025-03-03 13:36:19	03cb1d57-4b26-424f-8898-243318ace483	\N	2025-03-03 13:36:19	t	active	\N
cdc25968-0b7f-48be-95c9-d5e481175466	2f9f15b0-3bfd-436a-8e2b-b89c3215d444	46caaeb5-a409-418b-879c-113fe9b763ca	t	2025-03-03 13:36:19	2025-03-03 13:36:34	03cb1d57-4b26-424f-8898-243318ace483	\N	2025-03-03 13:36:34	t	active	\N
4639a070-9b42-4432-9757-e61d5fe00e1f	4e18cc0b-b41e-43af-aadc-4bcdfa489ee6	89ecfba6-7801-4203-8cad-419358a75a9e	f	2025-02-28 09:19:05	2025-03-06 10:45:45	03cb1d57-4b26-424f-8898-243318ace483	\N	\N	f	leave	2025-03-06 10:45:45
ac0f0d55-b73d-44df-8237-6bb546e3c3c7	a00c9114-cfc4-404f-b44a-7a9e09bd49c5	89ecfba6-7801-4203-8cad-419358a75a9e	f	2025-03-14 09:25:00	2025-03-14 09:25:16	2ffe9be6-0405-4323-a69b-9d64138e0133	\N	\N	f	move	2025-03-14 09:25:16
80413e79-5f10-4343-89a0-8458921f7aad	6473fd12-cae4-42f6-b32e-956c0a9b1ec8	7424020f-d7bd-4ec0-93ee-0b8cd138e0ff	t	2025-02-13 17:10:40	2025-03-19 14:17:56	03cb1d57-4b26-424f-8898-243318ace483	\N	2025-03-19 14:17:56	f	move	2025-02-19 10:34:44
a8087870-b9a7-4527-a618-4e0bc475339d	76e2dfe3-d9b2-4786-9384-6e8d6ab2f68c	7424020f-d7bd-4ec0-93ee-0b8cd138e0ff	t	2025-03-19 14:17:04	2025-03-19 14:18:10	03cb1d57-4b26-424f-8898-243318ace483	\N	2025-03-19 14:18:10	t	active	\N
7c6439b7-52d2-47db-a387-9a42c7dc27e1	c2cbebc2-d39c-404f-9d69-436c4bb25757	30dbebdf-0d69-4ed8-a94e-acfd664c52e6	f	2025-03-19 14:20:20	2025-03-19 14:21:48	03cb1d57-4b26-424f-8898-243318ace483	\N	2025-03-19 14:21:48	t	active	\N
03fd61cd-bf0b-47a7-b62c-bebc5943b156	76e2dfe3-d9b2-4786-9384-6e8d6ab2f68c	7424020f-d7bd-4ec0-93ee-0b8cd138e0ff	t	2025-03-19 14:17:56	2025-03-19 14:18:42	03cb1d57-4b26-424f-8898-243318ace483	\N	2025-03-19 14:18:42	t	active	\N
df722f5c-f2d9-466b-af28-c9de2f303f85	c2cbebc2-d39c-404f-9d69-436c4bb25757	89ecfba6-7801-4203-8cad-419358a75a9e	f	2025-03-19 14:20:31	2025-03-19 14:21:48	03cb1d57-4b26-424f-8898-243318ace483	\N	2025-03-19 14:21:48	f	move	2025-03-19 14:21:27
a44ed111-272f-4996-8f2f-878b40104f24	76e2dfe3-d9b2-4786-9384-6e8d6ab2f68c	30dbebdf-0d69-4ed8-a94e-acfd664c52e6	f	2025-03-19 14:17:37	2025-03-19 14:19:25	03cb1d57-4b26-424f-8898-243318ace483	\N	2025-03-19 14:19:25	t	active	\N
ed3294b9-74db-4076-8e48-85789ee5f223	76e2dfe3-d9b2-4786-9384-6e8d6ab2f68c	7424020f-d7bd-4ec0-93ee-0b8cd138e0ff	t	2025-03-19 14:18:10	2025-03-19 14:19:25	03cb1d57-4b26-424f-8898-243318ace483	\N	2025-03-19 14:19:25	f	move	2025-03-19 14:18:21
d11a2a7f-5bf6-442e-80f1-05982730a8d2	76e2dfe3-d9b2-4786-9384-6e8d6ab2f68c	7424020f-d7bd-4ec0-93ee-0b8cd138e0ff	t	2025-03-19 14:18:42	2025-03-19 14:19:25	03cb1d57-4b26-424f-8898-243318ace483	\N	2025-03-19 14:19:25	f	move	2025-03-19 14:19:18
16319b83-1f25-4655-ada5-c3a311dff49e	c2cbebc2-d39c-404f-9d69-436c4bb25757	7424020f-d7bd-4ec0-93ee-0b8cd138e0ff	t	2025-03-19 14:20:04	2025-03-19 14:20:57	03cb1d57-4b26-424f-8898-243318ace483	\N	2025-03-19 14:20:57	t	active	\N
c5408125-3f8c-4b50-8830-f1d02ba3bdee	c2cbebc2-d39c-404f-9d69-436c4bb25757	7424020f-d7bd-4ec0-93ee-0b8cd138e0ff	t	2025-03-19 14:20:57	2025-03-19 14:21:16	03cb1d57-4b26-424f-8898-243318ace483	\N	2025-03-19 14:21:16	t	active	\N
788f912e-225a-46f3-ab44-c7fd3da721c6	885c1a28-8e78-4902-85eb-8f183a6e8597	7424020f-d7bd-4ec0-93ee-0b8cd138e0ff	t	2025-03-19 14:24:23	2025-03-19 14:24:31	03cb1d57-4b26-424f-8898-243318ace483	\N	2025-03-19 14:24:31	t	active	\N
03dc1a5a-cf6e-43bd-838a-3f8c40dfee30	c2cbebc2-d39c-404f-9d69-436c4bb25757	7424020f-d7bd-4ec0-93ee-0b8cd138e0ff	t	2025-03-19 14:21:16	2025-03-19 14:21:35	03cb1d57-4b26-424f-8898-243318ace483	\N	2025-03-19 14:21:35	t	active	\N
3a2359cf-cfe7-4dc5-a0c6-684a63978286	c2cbebc2-d39c-404f-9d69-436c4bb25757	7424020f-d7bd-4ec0-93ee-0b8cd138e0ff	t	2025-03-19 14:21:35	2025-03-19 14:21:41	03cb1d57-4b26-424f-8898-243318ace483	\N	2025-03-19 14:21:41	t	active	\N
23021f1a-936d-4da6-970e-778e0e950f28	c2cbebc2-d39c-404f-9d69-436c4bb25757	7424020f-d7bd-4ec0-93ee-0b8cd138e0ff	t	2025-03-19 14:21:41	2025-03-19 14:21:48	03cb1d57-4b26-424f-8898-243318ace483	\N	2025-03-19 14:21:48	t	active	\N
6bc6b174-0445-4b66-84a9-6d42c00d6ef6	16cf58ef-63fb-4783-bb3c-d3258d7076a0	7424020f-d7bd-4ec0-93ee-0b8cd138e0ff	t	2025-03-19 14:22:13	2025-03-19 14:22:22	03cb1d57-4b26-424f-8898-243318ace483	\N	2025-03-19 14:22:22	t	active	\N
5bd66c09-d44e-4ede-b4b5-2068a8e5d326	636f6d66-f7b0-4ecd-b784-692a1cc9da1c	7424020f-d7bd-4ec0-93ee-0b8cd138e0ff	t	2025-03-19 14:22:38	2025-03-19 14:22:58	03cb1d57-4b26-424f-8898-243318ace483	\N	2025-03-19 14:22:58	t	active	\N
974afbec-938a-4345-9ac6-cdc3aecc3fa5	636f6d66-f7b0-4ecd-b784-692a1cc9da1c	30dbebdf-0d69-4ed8-a94e-acfd664c52e6	f	2025-03-19 14:22:49	2025-03-19 14:23:20	03cb1d57-4b26-424f-8898-243318ace483	\N	2025-03-19 14:23:20	t	active	\N
2da605ff-a5a3-4ca4-b734-9717b2885735	636f6d66-f7b0-4ecd-b784-692a1cc9da1c	7424020f-d7bd-4ec0-93ee-0b8cd138e0ff	t	2025-03-19 14:22:58	2025-03-19 14:23:20	03cb1d57-4b26-424f-8898-243318ace483	\N	2025-03-19 14:23:20	t	active	\N
aa89825d-98d8-42cc-801a-9f5290b51a8e	c2eccd37-a92e-4579-83fb-95110e6a204b	7424020f-d7bd-4ec0-93ee-0b8cd138e0ff	t	2025-03-19 14:24:45	2025-03-19 14:24:58	03cb1d57-4b26-424f-8898-243318ace483	\N	2025-03-19 14:24:58	t	active	\N
8ee3cadc-e62f-45a7-8a54-6d68d5e60e2a	c2eccd37-a92e-4579-83fb-95110e6a204b	7424020f-d7bd-4ec0-93ee-0b8cd138e0ff	t	2025-03-19 14:24:58	2025-03-19 14:25:20	03cb1d57-4b26-424f-8898-243318ace483	\N	2025-03-19 14:25:20	t	active	\N
f97b9d47-2108-4229-b136-fff9ffe4b381	c2eccd37-a92e-4579-83fb-95110e6a204b	0543fecf-700c-45ea-b92f-3d86bb5a7177	f	2025-03-19 14:25:09	2025-03-19 14:25:26	03cb1d57-4b26-424f-8898-243318ace483	\N	2025-03-19 14:25:26	t	active	\N
0b5c90a3-c77c-49a2-ad4f-2fdf34b2e38a	c2eccd37-a92e-4579-83fb-95110e6a204b	7424020f-d7bd-4ec0-93ee-0b8cd138e0ff	t	2025-03-19 14:25:20	2025-03-19 14:25:26	03cb1d57-4b26-424f-8898-243318ace483	\N	2025-03-19 14:25:26	t	active	\N
7918e24e-18b8-4abb-b5c4-266a8f0531d2	70f200f3-a276-40d4-94e7-6e5d3fe1297a	7424020f-d7bd-4ec0-93ee-0b8cd138e0ff	t	2025-03-19 14:31:18	2025-03-19 14:31:30	03cb1d57-4b26-424f-8898-243318ace483	\N	2025-03-19 14:31:30	t	active	\N
220fbb49-d30e-463d-bfff-4d043ecb3165	70f200f3-a276-40d4-94e7-6e5d3fe1297a	7424020f-d7bd-4ec0-93ee-0b8cd138e0ff	t	2025-03-19 14:31:30	2025-03-19 14:31:57	03cb1d57-4b26-424f-8898-243318ace483	\N	2025-03-19 14:31:57	t	active	\N
4a266666-1360-4ecf-9e3f-d9281d5648aa	70f200f3-a276-40d4-94e7-6e5d3fe1297a	2cb07007-ee33-450d-b69e-2abbb499bcf5	f	2025-03-19 14:31:46	2025-03-19 14:31:57	03cb1d57-4b26-424f-8898-243318ace483	\N	2025-03-19 14:31:57	f	move	2025-03-19 14:31:52
d9f9fa16-d91a-45f6-9c6c-6e50ad062358	dbf8e1e3-1c53-41f7-9966-595a2c09993f	7424020f-d7bd-4ec0-93ee-0b8cd138e0ff	t	2025-03-19 14:32:28	2025-03-19 14:32:36	03cb1d57-4b26-424f-8898-243318ace483	\N	2025-03-19 14:32:36	t	active	\N
e1176e38-97db-46c1-9622-46959a65b61c	dbf8e1e3-1c53-41f7-9966-595a2c09993f	7424020f-d7bd-4ec0-93ee-0b8cd138e0ff	t	2025-03-19 14:32:36	2025-03-19 14:32:50	03cb1d57-4b26-424f-8898-243318ace483	\N	2025-03-19 14:32:50	t	active	\N
2ed63747-ce55-4866-848e-f4b45e6be13d	bc7c61a4-7d8d-4e3e-a598-2e22be184e80	fd03e691-7a0f-487b-9fdf-5cb56fea3d89	t	2025-01-10 14:01:24	2025-09-04 11:34:36	fd03e691-7a0f-487b-9fdf-5cb56fea3d89	\N	2025-09-04 11:34:36	t	active	\N
e5534dd5-2299-438f-9e88-fe8f48088f38	a00c9114-cfc4-404f-b44a-7a9e09bd49c5	2ffe9be6-0405-4323-a69b-9d64138e0133	t	2025-01-31 14:31:05	2025-05-30 10:58:12	72d92d83-8790-4947-9c74-2fb113f06a11	\N	2025-05-30 10:58:12	t	active	\N
57a85dbf-d84b-474c-9380-3a546e805f74	9d77daf0-8a80-4899-b690-c20b098e4f7a	32b51f07-49b7-4f77-9c3a-bc402a741118	t	2025-01-10 09:14:14	2025-06-04 09:49:20	03cb1d57-4b26-424f-8898-243318ace483	\N	2025-06-04 09:49:20	t	active	\N
c65d4262-6bc9-49f0-86b1-667a25c60742	2f9f15b0-3bfd-436a-8e2b-b89c3215d444	46caaeb5-a409-418b-879c-113fe9b763ca	t	2025-03-03 13:36:34	2025-06-16 10:45:58	03cb1d57-4b26-424f-8898-243318ace483	\N	2025-06-16 10:45:58	t	active	\N
80b35e24-fd7c-4619-a8a7-103adf68f9b1	6473fd12-cae4-42f6-b32e-956c0a9b1ec8	f0ef4ada-5217-4184-ab0d-34a9409106ab	f	2025-02-19 10:35:06	2025-08-26 10:03:12	72d92d83-8790-4947-9c74-2fb113f06a11	\N	2025-08-26 10:03:12	f	leave	2025-05-28 15:09:27
3912ff33-c349-4076-9939-2fcf0c341b10	4e18cc0b-b41e-43af-aadc-4bcdfa489ee6	39ddd67d-379b-4ab3-bced-8b6fb8786086	f	2025-01-13 09:08:34	2025-07-25 09:49:59	03cb1d57-4b26-424f-8898-243318ace483	\N	\N	f	move	2025-07-25 09:49:59
b751150d-2ac6-4aa3-adea-20303f6fc5a8	00d7b20c-3771-4110-ad60-6d4b4676a21c	56f882ef-cf07-4a77-bd10-c567534693af	t	2025-02-17 14:34:52	2025-11-04 15:55:24	72d92d83-8790-4947-9c74-2fb113f06a11	\N	2025-11-04 15:55:24	f	leave	2025-11-04 15:55:24
954d7ef5-cab9-44b6-8c5d-d18b4d1b5cd5	dbf8e1e3-1c53-41f7-9966-595a2c09993f	2cb07007-ee33-450d-b69e-2abbb499bcf5	f	2025-03-19 14:32:44	2025-03-19 14:32:50	03cb1d57-4b26-424f-8898-243318ace483	\N	2025-03-19 14:32:50	t	active	\N
c4a008ce-559f-409a-a763-a38f336a1abd	00d7b20c-3771-4110-ad60-6d4b4676a21c	48cfe1b4-ee83-4469-b60c-cd44641d9b9e	f	2025-01-08 10:16:14	2025-01-14 13:52:14	03cb1d57-4b26-424f-8898-243318ace483	\N	\N	f	move	2024-01-14 13:52:14
4ae6d868-9e27-403e-afc2-4d7b6f793cc2	a00c9114-cfc4-404f-b44a-7a9e09bd49c5	fee19a74-1149-482e-b9ca-f91b51813678	f	2025-05-30 16:35:19	2025-05-30 16:35:19	03cb1d57-4b26-424f-8898-243318ace483	\N	\N	t	active	\N
2a42d97d-05b7-4b4e-ae30-644e1872ef23	71d3f891-8091-4581-ba67-48a0d78a574e	4bcf34f5-67e7-4ecd-8c79-4e7fd47f6a06	t	2025-06-04 09:42:52	2025-06-04 09:42:52	03cb1d57-4b26-424f-8898-243318ace483	\N	\N	t	active	\N
66b5aec4-1854-4eb4-a5ed-b5c8058b16ef	febcc2c8-0a53-4197-b3bd-a38cbd2dc9a4	c9103466-381f-40ce-a48f-f9060beab76d	t	2025-06-04 09:46:59	2025-06-04 09:47:30	03cb1d57-4b26-424f-8898-243318ace483	\N	2025-06-04 09:47:30	t	active	\N
1f80f912-ffb6-423b-9f0c-b949f2d3c744	febcc2c8-0a53-4197-b3bd-a38cbd2dc9a4	98750011-f6ae-44b4-9707-b1e660d417fc	t	2025-06-04 09:47:30	2025-06-04 09:48:06	03cb1d57-4b26-424f-8898-243318ace483	\N	2025-06-04 09:48:06	t	active	\N
9db71f9d-2122-4891-8232-c09f803ced65	a237517a-f9b0-4e6c-8da1-e7ac085294ee	32b51f07-49b7-4f77-9c3a-bc402a741118	t	2025-06-04 09:49:41	2025-06-04 09:49:41	03cb1d57-4b26-424f-8898-243318ace483	\N	\N	t	active	\N
22629ad2-03ab-4800-8b80-73f16332065e	c989bf4f-e63e-49e7-9226-ff4e0780a57b	03cb1d57-4b26-424f-8898-243318ace483	f	2025-06-09 11:33:36	2025-06-26 17:09:39	72d92d83-8790-4947-9c74-2fb113f06a11	\N	\N	f	move	2025-06-26 17:09:39
4bc0c07d-7dc8-4f20-a61a-8edade632455	3f23584c-ce3e-4908-bd3b-0042b9b46541	c9103466-381f-40ce-a48f-f9060beab76d	t	2025-06-04 09:48:30	2025-06-04 10:16:45	03cb1d57-4b26-424f-8898-243318ace483	\N	2025-06-04 10:16:45	t	active	\N
b8e7b45d-d1a2-4633-91af-77f23a0d3f46	3f23584c-ce3e-4908-bd3b-0042b9b46541	4c9f8a05-7e2e-4794-92ad-d35773a398db	f	2025-06-04 09:51:51	2025-06-04 10:16:45	03cb1d57-4b26-424f-8898-243318ace483	\N	2025-06-04 10:16:45	t	active	\N
534fc053-0ec2-425a-912c-fda68ff6da9d	3f23584c-ce3e-4908-bd3b-0042b9b46541	98750011-f6ae-44b4-9707-b1e660d417fc	f	2025-06-04 09:51:51	2025-06-04 10:16:45	03cb1d57-4b26-424f-8898-243318ace483	\N	2025-06-04 10:16:45	t	active	\N
0beb7761-51cc-4291-a781-98e5d284e6ed	dcec243f-c882-4408-92b0-d612f8ac3d79	c9103466-381f-40ce-a48f-f9060beab76d	t	2025-06-04 10:17:07	2025-06-04 10:19:20	03cb1d57-4b26-424f-8898-243318ace483	\N	2025-06-04 10:19:20	t	active	\N
61efcbf0-6db6-48de-b893-a8f645963c7b	dcec243f-c882-4408-92b0-d612f8ac3d79	4c9f8a05-7e2e-4794-92ad-d35773a398db	f	2025-06-04 10:19:13	2025-06-04 10:19:20	03cb1d57-4b26-424f-8898-243318ace483	\N	2025-06-04 10:19:20	t	active	\N
27df947b-55b1-4a23-b790-7323bd327d4c	dcec243f-c882-4408-92b0-d612f8ac3d79	98750011-f6ae-44b4-9707-b1e660d417fc	f	2025-06-04 10:19:13	2025-06-04 10:19:20	03cb1d57-4b26-424f-8898-243318ace483	\N	2025-06-04 10:19:20	t	active	\N
f57b8a56-4432-4100-af31-899b1ded1e7f	3533b5a8-210a-41d2-a870-8a15816c19f7	c9103466-381f-40ce-a48f-f9060beab76d	t	2025-06-04 10:20:22	2025-06-04 10:32:34	03cb1d57-4b26-424f-8898-243318ace483	\N	2025-06-04 10:32:34	t	active	\N
1881686b-5bd8-41cf-8baa-33830683964f	3533b5a8-210a-41d2-a870-8a15816c19f7	c9103466-381f-40ce-a48f-f9060beab76d	t	2025-06-04 10:32:34	2025-06-04 10:32:45	03cb1d57-4b26-424f-8898-243318ace483	\N	2025-06-04 10:32:45	t	active	\N
7635e0ee-cc47-4c09-ba3c-3446113e8a87	c989bf4f-e63e-49e7-9226-ff4e0780a57b	72d92d83-8790-4947-9c74-2fb113f06a11	t	2025-06-04 11:05:42	2025-06-04 11:05:42	03cb1d57-4b26-424f-8898-243318ace483	\N	\N	t	active	\N
3c24191a-329e-460f-9d34-13782d89d800	2f9f15b0-3bfd-436a-8e2b-b89c3215d444	adb605cc-4e0b-42aa-8e58-21b324e29d15	f	2025-08-15 10:40:42	2025-08-15 11:02:15	03cb1d57-4b26-424f-8898-243318ace483	\N	\N	f	leave	2025-08-15 11:02:15
c6be9d5e-924a-4d2d-868d-78102eb7753b	ae54d4fa-6920-494b-aafa-1b5289c58a09	5dfea6e8-88f6-4468-a7b8-554c70e227e8	t	2025-06-04 11:09:13	2025-06-04 11:09:13	03cb1d57-4b26-424f-8898-243318ace483	\N	\N	t	active	\N
faf38aad-9540-48b5-b616-4bcd073b1d97	ae54d4fa-6920-494b-aafa-1b5289c58a09	c8ef7860-9537-4e81-a6f7-7a87d55f0786	f	2025-06-04 11:11:59	2025-06-04 11:11:59	03cb1d57-4b26-424f-8898-243318ace483	\N	\N	t	active	\N
880846db-c50e-43e2-a0e3-83f6532b3f3a	3533b5a8-210a-41d2-a870-8a15816c19f7	98750011-f6ae-44b4-9707-b1e660d417fc	f	2025-06-04 10:22:06	2025-06-09 11:31:24	03cb1d57-4b26-424f-8898-243318ace483	\N	\N	f	move	2025-06-09 11:31:24
92be1087-1f3f-4daa-810e-1b84d518491f	3533b5a8-210a-41d2-a870-8a15816c19f7	4c9f8a05-7e2e-4794-92ad-d35773a398db	f	2025-06-04 10:21:37	2025-06-09 11:31:30	03cb1d57-4b26-424f-8898-243318ace483	\N	\N	f	move	2025-06-09 11:31:30
186fab39-8612-405d-8a58-4e26b73c4fb1	71d3f891-8091-4581-ba67-48a0d78a574e	280246ca-1321-48a5-bb0a-fccfbef9dc71	f	2025-06-04 09:43:25	2025-06-09 11:31:35	03cb1d57-4b26-424f-8898-243318ace483	\N	\N	f	move	2025-06-09 11:31:35
c0829f6c-618e-4cbc-8b2c-b247e1fd30a6	71d3f891-8091-4581-ba67-48a0d78a574e	8e7ebf14-e75a-4183-8d5d-51b36b1dacc9	f	2025-06-04 09:43:25	2025-06-09 11:31:41	03cb1d57-4b26-424f-8898-243318ace483	\N	\N	f	move	2025-06-09 11:31:41
2f6f6e38-cd9a-40b3-9695-20b749ec0507	71d3f891-8091-4581-ba67-48a0d78a574e	c3bdf99e-5b59-4139-a450-00d675c9cd82	f	2025-06-04 09:43:25	2025-06-09 11:31:46	03cb1d57-4b26-424f-8898-243318ace483	\N	\N	f	move	2025-06-09 11:31:46
18c6a896-8c3c-47ea-a1f2-269475536cfd	3533b5a8-210a-41d2-a870-8a15816c19f7	d009a2ba-3037-4d67-8d35-ed9afd99d874	f	2025-06-09 11:31:57	2025-06-09 11:31:57	72d92d83-8790-4947-9c74-2fb113f06a11	\N	\N	t	active	\N
a7d24e8f-f766-4dfe-9703-3052a89d81df	3533b5a8-210a-41d2-a870-8a15816c19f7	b5c7fdea-d5ca-437f-9f08-7d46d103710d	f	2025-06-09 11:32:16	2025-06-09 11:32:16	72d92d83-8790-4947-9c74-2fb113f06a11	\N	\N	t	active	\N
79701880-08ef-4af0-983f-72ad30ef3b52	71d3f891-8091-4581-ba67-48a0d78a574e	825dc883-1827-489a-8ad3-f136f559a520	f	2025-06-09 11:32:30	2025-06-09 11:32:30	72d92d83-8790-4947-9c74-2fb113f06a11	\N	\N	t	active	\N
22f155a1-66f5-4169-b37b-1e62d112a47a	71d3f891-8091-4581-ba67-48a0d78a574e	12b7fefe-7837-44c8-93b8-4e4e1896197c	f	2025-06-09 11:32:45	2025-06-09 11:32:45	72d92d83-8790-4947-9c74-2fb113f06a11	\N	\N	t	active	\N
ce60fb64-dbe5-4a24-bef4-d049a040d112	71d3f891-8091-4581-ba67-48a0d78a574e	08c3a9a4-19a9-4e7d-bd48-c155c2c4dcd2	f	2025-06-09 11:33:08	2025-06-09 11:33:08	72d92d83-8790-4947-9c74-2fb113f06a11	\N	\N	t	active	\N
f56790f3-8817-402c-8cee-c96d7bf80e4a	c989bf4f-e63e-49e7-9226-ff4e0780a57b	aba4f114-cfcf-4b2f-9cdf-c310f1465f59	f	2025-06-04 11:06:52	2025-06-09 11:33:23	03cb1d57-4b26-424f-8898-243318ace483	\N	\N	f	move	2025-06-09 11:33:23
b1d1e22c-ba66-4c8b-9fcb-594e978d707d	c989bf4f-e63e-49e7-9226-ff4e0780a57b	a1e64786-f82e-4310-a90e-57abc1f19c87	f	2025-06-04 11:06:32	2025-06-09 11:33:28	03cb1d57-4b26-424f-8898-243318ace483	\N	\N	f	move	2025-06-09 11:33:28
9cdcd1e2-3ed6-46ed-914a-c02126619425	2f9f15b0-3bfd-436a-8e2b-b89c3215d444	46caaeb5-a409-418b-879c-113fe9b763ca	t	2025-06-16 10:45:58	2025-06-16 10:45:58	46caaeb5-a409-418b-879c-113fe9b763ca	\N	\N	t	active	\N
a90a75dc-5bef-44b8-8170-d824f3edb94a	050baccd-27d6-4329-b7f4-e8a6c60c50b3	7424020f-d7bd-4ec0-93ee-0b8cd138e0ff	t	2025-08-22 14:27:45	2025-08-22 14:27:56	03cb1d57-4b26-424f-8898-243318ace483	\N	2025-08-22 14:27:56	t	active	\N
59f6be6b-d65e-4ca1-8955-03c5982c1ffa	a00c9114-cfc4-404f-b44a-7a9e09bd49c5	2ffe9be6-0405-4323-a69b-9d64138e0133	t	2025-05-30 10:58:12	2025-08-26 09:27:48	03cb1d57-4b26-424f-8898-243318ace483	\N	2025-08-26 09:27:48	t	active	\N
549aca22-7e00-4382-9689-4af889b4876f	a00c9114-cfc4-404f-b44a-7a9e09bd49c5	2ffe9be6-0405-4323-a69b-9d64138e0133	t	2025-08-26 09:27:48	2025-08-26 09:27:48	2ffe9be6-0405-4323-a69b-9d64138e0133	\N	\N	t	active	\N
4b8f2510-a458-431c-b9db-2fac7b4189e0	ae54d4fa-6920-494b-aafa-1b5289c58a09	73294eb0-7c92-4869-ab17-3a37cb26472d	t	2025-08-28 08:20:21	2025-08-28 08:24:06	03cb1d57-4b26-424f-8898-243318ace483	\N	2025-08-28 08:24:06	f	move	2025-08-28 08:20:31
58193f38-60f3-40b2-9609-37f28e9976c1	ae54d4fa-6920-494b-aafa-1b5289c58a09	aba4f114-cfcf-4b2f-9cdf-c310f1465f59	f	2025-08-28 08:23:53	2025-08-28 08:24:10	03cb1d57-4b26-424f-8898-243318ace483	\N	\N	f	move	2025-08-28 08:24:10
64b473a9-d4d2-4d93-8028-f01e4347fb09	ae54d4fa-6920-494b-aafa-1b5289c58a09	73294eb0-7c92-4869-ab17-3a37cb26472d	t	2025-08-28 08:24:06	2025-08-28 08:25:44	03cb1d57-4b26-424f-8898-243318ace483	\N	\N	f	move	2025-08-28 08:25:44
77198684-1d60-45f0-945f-ba42c5b031ac	bc7c61a4-7d8d-4e3e-a598-2e22be184e80	359ed4ea-cca5-4d4e-9690-1dd68ea2d4a7	f	2025-09-04 11:34:51	2025-09-04 11:34:58	5f31d47f-af70-4ad6-97be-00bed999c058	\N	\N	f	move	2025-09-04 11:34:58
21e50d03-4b28-4131-9f15-57dadb3341e3	f8ac35a3-624e-4ab5-9da1-268e2e1dc434	73294eb0-7c92-4869-ab17-3a37cb26472d	t	2025-08-28 08:26:08	2025-08-28 08:26:37	03cb1d57-4b26-424f-8898-243318ace483	\N	2025-08-28 08:26:37	f	move	2025-08-28 08:26:29
c29cb1d6-d3bc-4fa7-a79d-28e3418a157f	3533b5a8-210a-41d2-a870-8a15816c19f7	c9103466-381f-40ce-a48f-f9060beab76d	t	2025-06-04 10:32:45	2025-09-04 09:53:51	03cb1d57-4b26-424f-8898-243318ace483	\N	2025-09-04 09:53:51	t	active	\N
e8242948-bd6f-48ef-9ed1-0b167c35a53b	3533b5a8-210a-41d2-a870-8a15816c19f7	c9103466-381f-40ce-a48f-f9060beab76d	t	2025-09-04 09:53:51	2025-09-04 09:53:51	03cb1d57-4b26-424f-8898-243318ace483	\N	\N	t	active	\N
7b111867-f7a5-433b-a43e-b2095e03e110	bc7c61a4-7d8d-4e3e-a598-2e22be184e80	fd03e691-7a0f-487b-9fdf-5cb56fea3d89	t	2025-09-04 11:34:36	2025-09-04 11:34:36	5f31d47f-af70-4ad6-97be-00bed999c058	\N	\N	t	active	\N
7ad13eff-1b4c-4158-94df-d2b1eee8422e	745a3dec-e4d3-47b6-af99-5f7a058848c5	47afacec-cf44-4a72-8050-569521aa4def	t	2025-09-04 11:35:37	2025-09-04 11:35:44	5f31d47f-af70-4ad6-97be-00bed999c058	\N	2025-09-04 11:35:44	t	active	\N
6fcb48a1-c3fa-4c76-841f-12c079da0d2d	bc7c61a4-7d8d-4e3e-a598-2e22be184e80	5a50aa81-68fe-4ffa-8381-a848f1859343	f	2025-09-10 10:55:35	2025-09-10 10:55:35	03cb1d57-4b26-424f-8898-243318ace483	\N	\N	t	active	\N
f15a0584-649e-49c4-8405-7f42b2940eab	00a8f9d6-9f58-4b2c-aaeb-b148ea820005	a9b22803-8dd6-4ab4-922f-d3a6b2958a84	t	2025-09-10 11:01:44	2025-09-10 11:01:44	03cb1d57-4b26-424f-8898-243318ace483	\N	\N	t	active	\N
e2f677be-6023-4f0f-8ef5-7d559ac7630f	00a8f9d6-9f58-4b2c-aaeb-b148ea820005	359ed4ea-cca5-4d4e-9690-1dd68ea2d4a7	f	2025-09-10 11:02:10	2025-09-10 11:02:10	03cb1d57-4b26-424f-8898-243318ace483	\N	\N	t	active	\N
3aede37b-9f33-420e-91f2-2674ef18b27b	ad181782-e554-45fa-9d4f-649324396866	47afacec-cf44-4a72-8050-569521aa4def	t	2025-09-11 15:27:07	2025-09-11 15:30:10	72d92d83-8790-4947-9c74-2fb113f06a11	\N	2025-09-11 15:30:10	t	active	\N
1ad3103e-d90c-4038-b47c-9420a98eb3d2	ad181782-e554-45fa-9d4f-649324396866	dd8b5ac3-a9fd-417a-b5d1-c2333be47812	f	2025-09-11 15:27:33	2025-09-11 15:30:10	72d92d83-8790-4947-9c74-2fb113f06a11	\N	2025-09-11 15:30:10	t	active	\N
78bbdf6e-959e-470e-91bc-72563cdd2bb2	dc15482e-ab91-44e7-81df-d0bfbb976453	dea0373e-6f03-4001-af9f-0180c3b7eb21	t	2025-09-18 15:38:50	2025-09-18 15:39:05	03cb1d57-4b26-424f-8898-243318ace483	\N	2025-09-18 15:39:05	f	move	2025-09-18 15:39:01
7340d82d-9842-4a68-bdf8-99514fb44113	00a8f9d6-9f58-4b2c-aaeb-b148ea820005	9c576d3e-51e1-462d-8d5e-648752772b1d	f	2025-09-18 16:02:38	2025-09-18 16:03:12	03cb1d57-4b26-424f-8898-243318ace483	\N	\N	f	leave	2025-09-18 16:03:12
b848f184-46f3-46a0-9c1b-c0751e01c59d	1c976b0a-e3a0-4d42-9751-72b3f3287900	47afacec-cf44-4a72-8050-569521aa4def	t	2025-09-18 15:39:50	2025-09-18 15:43:44	03cb1d57-4b26-424f-8898-243318ace483	\N	2025-09-18 15:43:44	f	move	2025-09-18 15:40:11
58dab657-3525-448a-9f5b-5be16ad57dee	1c976b0a-e3a0-4d42-9751-72b3f3287900	676c165e-b3a4-40bc-a836-7dddb105a90b	f	2025-09-18 15:39:59	2025-09-18 15:43:44	03cb1d57-4b26-424f-8898-243318ace483	\N	2025-09-18 15:43:44	f	move	2025-09-18 15:43:40
831c8c27-a152-4394-9592-aa32a79e6eda	00a8f9d6-9f58-4b2c-aaeb-b148ea820005	a612cddc-eb56-4f50-a9bd-9af42389120e	f	2025-09-10 11:02:10	2025-11-03 16:18:11	03cb1d57-4b26-424f-8898-243318ace483	\N	\N	f	leave	2025-11-03 16:18:11
ea7f841a-6ee0-4f60-a7ae-9f5788a86faa	378bd2dd-29d4-45b9-9f00-55aaa270da1c	676c165e-b3a4-40bc-a836-7dddb105a90b	f	2025-09-19 15:25:13	2025-09-30 16:00:09	03cb1d57-4b26-424f-8898-243318ace483	\N	2025-09-30 16:00:09	t	active	\N
22d4f18a-5abf-442f-b978-5a3f951b608e	04e6d946-5977-4fef-8169-e3ff318143d0	ae7049e8-f689-4b39-9ee8-9cfe6a79f7a5	f	2025-09-25 10:10:17	2025-09-25 10:10:17	03cb1d57-4b26-424f-8898-243318ace483	\N	\N	t	active	\N
535f33fc-c7fa-4012-994c-e2e04123ec7b	04e6d946-5977-4fef-8169-e3ff318143d0	7ca03429-fef3-4e1a-983c-22c3ce55c6c9	t	2025-09-25 10:10:05	2025-09-25 10:10:26	03cb1d57-4b26-424f-8898-243318ace483	\N	\N	f	move	2025-09-25 10:10:26
b747b6f0-2eb4-4cba-95cd-5cae70146431	a237517a-f9b0-4e6c-8da1-e7ac085294ee	207387b4-d3ad-4dc1-9911-0c718191eda9	f	2025-09-25 11:08:25	2025-09-25 11:08:39	03cb1d57-4b26-424f-8898-243318ace483	\N	\N	f	move	2025-09-25 11:08:39
8677d726-0de5-4751-9227-b736170cb90a	a237517a-f9b0-4e6c-8da1-e7ac085294ee	895d515f-28f9-4024-a739-5edaa0138eb5	f	2025-09-25 11:08:50	2025-09-25 11:08:50	03cb1d57-4b26-424f-8898-243318ace483	\N	\N	t	active	\N
338871f7-dad5-41fa-aa28-9e3eca959367	559679f5-7513-4845-aa65-5cf1c696cac5	207387b4-d3ad-4dc1-9911-0c718191eda9	f	2025-09-25 11:08:58	2025-09-25 11:08:58	03cb1d57-4b26-424f-8898-243318ace483	\N	\N	t	active	\N
32dd853f-0416-444e-86ed-612753a5058f	9f7a2035-3fe8-4738-95ab-d9968f622f06	1efb8ef8-bba8-4d1a-9f51-e0c979a13575	f	2025-09-25 11:09:16	2025-09-25 11:09:16	03cb1d57-4b26-424f-8898-243318ace483	\N	\N	t	active	\N
b9294ec8-ebaf-4a4b-886e-fe13070902d4	a237517a-f9b0-4e6c-8da1-e7ac085294ee	f0f18fe3-0764-4472-8dcc-b87bbd2df6da	f	2025-09-25 11:16:05	2025-09-25 11:16:38	72d92d83-8790-4947-9c74-2fb113f06a11	\N	\N	f	move	2025-09-25 11:16:38
3f23459f-be24-47c4-8cc5-01193ee16eaf	5166e200-c789-4984-9067-1b4d71c4c3a9	47afacec-cf44-4a72-8050-569521aa4def	t	2025-09-19 16:01:00	2025-09-25 13:36:48	03cb1d57-4b26-424f-8898-243318ace483	\N	2025-09-25 13:36:48	f	move	2025-09-19 16:01:43
4fab4e27-3b1c-4811-b9d4-a4f0146fc407	5166e200-c789-4984-9067-1b4d71c4c3a9	dd8b5ac3-a9fd-417a-b5d1-c2333be47812	f	2025-09-19 16:01:13	2025-09-25 13:36:48	03cb1d57-4b26-424f-8898-243318ace483	\N	2025-09-25 13:36:48	f	move	2025-09-25 13:33:29
ba58bca2-4cf5-4360-87c8-6093b481c1f6	5166e200-c789-4984-9067-1b4d71c4c3a9	3eb051d2-e753-4a3d-bd95-0aadcb5d927f	f	2025-09-25 13:33:54	2025-09-25 13:36:48	5f31d47f-af70-4ad6-97be-00bed999c058	\N	2025-09-25 13:36:48	t	active	\N
ff6f9db9-f78c-47ac-8471-5a1a9b204bad	1713a6cb-db7b-4170-9f65-76cc87c04678	47afacec-cf44-4a72-8050-569521aa4def	t	2025-09-25 13:38:32	2025-09-25 13:38:35	5f31d47f-af70-4ad6-97be-00bed999c058	\N	2025-09-25 13:38:35	t	active	\N
1fca0cf0-6cae-428c-96f7-9f511ab0568f	6d92b944-a64e-43e6-8baf-a8b68dc5809e	dd8b5ac3-a9fd-417a-b5d1-c2333be47812	t	2025-10-14 11:07:40	2025-10-16 10:37:46	03cb1d57-4b26-424f-8898-243318ace483	\N	2025-10-16 10:37:46	f	leave	2025-10-16 10:37:46
38f9c204-5d79-44d4-a6f7-b9b3e7fa75dc	4ad4c991-28c5-4bdb-b55e-bb71e52a9d39	7084df33-acf3-489f-9172-a404979f3536	t	2025-09-25 14:09:28	2025-09-25 14:09:39	5f31d47f-af70-4ad6-97be-00bed999c058	\N	2025-09-25 14:09:39	f	move	2025-09-25 14:09:35
1f60a465-5a45-40f1-b456-56b08691d002	1db26ae2-905f-4291-aa64-a9f8a39c2800	a062a77e-d192-4e79-b6df-9641bf868cb4	t	2025-09-25 14:09:58	2025-09-25 14:10:09	5f31d47f-af70-4ad6-97be-00bed999c058	\N	2025-09-25 14:10:09	t	active	\N
2592d744-1735-4421-8b99-a8a28ce1df56	e16cc1b2-512a-4e2f-b09b-bdd35481b868	dd8b5ac3-a9fd-417a-b5d1-c2333be47812	f	2025-09-30 09:50:11	2025-09-30 10:25:29	03cb1d57-4b26-424f-8898-243318ace483	\N	2025-09-30 10:25:29	t	active	\N
f736fe84-f7df-416c-8835-dbcc175b44dd	e16cc1b2-512a-4e2f-b09b-bdd35481b868	47afacec-cf44-4a72-8050-569521aa4def	t	2025-09-30 09:49:57	2025-09-30 10:25:29	03cb1d57-4b26-424f-8898-243318ace483	\N	2025-09-30 10:25:29	f	move	2025-09-30 10:25:08
172ccc11-b3b5-4371-9eb3-434d1386298e	985ff699-0150-4371-808b-5f1eaa4843c3	47afacec-cf44-4a72-8050-569521aa4def	t	2025-09-30 10:25:42	2025-09-30 10:26:18	03cb1d57-4b26-424f-8898-243318ace483	\N	2025-09-30 10:26:18	t	active	\N
41443cfa-7c9c-467c-954d-4889b001ccd4	f1f02a77-d3e3-46e4-8056-f7061a19e1f8	dd8b5ac3-a9fd-417a-b5d1-c2333be47812	t	2025-10-16 10:37:15	2025-10-16 10:58:29	03cb1d57-4b26-424f-8898-243318ace483	\N	2025-10-16 10:58:29	f	leave	2025-10-16 10:58:29
863fbe0c-eb3e-4024-ba18-066e5d232212	378bd2dd-29d4-45b9-9f00-55aaa270da1c	47afacec-cf44-4a72-8050-569521aa4def	t	2025-09-19 15:24:58	2025-09-30 16:00:09	03cb1d57-4b26-424f-8898-243318ace483	\N	2025-09-30 16:00:09	f	move	2025-09-19 15:25:17
7a12ac06-dbeb-4824-85a7-e96df3a6c565	21d73352-59cd-4a8f-9174-a8d4748d4063	47afacec-cf44-4a72-8050-569521aa4def	t	2025-09-30 10:27:37	2025-10-06 10:50:14	03cb1d57-4b26-424f-8898-243318ace483	\N	2025-10-06 10:50:14	f	move	2025-09-30 10:43:17
37e7c189-23b6-435b-bb2f-4779ec30f568	21d73352-59cd-4a8f-9174-a8d4748d4063	33458126-9a32-4c22-8e9c-f1966da89961	f	2025-09-30 10:43:12	2025-10-06 10:50:14	03cb1d57-4b26-424f-8898-243318ace483	\N	2025-10-06 10:50:14	f	move	2025-10-06 10:50:10
5bda6708-2939-4a61-98d7-73f425c47117	00d7b20c-3771-4110-ad60-6d4b4676a21c	7424020f-d7bd-4ec0-93ee-0b8cd138e0ff	t	2025-11-04 16:11:31	2025-11-04 16:11:39	03cb1d57-4b26-424f-8898-243318ace483	\N	2025-11-04 16:11:39	f	leave	2025-11-04 16:11:39
01dd2bb8-b715-410f-a9ad-3f256118950b	25756dd3-0bea-4438-a43d-802354718190	47afacec-cf44-4a72-8050-569521aa4def	t	2025-10-06 11:00:45	2025-10-06 11:01:04	03cb1d57-4b26-424f-8898-243318ace483	\N	2025-10-06 11:01:04	f	move	2025-10-06 11:00:58
bf1be6ed-1b2d-436e-88c9-0be09ea98537	f1f02a77-d3e3-46e4-8056-f7061a19e1f8	33458126-9a32-4c22-8e9c-f1966da89961	t	2025-10-16 10:37:46	2025-10-16 10:58:44	03cb1d57-4b26-424f-8898-243318ace483	\N	2025-10-16 10:58:44	f	leave	2025-10-16 10:58:44
df5b1aff-70dd-4a7c-a97b-dbd012350936	c25448c3-d3e9-4aa1-bd88-2cccc433a49e	47afacec-cf44-4a72-8050-569521aa4def	t	2025-10-06 11:02:07	2025-10-06 11:02:32	03cb1d57-4b26-424f-8898-243318ace483	\N	2025-10-06 11:02:32	f	move	2025-10-06 11:02:27
f5cde4b7-ae0e-4b13-af18-45882a800052	6d92b944-a64e-43e6-8baf-a8b68dc5809e	676c165e-b3a4-40bc-a836-7dddb105a90b	f	2025-10-14 11:07:53	2025-10-14 11:07:53	03cb1d57-4b26-424f-8898-243318ace483	\N	\N	t	active	\N
8ce0b782-3e11-4689-9859-3cc823aa6eb6	f1f02a77-d3e3-46e4-8056-f7061a19e1f8	638351ca-dc82-43e9-a061-011adc25de15	t	2025-10-16 10:58:29	2025-10-16 10:58:55	03cb1d57-4b26-424f-8898-243318ace483	\N	2025-10-16 10:58:55	f	move	2025-10-16 10:58:33
2abd0490-ba3d-495e-b593-85e68c45c73b	00a8f9d6-9f58-4b2c-aaeb-b148ea820005	eeac703a-6d23-406b-bb47-9843353fda32	f	2025-10-01 14:52:13	2025-11-03 16:12:47	03cb1d57-4b26-424f-8898-243318ace483	\N	\N	t	active	\N
ece6de2d-6e79-4a7d-ad05-6dc5c3399644	39e0ee3f-e813-4736-b278-ef91dc822dc8	dd8b5ac3-a9fd-417a-b5d1-c2333be47812	t	2025-10-16 10:33:51	2025-10-16 10:36:52	03cb1d57-4b26-424f-8898-243318ace483	\N	2025-10-16 10:36:52	t	active	\N
8d397f17-e5a6-497f-99ef-7415cd2df1fc	39e0ee3f-e813-4736-b278-ef91dc822dc8	3ab07fd3-5f2e-4e95-959c-f930e4029089	f	2025-10-16 10:34:14	2025-10-16 10:36:52	03cb1d57-4b26-424f-8898-243318ace483	\N	2025-10-16 10:36:52	t	active	\N
b011749b-7ab4-45b3-acbc-ca7bf22be764	f1f02a77-d3e3-46e4-8056-f7061a19e1f8	dd8b5ac3-a9fd-417a-b5d1-c2333be47812	t	2025-10-16 10:58:44	2025-10-16 10:58:55	03cb1d57-4b26-424f-8898-243318ace483	\N	2025-10-16 10:58:55	t	active	\N
65f02db7-ee32-438d-9b79-0a86adf38b83	648938b5-e3a3-4ce5-b2f3-2449cbab73cc	dd8b5ac3-a9fd-417a-b5d1-c2333be47812	t	2025-10-16 10:59:51	2025-10-16 11:00:22	03cb1d57-4b26-424f-8898-243318ace483	\N	2025-10-16 11:00:22	f	leave	2025-10-16 11:00:22
a7a5d8b2-612e-4957-80ad-eefd739e4f5c	648938b5-e3a3-4ce5-b2f3-2449cbab73cc	638351ca-dc82-43e9-a061-011adc25de15	t	2025-10-16 11:00:22	2025-10-16 11:02:05	03cb1d57-4b26-424f-8898-243318ace483	\N	2025-10-16 11:02:05	f	leave	2025-10-16 11:02:05
aa087691-3d5b-4769-9207-5540b1f01de3	648938b5-e3a3-4ce5-b2f3-2449cbab73cc	dd8b5ac3-a9fd-417a-b5d1-c2333be47812	t	2025-10-16 11:02:05	2025-10-16 11:02:21	03cb1d57-4b26-424f-8898-243318ace483	\N	2025-10-16 11:02:21	f	leave	2025-10-16 11:02:21
493bd1f4-80fc-4d05-b670-4d28b7fdbcee	648938b5-e3a3-4ce5-b2f3-2449cbab73cc	33458126-9a32-4c22-8e9c-f1966da89961	f	2025-10-16 11:00:04	2025-10-21 09:41:28	03cb1d57-4b26-424f-8898-243318ace483	\N	2025-10-21 09:41:28	t	active	\N
6b6c51a0-e925-4e8c-ad72-0fadde6902b9	648938b5-e3a3-4ce5-b2f3-2449cbab73cc	638351ca-dc82-43e9-a061-011adc25de15	t	2025-10-16 11:02:21	2025-10-21 09:41:28	03cb1d57-4b26-424f-8898-243318ace483	\N	2025-10-21 09:41:28	t	active	\N
84c182fa-63a0-4d43-b401-d9eebcff6e9b	f3e58fc8-c5ca-4f6c-8eed-be1135e88630	638351ca-dc82-43e9-a061-011adc25de15	t	2025-10-21 09:42:51	2025-10-21 09:43:20	03cb1d57-4b26-424f-8898-243318ace483	\N	2025-10-21 09:43:20	t	active	\N
d41e96eb-bff7-41cf-a96f-23259ccc2936	f3e58fc8-c5ca-4f6c-8eed-be1135e88630	33458126-9a32-4c22-8e9c-f1966da89961	f	2025-10-21 09:43:06	2025-10-21 09:43:20	03cb1d57-4b26-424f-8898-243318ace483	\N	2025-10-21 09:43:20	t	active	\N
9e2ffdf6-1fae-4294-a4ff-3ce6b774b7e9	fce25d92-357b-4685-b446-96db01ed6ffe	638351ca-dc82-43e9-a061-011adc25de15	t	2025-10-21 09:43:44	2025-10-21 09:43:44	03cb1d57-4b26-424f-8898-243318ace483	\N	\N	t	active	\N
b5049b80-0651-480b-b6c8-ae1e0729b518	fce25d92-357b-4685-b446-96db01ed6ffe	33458126-9a32-4c22-8e9c-f1966da89961	f	2025-10-21 09:43:52	2025-10-21 09:43:52	03cb1d57-4b26-424f-8898-243318ace483	\N	\N	t	active	\N
76e441e6-4a8b-42af-85b6-e1ce4231fe58	04e6d946-5977-4fef-8169-e3ff318143d0	89ecfba6-7801-4203-8cad-419358a75a9e	f	2025-10-24 14:42:16	2025-10-24 14:42:16	03cb1d57-4b26-424f-8898-243318ace483	\N	\N	t	active	\N
c02b92f8-375c-4a5f-b54d-f8c863e10c19	00d7b20c-3771-4110-ad60-6d4b4676a21c	56f882ef-cf07-4a77-bd10-c567534693af	t	2025-11-04 15:59:21	2025-11-04 16:03:27	03cb1d57-4b26-424f-8898-243318ace483	\N	2025-11-04 16:03:27	f	leave	2025-11-04 16:03:27
c15805d9-ec69-4bf2-855d-0002996806b2	00d7b20c-3771-4110-ad60-6d4b4676a21c	7424020f-d7bd-4ec0-93ee-0b8cd138e0ff	t	2025-11-04 15:55:24	2025-11-04 15:55:42	03cb1d57-4b26-424f-8898-243318ace483	\N	2025-11-04 15:55:42	f	leave	2025-11-04 15:55:42
453ce2d4-b75e-4ff5-83c6-0413a4ed21a7	00d7b20c-3771-4110-ad60-6d4b4676a21c	56f882ef-cf07-4a77-bd10-c567534693af	t	2025-11-04 15:55:42	2025-11-04 15:57:36	03cb1d57-4b26-424f-8898-243318ace483	\N	2025-11-04 15:57:36	f	leave	2025-11-04 15:57:36
05396a62-2459-4722-a1da-a3ea04e951b7	00d7b20c-3771-4110-ad60-6d4b4676a21c	7424020f-d7bd-4ec0-93ee-0b8cd138e0ff	t	2025-11-04 16:03:27	2025-11-04 16:03:39	03cb1d57-4b26-424f-8898-243318ace483	\N	2025-11-04 16:03:39	f	leave	2025-11-04 16:03:39
01a01c5e-7ebb-43e9-bcf8-713d8ec40af2	00d7b20c-3771-4110-ad60-6d4b4676a21c	7424020f-d7bd-4ec0-93ee-0b8cd138e0ff	t	2025-11-04 15:57:36	2025-11-04 15:59:21	03cb1d57-4b26-424f-8898-243318ace483	\N	2025-11-04 15:59:21	f	leave	2025-11-04 15:59:21
d139eeee-5932-4816-ac52-2a56f52b77cf	00d7b20c-3771-4110-ad60-6d4b4676a21c	56f882ef-cf07-4a77-bd10-c567534693af	t	2025-11-04 16:03:39	2025-11-04 16:11:31	03cb1d57-4b26-424f-8898-243318ace483	\N	2025-11-04 16:11:31	f	leave	2025-11-04 16:11:31
0057583f-9b39-4dc8-8418-d9e7fc96264e	00d7b20c-3771-4110-ad60-6d4b4676a21c	7424020f-d7bd-4ec0-93ee-0b8cd138e0ff	t	2025-11-04 16:18:21	2025-11-04 16:18:33	72d92d83-8790-4947-9c74-2fb113f06a11	\N	2025-11-04 16:18:33	f	leave	2025-11-04 16:18:33
ce9f6a74-4595-42ee-9072-e65d606d42ff	00d7b20c-3771-4110-ad60-6d4b4676a21c	56f882ef-cf07-4a77-bd10-c567534693af	t	2025-11-04 16:11:39	2025-11-04 16:18:21	03cb1d57-4b26-424f-8898-243318ace483	\N	2025-11-04 16:18:21	f	leave	2025-11-04 16:18:21
2d33730e-91fd-471e-a111-85ee16ba98d4	00d7b20c-3771-4110-ad60-6d4b4676a21c	7424020f-d7bd-4ec0-93ee-0b8cd138e0ff	t	2025-11-04 16:34:03	2025-11-04 16:34:23	72d92d83-8790-4947-9c74-2fb113f06a11	\N	2025-11-04 16:34:23	f	leave	2025-11-04 16:34:23
32182b67-2ad1-468e-bed3-80e2eaf02e19	00d7b20c-3771-4110-ad60-6d4b4676a21c	56f882ef-cf07-4a77-bd10-c567534693af	t	2025-11-04 16:18:33	2025-11-04 16:26:57	72d92d83-8790-4947-9c74-2fb113f06a11	\N	2025-11-04 16:26:57	f	leave	2025-11-04 16:26:57
0a4a5b19-7470-49ea-abb4-184b0b60ba3a	00d7b20c-3771-4110-ad60-6d4b4676a21c	7424020f-d7bd-4ec0-93ee-0b8cd138e0ff	t	2025-11-04 16:26:57	2025-11-04 16:28:06	72d92d83-8790-4947-9c74-2fb113f06a11	\N	2025-11-04 16:28:06	f	leave	2025-11-04 16:28:06
d85c886b-a522-4cef-93a2-e62ace3c8232	00d7b20c-3771-4110-ad60-6d4b4676a21c	56f882ef-cf07-4a77-bd10-c567534693af	t	2025-11-04 16:28:06	2025-11-04 16:34:03	72d92d83-8790-4947-9c74-2fb113f06a11	\N	2025-11-04 16:34:03	f	leave	2025-11-04 16:34:03
c9d2241b-69fd-4b0c-8445-465504317c0e	00d7b20c-3771-4110-ad60-6d4b4676a21c	7424020f-d7bd-4ec0-93ee-0b8cd138e0ff	t	2025-11-04 16:37:42	2025-11-04 16:37:51	72d92d83-8790-4947-9c74-2fb113f06a11	\N	2025-11-04 16:37:51	f	leave	2025-11-04 16:37:51
8efce085-3ed8-4117-a0d2-68f92f84ea86	00d7b20c-3771-4110-ad60-6d4b4676a21c	56f882ef-cf07-4a77-bd10-c567534693af	t	2025-11-04 16:34:23	2025-11-04 16:37:42	72d92d83-8790-4947-9c74-2fb113f06a11	\N	2025-11-04 16:37:42	f	leave	2025-11-04 16:37:42
379c66d9-63fe-4405-a280-198a287c5c0a	00d7b20c-3771-4110-ad60-6d4b4676a21c	56f882ef-cf07-4a77-bd10-c567534693af	t	2025-11-04 16:37:51	2025-11-04 16:49:21	72d92d83-8790-4947-9c74-2fb113f06a11	\N	2025-11-04 16:49:21	f	leave	2025-11-04 16:49:21
149b8555-715a-46bf-9ebf-48e4f5428d64	00d7b20c-3771-4110-ad60-6d4b4676a21c	7424020f-d7bd-4ec0-93ee-0b8cd138e0ff	t	2025-11-04 16:49:21	2025-11-04 16:49:30	72d92d83-8790-4947-9c74-2fb113f06a11	\N	2025-11-04 16:49:30	f	leave	2025-11-04 16:49:30
ac66f971-4c27-45a2-a071-7cafdab6a2b7	00d7b20c-3771-4110-ad60-6d4b4676a21c	56f882ef-cf07-4a77-bd10-c567534693af	t	2025-11-04 16:49:30	2025-11-04 16:57:33	72d92d83-8790-4947-9c74-2fb113f06a11	\N	2025-11-04 16:57:33	f	leave	2025-11-04 16:57:33
0bf1d393-206d-4a2e-ab64-906ce7106005	00d7b20c-3771-4110-ad60-6d4b4676a21c	7424020f-d7bd-4ec0-93ee-0b8cd138e0ff	t	2025-11-04 16:57:33	2025-11-04 16:57:41	72d92d83-8790-4947-9c74-2fb113f06a11	\N	2025-11-04 16:57:41	f	leave	2025-11-04 16:57:41
df0c0aa4-5a1d-4f7f-98ed-49600d465ce3	00d7b20c-3771-4110-ad60-6d4b4676a21c	56f882ef-cf07-4a77-bd10-c567534693af	t	2025-11-04 16:57:41	2025-11-04 17:00:02	72d92d83-8790-4947-9c74-2fb113f06a11	\N	2025-11-04 17:00:02	f	leave	2025-11-04 17:00:02
29bcd459-354a-4109-a77d-724713f2164b	00d7b20c-3771-4110-ad60-6d4b4676a21c	7424020f-d7bd-4ec0-93ee-0b8cd138e0ff	t	2025-11-04 17:00:03	2025-11-04 17:00:11	72d92d83-8790-4947-9c74-2fb113f06a11	\N	2025-11-04 17:00:11	f	leave	2025-11-04 17:00:11
34fb0175-927e-43f2-8d9b-cc99d33239a8	00d7b20c-3771-4110-ad60-6d4b4676a21c	56f882ef-cf07-4a77-bd10-c567534693af	t	2025-11-04 17:00:11	2025-11-04 17:00:11	72d92d83-8790-4947-9c74-2fb113f06a11	\N	\N	t	active	\N
a45eb59f-5f10-46fe-acd2-afdcd648caab	4e18cc0b-b41e-43af-aadc-4bcdfa489ee6	7424020f-d7bd-4ec0-93ee-0b8cd138e0ff	t	2025-11-05 16:36:41	2025-11-05 16:36:50	03cb1d57-4b26-424f-8898-243318ace483	\N	2025-11-05 16:36:50	f	leave	2025-11-05 16:36:50
07e372e2-60b8-4fd1-9e9f-bf6c48192680	4e18cc0b-b41e-43af-aadc-4bcdfa489ee6	cc06ec2d-16b6-42c6-8012-32fdcd9334c8	t	2025-11-05 16:36:50	2025-11-06 10:06:30	03cb1d57-4b26-424f-8898-243318ace483	\N	2025-11-06 10:06:30	f	leave	2025-11-06 10:06:30
259b5aab-1a9a-4e13-a3c8-eeea0aacc35c	4e18cc0b-b41e-43af-aadc-4bcdfa489ee6	7424020f-d7bd-4ec0-93ee-0b8cd138e0ff	t	2025-11-06 10:06:30	2025-11-06 10:06:39	03cb1d57-4b26-424f-8898-243318ace483	\N	2025-11-06 10:06:39	f	leave	2025-11-06 10:06:39
74e07be6-fb6b-4d39-88c8-07e8fc9159f7	4e18cc0b-b41e-43af-aadc-4bcdfa489ee6	cc06ec2d-16b6-42c6-8012-32fdcd9334c8	t	2025-11-06 10:06:39	2025-11-07 09:50:30	03cb1d57-4b26-424f-8898-243318ace483	\N	\N	f	leave	2025-11-07 09:50:30
ffbafc11-bffb-4769-973c-61be2d0064e2	4e18cc0b-b41e-43af-aadc-4bcdfa489ee6	cc06ec2d-16b6-42c6-8012-32fdcd9334c8	t	2025-11-07 09:51:53	2025-11-07 09:51:53	03cb1d57-4b26-424f-8898-243318ace483	\N	\N	t	active	\N
6e2ab5cd-2f60-4aac-aaf1-85a6b1627bcb	4e18cc0b-b41e-43af-aadc-4bcdfa489ee6	e579c274-da8e-4011-9f0d-ef4b3cc26004	f	2025-11-11 16:05:51	2025-11-11 16:06:06	03cb1d57-4b26-424f-8898-243318ace483	\N	\N	f	move	2025-11-11 16:06:06
7b78eb63-c39a-4b51-a895-bd2f394c918c	00d7b20c-3771-4110-ad60-6d4b4676a21c	26e3d394-4519-498e-b3e2-039b64a4abdb	f	2025-11-12 11:41:10	2025-11-12 11:56:27	03cb1d57-4b26-424f-8898-243318ace483	\N	\N	f	move	2025-11-12 11:56:27
77e83103-511f-4520-ae29-538b01237f9d	c36db8fa-2263-425b-b9e9-5d0183d770f3	8916f187-5001-4f4c-8255-4abfe00355fc	t	2025-12-23 14:13:23	2025-12-23 14:13:32	03cb1d57-4b26-424f-8898-243318ace483	\N	2025-12-23 14:13:32	t	active	\N
52907b56-a0d2-4002-98ef-21eb6fc9c050	04e6d946-5977-4fef-8169-e3ff318143d0	2f637c8c-d18a-428a-8398-90caba8d83e3	f	2025-12-23 14:14:30	2025-12-23 14:14:30	03cb1d57-4b26-424f-8898-243318ace483	\N	\N	t	active	\N
5d5ae854-0c22-4e96-8e89-3bf35ab6e001	04e6d946-5977-4fef-8169-e3ff318143d0	c1139ae2-72d4-4cae-a239-6c6111e316f6	f	2025-12-23 14:14:30	2025-12-23 14:14:30	03cb1d57-4b26-424f-8898-243318ace483	\N	\N	t	active	\N
01262026-93d1-4b44-bb1e-259f05d2b321	04e6d946-5977-4fef-8169-e3ff318143d0	7ca03429-fef3-4e1a-983c-22c3ce55c6c9	t	2025-12-23 14:14:49	2025-12-23 14:14:59	03cb1d57-4b26-424f-8898-243318ace483	\N	\N	f	move	2025-12-23 14:14:59
13f28da0-38ac-4878-84b0-170dc3012d0f	34c085df-400b-47ad-9b1c-68be8d828a44	47afacec-cf44-4a72-8050-569521aa4def	t	2025-12-23 14:19:14	2025-12-23 14:19:14	03cb1d57-4b26-424f-8898-243318ace483	\N	\N	t	active	\N
41ab6342-5808-4d33-829e-99db6dec6281	34c085df-400b-47ad-9b1c-68be8d828a44	d07b363e-4b3b-40e6-b15a-af1674cd53dd	f	2025-12-23 14:19:27	2025-12-23 14:19:27	03cb1d57-4b26-424f-8898-243318ace483	\N	\N	t	active	\N
3f85580d-c082-4dc1-b6c7-88d18fc8ef99	34c085df-400b-47ad-9b1c-68be8d828a44	dd8b5ac3-a9fd-417a-b5d1-c2333be47812	f	2025-12-23 14:19:27	2025-12-23 14:19:40	03cb1d57-4b26-424f-8898-243318ace483	\N	\N	f	move	2025-12-23 14:19:40
9abe11d0-e382-4c34-b108-9fcc57ba7c25	ae54d4fa-6920-494b-aafa-1b5289c58a09	f61acef2-eb39-4a67-bf9e-bfd24aedb61b	f	2025-12-23 14:20:27	2025-12-23 14:20:59	03cb1d57-4b26-424f-8898-243318ace483	\N	\N	f	leave	2025-12-23 14:20:59
\.


--
-- Data for Name: group_pnl; Type: TABLE DATA; Schema: public; Owner: -
--

COPY public.group_pnl (id, name, is_status, created_at, updated_at, created_by, updated_by, deleted_at) FROM stdin;
f6934762-7a42-4421-9a4a-f49d81c16c1a	TesS	f	2024-12-30 09:39:21	2024-12-30 09:40:22	18a0f2ab-7c09-46ab-a51c-eb3c18f17e5e	\N	\N
68fbbd14-7020-4b09-8af6-bcc4886f9147	tes 1	f	2024-12-30 13:57:45	2024-12-30 13:58:28	18a0f2ab-7c09-46ab-a51c-eb3c18f17e5e	\N	\N
f4ec9087-8329-4b3e-96ff-c98aa9a79116	cek	t	2025-07-17 13:55:20	2025-08-13 11:53:09	08c3a9a4-19a9-4e7d-bd48-c155c2c4dcd2	\N	\N
\.


--
-- Data for Name: group_so_items; Type: TABLE DATA; Schema: public; Owner: -
--

COPY public.group_so_items (id, created_at, updated_at, name, is_status, created_by, updated_by, deleted_at, description, image) FROM stdin;
4d6ac782-3500-4647-8cc3-37faa6d877fa	2024-11-05 15:19:29	2024-11-05 15:20:51	Tester	t	03cb1d57-4b26-424f-8898-243318ace483	\N	2024-11-05 15:20:51	\N	\N
55891961-f135-4f7d-9f2a-fed3fe7aea39	2024-11-05 15:21:41	2024-11-05 15:22:58	tester	t	03cb1d57-4b26-424f-8898-243318ace483	\N	2024-11-05 15:22:58	\N	\N
633a7327-3857-4629-8e2e-3633c89835e9	2025-03-24 11:48:51	2025-03-24 11:48:51	New Tag	t	08c3a9a4-19a9-4e7d-bd48-c155c2c4dcd2	\N	\N	\N	\N
d55ef9d0-9a11-4826-8c59-e34d1bd7bb9d	2025-07-11 16:33:09	2025-09-26 08:51:52	Ceks	t	08c3a9a4-19a9-4e7d-bd48-c155c2c4dcd2	03cb1d57-4b26-424f-8898-243318ace483	2025-09-26 08:51:52	cek	brand/aL7FmzzG5DSgStyGK0M8vsec0O7IYpI7awEtMYkU.jpg
90a45196-88aa-4fe6-b849-9ef72aca3580	2025-04-10 10:38:24	2025-04-10 11:03:54	TESS	t	05db621f-1cef-40b3-b113-091af477ac56	\N	2025-04-10 11:03:54	tess	brand/yxnh2eVrLUP8oOMiz4OOQQQ2r9Yw8CBmC8F65b6q.jpg
6a28fe98-2a2b-4eec-b2d7-5db31aa874c9	2025-04-10 11:09:55	2025-04-10 11:09:55	fins	t	03cb1d57-4b26-424f-8898-243318ace483	\N	\N	fins	brand/KizZ57vjbcBYWyQE9TWtzG769ogt36ldrDhMk5AX.jpg
4ac2e3ed-752a-487a-a3a7-3284aab4bba7	2025-04-10 14:22:55	2025-04-10 14:22:55	fans	t	03cb1d57-4b26-424f-8898-243318ace483	\N	\N	fans	brand/cvmBK4OQJadi5OOAWVkJM3QqX1MGjSgKPs8o9IpD.jpg
e69a628b-e908-4898-9df9-d3fbb5c3ca1f	2025-04-14 09:48:30	2025-04-14 09:48:46	Flashdisk	t	03cb1d57-4b26-424f-8898-243318ace483	\N	2025-04-14 09:48:46	flashdisk	brand/844FdQUMB3LjQhgwN7iA5KbyZxuhnP7NvMNQLcwe.jpg
1308230d-8931-4311-8bf8-e17c3065a8e7	2025-01-23 10:47:59	2025-04-15 13:31:19	tes	t	03cb1d57-4b26-424f-8898-243318ace483	\N	2025-04-15 13:31:19	\N	\N
dc3a97b0-f372-403b-9cea-cac0db55f501	2025-04-10 10:38:53	2025-04-15 13:31:26	tesss	t	05db621f-1cef-40b3-b113-091af477ac56	\N	2025-04-15 13:31:26	tesss	brand/QLof9fjXSXFQU3qBbmT79mTdjdTJldQz3VJwve70.jpg
6b8f1e1a-5526-45e9-8314-0de0a9ee182b	2025-04-24 09:30:01	2025-04-24 09:30:09	Fins	t	03cb1d57-4b26-424f-8898-243318ace483	\N	2025-04-24 09:30:09	test	brand/MEskm6Cc6TSZt0Cv1zEVfYY7yO6Aru0cwYiPh79Z.jpg
5a39d68f-b315-488e-b294-dcd8b463228e	2025-04-15 14:30:59	2025-04-15 14:31:22	Fans	t	03cb1d57-4b26-424f-8898-243318ace483	\N	2025-04-15 14:31:22	test	brand/uqfQULB3raHWdXZwLZOzyn5rnnuI0mZVJhajvNGb.jpg
9272f550-2d4a-4869-bdf8-476fc6251121	2025-04-15 14:30:32	2025-04-15 14:51:31	1ne	t	03cb1d57-4b26-424f-8898-243318ace483	\N	2025-04-15 14:51:31	tes	brand/aZCryF3T65VjPXFJjWfXUEIqOnnLOJkYFPBMAE5I.jpg
c5a08e28-3422-47bb-bef5-ba4df2f82d34	2025-10-09 13:04:25	2025-10-09 13:04:32	Cek	t	72d92d83-8790-4947-9c74-2fb113f06a11	\N	2025-10-09 13:04:32	tes	brand/wWX0W7gp71u7SX8E6GJ4KtUKw0CB18atzXm9r2WW.jpg
344726c2-a77f-4513-b26a-4c984544ea66	2025-04-24 09:30:58	2025-10-22 11:23:45	Cisco	t	03cb1d57-4b26-424f-8898-243318ace483	72d92d83-8790-4947-9c74-2fb113f06a11	\N	ciscoo	brand/E1bGbAWHynIBVWtXkNsqtDd9j2bV3A3Ds3bsZjvF.jpg
c696358b-ef11-4545-abeb-15ddaa69da9a	2025-04-15 14:29:58	2025-04-15 15:01:03	d link	t	03cb1d57-4b26-424f-8898-243318ace483	\N	2025-04-15 15:01:03	tes	brand/ceDkLQcnVpehYT6jtmBsDUWhj1vokz33PNOKHnt3.jpg
52f344af-4ece-438f-9fab-31b433940ddf	2025-05-21 14:31:04	2025-05-21 14:31:16	cek	t	08c3a9a4-19a9-4e7d-bd48-c155c2c4dcd2	\N	2025-05-21 14:31:16	\N	\N
aebce9e5-4ed9-4071-af9f-3b7f7a2629ec	2025-12-24 15:08:38	2025-12-24 15:08:48	brand2	t	03cb1d57-4b26-424f-8898-243318ace483	\N	2025-12-24 15:08:48	\N	\N
14c4bac6-6abc-4182-9c9d-2bd1c7a07eb3	2025-04-15 14:29:17	2025-04-15 15:02:17	d-link	t	03cb1d57-4b26-424f-8898-243318ace483	\N	2025-04-15 15:02:17	test	brand/IW7Y0V1gVrBOMckWMhMspTkMcMaiBAhbBeWBahgV.jpg
6271eee7-cacc-4ebf-a840-c2baa260a8f1	2025-04-17 09:15:50	2025-12-29 13:56:24	Default	t	03cb1d57-4b26-424f-8898-243318ace483	03cb1d57-4b26-424f-8898-243318ace483	\N	test	brand/YFfQEBYnDvy6H41pDO8UscdyHNRcKFaWURcYHDVG.jpg
fcbe6de0-82fa-4977-b3ff-d3d1b796f1b1	2025-04-15 15:03:06	2025-04-24 09:28:45	d-link	t	03cb1d57-4b26-424f-8898-243318ace483	\N	2025-04-24 09:28:45	tes	brand/OQWxJkvadw2ot9US0PagtXVSZIFiiuhCG8iqRm1V.jpg
d4f79710-04cc-4b21-9f4c-1041097602fd	2025-12-29 13:57:53	2025-12-29 13:58:02	new brand	t	03cb1d57-4b26-424f-8898-243318ace483	\N	2025-12-29 13:58:02	test	\N
f5de8c91-75e4-4d7d-89a8-1b10a6d60bca	2025-04-10 14:47:14	2025-07-03 10:22:29	starling	t	03cb1d57-4b26-424f-8898-243318ace483	\N	2025-07-03 10:22:29	starling	brand/Ohm08gMiPxPoJEfuqoj8KQyYKHi0q9NcdpfZvbhm.jpg
f15631a4-7ec5-46d3-983a-f49846a8dd4c	2025-03-24 11:49:14	2025-08-05 10:00:30	Tes Tag	t	08c3a9a4-19a9-4e7d-bd48-c155c2c4dcd2	\N	2025-08-05 10:00:30	\N	\N
f5c391ef-0ba1-40f7-b325-2a9fcd7fa8dd	2025-03-20 15:59:29	2025-08-11 09:58:40	D-Link	t	03cb1d57-4b26-424f-8898-243318ace483	08c3a9a4-19a9-4e7d-bd48-c155c2c4dcd2	\N	\N	brand/XuRC1wmJyBfumgFE88IWMa77iaQOB10y5AxKjMoA.jpg
7a62556a-6411-45ba-867d-7c8237eb051e	2025-08-11 10:05:09	2025-08-11 10:05:18	Ceks	t	03cb1d57-4b26-424f-8898-243318ace483	\N	2025-08-11 10:05:18	ceks	brand/ksTlJUQ7qIZERSRXXEUUZVayrXG2z6Pg7bGBMv9A.jpg
16bde0c7-ee21-4331-83d7-e579deaeab10	2025-08-12 13:09:11	2025-08-12 13:09:19	New Brand	t	03cb1d57-4b26-424f-8898-243318ace483	\N	2025-08-12 13:09:19	\N	\N
b808c3db-8db1-42c3-b0ae-bde15603749d	2025-09-01 15:15:21	2025-09-01 15:15:32	Tester	t	5f31d47f-af70-4ad6-97be-00bed999c058	\N	2025-09-01 15:15:32	tester	brand/h4C1xZeN58gecFrhSOvgROtKSZJX9zzxGp3Nwd2V.jpg
\.


--
-- Data for Name: history_customer; Type: TABLE DATA; Schema: public; Owner: -
--

COPY public.history_customer (id, id_user, id_customer, title, description, created_at, updated_at, created_by, updated_by, deleted_at) FROM stdin;
2490d38a-b348-4f5f-a4f3-bacbbabe4294	42bd76a0-f47f-4d74-a34f-1bd72cfba370	e73c5f04-a7a3-4e52-acf2-696649c90497	Customer Move	Agus Hilmi move PT Sentosa Makmur from Agus Hilmi to Agus Hilmi	2024-10-25 16:12:12	2024-10-25 16:12:12	42bd76a0-f47f-4d74-a34f-1bd72cfba370	\N	\N
356566b7-0d3c-472e-8ffd-145422c0d0c7	2ffe9be6-0405-4323-a69b-9d64138e0133	e0138f4e-0452-4cf4-9b61-d092e843b849	Customer Move	Agus Hilmi move PT Abadi Jaya from Agus Hilmi to Fikri Fasha	2024-10-25 17:08:57	2024-10-25 17:08:57	42bd76a0-f47f-4d74-a34f-1bd72cfba370	\N	\N
16e27750-336d-4381-9c2f-9e5ffc23d071	42bd76a0-f47f-4d74-a34f-1bd72cfba370	e0138f4e-0452-4cf4-9b61-d092e843b849	Customer Move	Fikri Fasha move PT Abadi Jaya from Fikri Fasha to Agus Hilmi	2024-10-25 17:15:08	2024-10-25 17:15:08	2ffe9be6-0405-4323-a69b-9d64138e0133	\N	\N
833b75cc-2020-4046-82f4-a0e4e561ca59	8fd3a110-cf4a-47ce-9444-5feef439b822	e73c5f04-a7a3-4e52-acf2-696649c90497	Customer Move	Super Admin move PT Sentosa Makmur from Agus Hilmi to Cahya 	2024-10-25 17:49:58	2024-10-25 17:49:58	03cb1d57-4b26-424f-8898-243318ace483	\N	\N
1e16a0b3-1bc8-4c2c-a604-3a0a6f7d4c42	42bd76a0-f47f-4d74-a34f-1bd72cfba370	e73c5f04-a7a3-4e52-acf2-696649c90497	Customer Move	Cahya  move PT Sentosa Makmur from Cahya  to Agus Hilmi	2024-10-25 18:06:10	2024-10-25 18:06:10	8fd3a110-cf4a-47ce-9444-5feef439b822	\N	\N
9fe2e55c-5a7e-41f9-9bad-af8aeb47020d	2ffe9be6-0405-4323-a69b-9d64138e0133	e73c5f04-a7a3-4e52-acf2-696649c90497	Customer Move	Agus Hilmi move PT Makmur Sentosa from Agus Hilmi to Fikri Fasha	2024-10-25 18:26:18	2024-10-25 18:26:18	42bd76a0-f47f-4d74-a34f-1bd72cfba370	\N	\N
b9f1bdaf-15aa-4a88-945a-5077831aeeca	42bd76a0-f47f-4d74-a34f-1bd72cfba370	e73c5f04-a7a3-4e52-acf2-696649c90497	Customer Move	Fikri Fasha move PT Makmur Sentosa from Fikri Fasha to Agus Hilmi	2024-10-25 21:07:57	2024-10-25 21:07:57	2ffe9be6-0405-4323-a69b-9d64138e0133	\N	\N
333f0e28-f91b-4283-8595-cade0cee2898	8fd3a110-cf4a-47ce-9444-5feef439b822	d0f6c419-032d-4ce8-b7a4-9b1e178ff211	Customer Move	Dea Putri move PT Buana Mandiri from Dea Putri to Cahya 	2024-12-03 14:46:37	2024-12-03 14:46:37	e579c274-da8e-4011-9f0d-ef4b3cc26004	\N	\N
1751f8bf-8b7b-4e2e-ad67-d21bafce7cc7	7424020f-d7bd-4ec0-93ee-0b8cd138e0ff	b4da8993-3bbe-4ebb-ad52-59a682e2ebf9	Customer Move	Super Admin move PT Mekar Jaya from Cahya  to vika 	2024-12-16 15:02:14	2024-12-16 15:02:14	03cb1d57-4b26-424f-8898-243318ace483	\N	\N
c36fc853-9805-48bb-a636-24021ba020d8	aedd0e94-8089-479c-ad87-c38fa3d16bf4	8c8bbc46-5818-4760-8d5d-3d62f8517583	Customer Move	Fikri Fasha move PT Jaya Maju from Fikri Fasha to Casiman Munandar	2025-01-09 15:02:58	2025-01-09 15:02:58	2ffe9be6-0405-4323-a69b-9d64138e0133	\N	\N
9cc16889-689d-4c8e-9c2b-07076e1e8a0a	56f882ef-cf07-4a77-bd10-c567534693af	409b4a97-0760-4e53-ab35-dd0dd6c2f161	Customer Move	Super Admin move PT Seven Sky from Agus Hilmi to Yurita Febriyawati	2025-02-14 14:15:23	2025-02-14 14:15:23	03cb1d57-4b26-424f-8898-243318ace483	\N	\N
f467cf4b-bee1-4524-a9c6-aa2f5631e760	72216281-c19f-49dc-a1ee-5ee53339a816	8d55462b-e5b6-4a25-84f2-19192095919e	Customer Move	Super Admin move PT Maju Jaya Sentosa from Beni Depari to Kurniawati 	2025-03-03 09:34:32	2025-03-03 09:34:32	03cb1d57-4b26-424f-8898-243318ace483	\N	\N
55f4b078-9f59-4d77-b81a-b0dcfbdea45e	ab4d4a2a-2a4c-4cee-9142-dc1f4e0d85b3	1bfda798-ba6e-4c79-a5b3-497ff20d2c80	Customer Move	Super Admin move PT Garda Digital from Abu Mushonip to Beni Depari	2025-03-10 14:12:51	2025-03-10 14:12:51	03cb1d57-4b26-424f-8898-243318ace483	\N	\N
15d74597-1534-48a8-82e0-10076c94fafd	72216281-c19f-49dc-a1ee-5ee53339a816	e73c5f04-a7a3-4e52-acf2-696649c90497	Customer Move	Super Admin move PT Makmur Sentosa from Agus Hilmi to Kurniawati 	2025-03-14 10:24:18	2025-03-14 10:24:18	03cb1d57-4b26-424f-8898-243318ace483	\N	\N
e131302f-2488-4ae1-bbd5-4ec86faece80	8d130e3d-73aa-42a2-aff3-9e934f11924a	409b4a97-0760-4e53-ab35-dd0dd6c2f161	Customer Move	Yurita Febriyawati move PT Seven Sky from Yurita Febriyawati to Ega Putri	2025-04-22 09:53:52	2025-04-22 09:53:52	56f882ef-cf07-4a77-bd10-c567534693af	\N	\N
1816dfc9-79d1-4249-8a0a-9cbdaa0dca9f	f7b25d16-f21d-4ded-8926-1b16134bf80d	e0138f4e-0452-4cf4-9b61-d092e843b849	Customer Move	Super Admin move PT Jaya Abadi from Agus Hilmi to Abu Mushonip	2025-05-06 13:07:37	2025-05-06 13:07:37	03cb1d57-4b26-424f-8898-243318ace483	\N	\N
4e8e8357-0ebd-4219-9daf-c454b8fa3a64	bfe6f165-4031-4f48-b1aa-2c9953a0b3d9	0c69f337-92ea-40cc-9103-3cbd60dd77b3	Customer Move	Super Admin move PT Permata Komunikasi from Siti Jaenab to Casmadi Munir	2025-08-07 17:05:29	2025-08-07 17:05:29	03cb1d57-4b26-424f-8898-243318ace483	\N	\N
6cabcd34-84f9-4586-9f44-23c4de70dc05	e579c274-da8e-4011-9f0d-ef4b3cc26004	e719000a-355c-47c4-933b-d3e23bab3eb0	Customer Move	Fikri Fasha move PT Cyber Informatics from Fikri Fasha to Dea Putri	2025-08-26 09:32:36	2025-08-26 09:32:36	2ffe9be6-0405-4323-a69b-9d64138e0133	\N	\N
bb5e0faa-58e2-4f36-8fe4-a7e84cc955b8	cc06ec2d-16b6-42c6-8012-32fdcd9334c8	36d6689a-2143-4a0b-a6e9-bc840820eed1	Customer Move	Siti Jaenab move PT Permai Suri from Siti Jaenab to Gina yuri	2025-10-28 16:06:14	2025-10-28 16:06:14	8e8e951c-27b7-4c9b-aa04-8ab38f24af4d	\N	\N
9b057971-9c41-4741-bd64-550217852b50	cc06ec2d-16b6-42c6-8012-32fdcd9334c8	82b8be02-e7ee-44e1-97fb-61d717be5ded	Customer Move	Super Admin move PT Geotechnology from Cahya  to Gina yuri	2025-10-30 14:02:14	2025-10-30 14:02:14	03cb1d57-4b26-424f-8898-243318ace483	\N	\N
f3f66602-fd35-4854-ad9b-3b760c5baa56	bfe6f165-4031-4f48-b1aa-2c9953a0b3d9	05cb72e5-e93c-439a-aa47-53b22187f8a2	Customer Move	Super Admin move PT Axa Digital Information from Siti Jaenab to Casmadi Munir	2025-10-30 14:30:51	2025-10-30 14:30:51	03cb1d57-4b26-424f-8898-243318ace483	\N	\N
8b966e4b-8c28-43cf-9596-05a52f94cd7f	2ffe9be6-0405-4323-a69b-9d64138e0133	9edfcd18-fce3-4798-88d2-d0c0cb4f82f6	Customer Move	Super Admin move PT Riox Informatics from Siti Jaenab to Fikri Fasha	2025-11-26 14:49:41	2025-11-26 14:49:41	03cb1d57-4b26-424f-8898-243318ace483	\N	\N
dbf14f8e-19e3-4c89-9f65-0a86fbdf5d43	2ffe9be6-0405-4323-a69b-9d64138e0133	3876bf71-373c-442e-a67e-1f68911dc834	Customer Move	Super Admin move PT Aman Sejahtera from Siti Jaenab to Fikri Fasha	2025-11-26 14:49:41	2025-11-26 14:49:41	03cb1d57-4b26-424f-8898-243318ace483	\N	\N
d07e5d39-d966-46bd-9bfc-dd2bb0054411	8e8e951c-27b7-4c9b-aa04-8ab38f24af4d	9edfcd18-fce3-4798-88d2-d0c0cb4f82f6	Customer Move	Super Admin move PT Riox Informatics from Fikri Fasha to Siti Jaenab	2025-11-26 14:50:14	2025-11-26 14:50:14	03cb1d57-4b26-424f-8898-243318ace483	\N	\N
852b1106-ac2a-4942-b185-e556dc14bace	8e8e951c-27b7-4c9b-aa04-8ab38f24af4d	ccfd8294-1915-412d-b81a-c67725859bc8	Customer Move	Super Admin move PT Bintang Toedjoe from Fikri Fasha to Siti Jaenab	2025-11-26 14:50:14	2025-11-26 14:50:14	03cb1d57-4b26-424f-8898-243318ace483	\N	\N
2b6d27c4-c0e1-477e-9931-56ff8ad53890	8e8e951c-27b7-4c9b-aa04-8ab38f24af4d	3876bf71-373c-442e-a67e-1f68911dc834	Customer Move	Super Admin move PT Aman Sejahtera from Fikri Fasha to Siti Jaenab	2025-11-26 14:50:14	2025-11-26 14:50:14	03cb1d57-4b26-424f-8898-243318ace483	\N	\N
133fcc23-aca1-4a33-bf30-1de558ffa741	8d130e3d-73aa-42a2-aff3-9e934f11924a	24d351bc-e9cd-4679-bba0-3e8d24229683	Customer Move	Super Admin move PT Vintex Information from Casiman Munandar to Ega Putri	2025-12-23 10:29:28	2025-12-23 10:29:28	03cb1d57-4b26-424f-8898-243318ace483	\N	\N
\.


--
-- Data for Name: history_training; Type: TABLE DATA; Schema: public; Owner: -
--

COPY public.history_training (id, id_user, name, date, file, description, location, created_at, updated_at, deleted_at, created_by, updated_by, "position", group_id) FROM stdin;
14e82a95-8283-42df-ba99-6dc82051d717	05db621f-1cef-40b3-b113-091af477ac56	Pelatihan Karyawan Altros	2025-05-27	history_training/2025-05-27/fS6lHHt4dEdAqneVip9TIKNaEEskHfAq0r3kJKFv.pdf	Pengembangan Skill Karyawan	Kantor Altros	2025-05-27 13:55:36	2025-05-27 13:55:36	\N	03cb1d57-4b26-424f-8898-243318ace483	\N	\N	\N
37fc4eee-b574-4580-a47c-cb2ed98cd402	8e8e951c-27b7-4c9b-aa04-8ab38f24af4d	Techincal Skill Karyawan	2025-05-28	history_training/2025-05-27/ggLZN1C38ifOfSbKcAqQ4Bz1KeIcN3EUAXTFUtKq.pdf	Pelatihan IT dan keterampilan teknis adalah salah satu jenis pelatihan karyawan yang penting. Ini melibatkan pengajaran keterampilan teknis untuk mengembangkan, mengelola, dan menjalankan aplikasi atau produk.	Kantor Altros	2025-05-27 16:15:05	2025-05-27 16:15:05	\N	72d92d83-8790-4947-9c74-2fb113f06a11	\N	\N	\N
c24c0435-8e01-46c3-9748-8092b34d0e3d	08c3a9a4-19a9-4e7d-bd48-c155c2c4dcd2	Languange Training	2025-06-02	history_training/2025-05-27/9qi9oE1G003gGRT0XzXR3JCOPQ3LJ5460lZqRydy.jpg	Language training memungkinkan karyawan berkomunikasi lebih efektif dengan klien internasional atau kolega dari berbagai latar belakang bahasa. Selain meningkatkan kemampuan komunikasi, pelatihan ini juga berperan dalam mempererat hubungan kerja.	Altros Office	2025-05-27 16:17:50	2025-05-27 16:17:50	\N	72d92d83-8790-4947-9c74-2fb113f06a11	\N	\N	\N
0e3741a8-fe1b-430c-8e53-b73b6ab7cd29	46caaeb5-a409-418b-879c-113fe9b763ca	Technology Based Training	2025-06-09	history_training/2025-05-27/Qs2sSfUQFsB0nMDzLwLr0Qx2cctSOOfzRVaDQPN7.jpg	Pelatihan ini menjadi salah satu yang paling dibutuhkan oleh perusahaan di sektor pelayanan yang berfokus pada kepuasan pelanggan. Contohnya meliputi pelatihan terkait digitalisasi untuk teknologi mutakhir.	Altros Office	2025-05-27 16:21:06	2025-05-27 16:21:06	\N	72d92d83-8790-4947-9c74-2fb113f06a11	\N	\N	\N
6ec1b1d9-6efa-41a7-91bc-dfea6ab3ec43	5a50aa81-68fe-4ffa-8381-a848f1859343	Data Science Training	2025-05-30	history_training/2025-05-27/J3cjgUpCiLJ4EVchOAlFKmQ6zkco4kfVGjX99EGt.jpg	Penerapan data science memiliki peran penting bagi perusahaan, karena mendukung pengambilan keputusan berbasis data, meningkatkan efisiensi operasional, serta membantu mengidentifikasi peluang dan strategi bisnis.	Kantor Altros Teknologi	2025-05-27 16:26:28	2025-05-27 16:26:50	\N	72d92d83-8790-4947-9c74-2fb113f06a11	72d92d83-8790-4947-9c74-2fb113f06a11	\N	\N
9e5722b3-fb19-4ac5-8f16-7ec7a447d7e2	b5c7fdea-d5ca-437f-9f08-7d46d103710d	Risk Management Training	2025-05-25	history_training/2025-05-27/UQLPhWMoyVfFwKbq2oip55UEKLEowoClifu3tXDM.jpg	Pelatihan dan pengembangan ini dirancang untuk mengurangi risiko serta mendukung penerapan proses manajemen risiko. Materi yang disampaikan umumnya mencakup aspek keselamatan kerja, keamanan informasi, dan kepatuhan terhadap aturan	Altros Office	2025-05-27 16:37:00	2025-05-27 16:37:00	\N	72d92d83-8790-4947-9c74-2fb113f06a11	\N	\N	\N
dc539541-3a08-4466-af9e-91dcb9ffd8a7	8e8e951c-27b7-4c9b-aa04-8ab38f24af4d	Compliance Training	2025-06-02	history_training/2025-05-27/SNRCuhAgp7I2eGxzpTkLI3yqsPY0lD2btoW3Iobw.jpg	Kebanyakan industri, baik itu keuangan, manufaktur, atau konstruksi, menghadapi beberapa jenis beban regulasi. Pelatihan kepatuhan wajib diberikan sebagai bagian dari proses onboarding karyawan.	Kantor Altros	2025-05-27 16:47:45	2025-05-27 16:47:45	\N	72d92d83-8790-4947-9c74-2fb113f06a11	\N	\N	\N
d9a583e2-64a1-42eb-8b0e-0fcbc2a9ee6e	270d0bf4-5602-4c3c-99b7-905b386791d6	Innovative and Creativity Training	2025-05-29	history_training/2025-05-27/l8YCTegZ7PZBI2Kc7yJ2LmHBbcYHPh9YmHDAAL3M.jpg	Test	Altros Office	2025-05-27 17:01:46	2025-05-27 17:01:46	\N	03cb1d57-4b26-424f-8898-243318ace483	\N	\N	\N
331fb5dd-ab1b-492b-83bd-3a58b2a2ca53	4bcf34f5-67e7-4ecd-8c79-4e7fd47f6a06	Data Hardware Training	2025-05-28	history_training/2025-05-28/X1ZeBaqP9Qxn6ijsgm1cTwigGbKZ01i6WGx3DFrv.jpg	Pelatihan Data Hardware	Altros Office	2025-05-28 14:30:02	2025-05-28 14:30:02	\N	03cb1d57-4b26-424f-8898-243318ace483	\N	\N	\N
5b35aa78-f893-4b6f-983b-4f0e3b383149	2ffe9be6-0405-4323-a69b-9d64138e0133	UI/UX Design Training	2025-06-05	history_training/2025-05-28/B8uKTjjTLBOQuRYgj9PzjWdlKhHEbyv04jQolKVV.pdf	Pelatihan UI/UX Design	Altros Office	2025-05-28 14:31:27	2025-05-28 14:31:27	\N	03cb1d57-4b26-424f-8898-243318ace483	\N	\N	\N
c1dcb270-cc1f-471d-92d1-402fc411fbe6	8fd3a110-cf4a-47ce-9444-5feef439b822	Kursus Pengembangan Skill	2025-06-13	history_training/2025-06-13/TfJaK93RjinTFGhchc5oDbbt3x1A1hjxvhq6iAL4.jpg	Training	Altros Office	2025-06-13 15:00:51	2025-06-13 15:00:51	\N	72d92d83-8790-4947-9c74-2fb113f06a11	\N	\N	\N
f570ddfc-bae0-47d5-aa9d-a8007288569b	5a50aa81-68fe-4ffa-8381-a848f1859343	Peltihan Skill Engineer	2025-06-23	history_training/2025-06-13/ymE3sD0FShULKrKP5bIb6GQUt7tf74MM1XpMPB76.jpg	Training	Altros	2025-06-13 15:01:51	2025-06-13 15:01:51	\N	72d92d83-8790-4947-9c74-2fb113f06a11	\N	\N	\N
e4b23a28-b55b-4a46-a022-4e977116ed01	825dc883-1827-489a-8ad3-f136f559a520	Training Computer Center	2025-07-01	history_training/2025-06-13/mdgYwxN4NNQHiYU5WdWg8i5MvH978JKlOlyhkzBp.pdf	Training	Altros	2025-06-13 15:03:13	2025-06-13 15:03:13	\N	72d92d83-8790-4947-9c74-2fb113f06a11	\N	\N	\N
e873438a-9de1-4f07-8397-db294dc0b755	5a50aa81-68fe-4ffa-8381-a848f1859343	Cabling Power Training	2025-07-02		training cabling	altros	2025-06-13 15:04:33	2025-06-13 15:04:33	\N	72d92d83-8790-4947-9c74-2fb113f06a11	\N	\N	\N
2a8527c6-8b83-4a37-8e9c-e309b5796191	08c3a9a4-19a9-4e7d-bd48-c155c2c4dcd2	Training Penjualan	2025-06-23	history_training/2025-06-13/ogqrqsYiPC7fpazzM8RfYPiG30Nmdk8jwaRw4CQU.jpg	test	Altros	2025-06-13 15:07:07	2025-06-13 15:07:07	\N	72d92d83-8790-4947-9c74-2fb113f06a11	\N	\N	\N
b2700a3b-46dd-4421-a2ab-bc320cf25900	2ffe9be6-0405-4323-a69b-9d64138e0133	Comunication Client	2025-06-16	history_training/2025-06-13/ZLKA3ptZYgrXmWZOjfBaxKEUiUezk28N8eQthj1z.jpg	test	altros	2025-06-13 15:08:46	2025-06-13 15:08:46	\N	72d92d83-8790-4947-9c74-2fb113f06a11	\N	\N	\N
883d8451-1bf8-4dc7-8c3f-fc5ed258b3cf	825dc883-1827-489a-8ad3-f136f559a520	Bintang Layanan Customer	2025-06-24		pelayanan customer	altros	2025-06-13 15:09:53	2025-06-13 15:09:53	\N	72d92d83-8790-4947-9c74-2fb113f06a11	\N	\N	\N
8c00c2f0-1f0e-46ea-bb89-09380c491256	4bcf34f5-67e7-4ecd-8c79-4e7fd47f6a06	Finance Saving	2025-07-07	history_training/2025-06-13/xU6doHVwGR1Hhpg7heyXZ9ZbwugnWnpCpEHuYo0o.jpg	pelatihan finance	altros	2025-06-13 15:13:27	2025-06-13 15:13:27	\N	72d92d83-8790-4947-9c74-2fb113f06a11	\N	\N	\N
1b790488-f96b-434b-945a-235578b5c094	72d92d83-8790-4947-9c74-2fb113f06a11	Pengembangan Karyawan	2025-06-19	history_training/2025-06-13/q5ElalDB75PC3w0aRBOFZSHVD7asJIBGm2PLh6dF.jpg	training	altros office	2025-06-13 15:14:29	2025-06-13 15:14:29	\N	72d92d83-8790-4947-9c74-2fb113f06a11	\N	\N	\N
e6f2816d-f1b7-4fc7-a03f-e18c03f34a83	0cb8f149-459a-4095-a3f9-49ea14587fb0	Inventory Office	2025-06-20		training	altros	2025-06-13 15:17:55	2025-06-13 15:18:14	\N	72d92d83-8790-4947-9c74-2fb113f06a11	72d92d83-8790-4947-9c74-2fb113f06a11	\N	\N
62c9239a-701d-4950-8c24-fdac47a283d0	42bd76a0-f47f-4d74-a34f-1bd72cfba370	Pakar Promosi	2025-06-13		training	altros office	2025-06-13 15:19:40	2025-06-13 15:19:40	\N	72d92d83-8790-4947-9c74-2fb113f06a11	\N	\N	\N
235a9aac-4712-4ed0-94b4-33192841b67d	05db621f-1cef-40b3-b113-091af477ac56	Comp Trainer	2025-06-16	history_training/2025-06-13/W3EFNh9PDwevf2jHW5k6ibIPHnQJ342yd1Cb8Dpz.jpg	cek	altros	2025-06-13 16:01:43	2025-06-13 16:01:43	\N	72d92d83-8790-4947-9c74-2fb113f06a11	\N	\N	\N
4aa695d7-31c3-4d68-9ec9-795d96939165	895d515f-28f9-4024-a739-5edaa0138eb5	Training SDM	2025-07-11		training sdm	altros office	2025-07-10 11:29:06	2025-07-10 11:29:06	\N	72d92d83-8790-4947-9c74-2fb113f06a11	\N	\N	\N
a2eaa47a-cc05-4a9d-aa97-8f4c0d891223	8e8e951c-27b7-4c9b-aa04-8ab38f24af4d	Upgrade Soft Skill	2025-07-31	history_training/2025-07-31/W41qlc9M8mLKrjOzUHDBSt98uTp8WyZU0gdxGZRS.jpg	Training Soft Skill	Altross	2025-07-31 11:12:27	2025-08-07 11:18:05	\N	72d92d83-8790-4947-9c74-2fb113f06a11	03cb1d57-4b26-424f-8898-243318ace483	\N	\N
660ca70a-99b3-4823-b64c-a6bdf3673dfc	8e7ebf14-e75a-4183-8d5d-51b36b1dacc9	Testing	2025-08-22	history_training/2025-08-22/PJKszT8b151U1Qp0xZ5H6od67HqNwVCVDQHKqbCG.jpg	lknadkasd	lkndas	2025-08-22 10:22:55	\N	\N	\N	\N	Position	\N
aff016fb-10e4-4d9a-9255-ebfc3ac90b74	aedd0e94-8089-479c-ad87-c38fa3d16bf4	Testing	2025-08-22	history_training/2025-08-22/e80gZNO7xg7139jFsU7oqC56b7iMW8nhYhLNKFKv.jpg	lknadkasd	lkndas	2025-08-22 10:22:55	\N	\N	\N	\N	Position 2	\N
bc20e84d-b8ef-473b-8dd6-97ea184d4a71	676c165e-b3a4-40bc-a836-7dddb105a90b	Dell Technologies	2025-08-22	history_training/2025-08-22/vJB1gFokOW1abhdiGifEx6XYBn3n3FMc3NrIr3I9.png	kandkasd	dlaksmdkla	2025-08-22 10:23:33	\N	\N	\N	\N	Positiin	\N
f87c71c2-a133-4433-ba53-33986e662f5e	11410dd1-0fe6-4180-b360-e875a701b0a6	Dell Technologies	2025-08-22	history_training/2025-08-22/DtrnxtaVTZd5aMiTPIO9CCUpKj41Xyz5TuFYV1C7.jpg	kandkasd	dlaksmdkla	2025-08-22 10:23:33	\N	\N	\N	\N	Project Manager	\N
947fae7b-2083-42b9-bc47-731ccc9b5454	2f34eae8-1e92-468a-bf4a-60b15d944867	Pengembangan Publik Speaking	2025-08-25	history_training/2025-08-25/JenYVjC7oGp1izQhhNjwbdDGo53FNxOnNhPOwEbW.jpg	Pengembangan Publik Speaking	HO Altros	2025-08-25 11:22:35	\N	\N	\N	\N	peserta	\N
823a8e05-e3cc-4963-83e0-a7ef8c8dbc4c	fee19a74-1149-482e-b9ca-f91b51813678	Pengembangan Publik Speaking	2025-08-25	history_training/2025-08-25/soIdcn9JH9GLOnw7aUuue6ECngjUbezMK3f7MAY1.png	Pengembangan Publik Speaking	HO Altros	2025-08-25 11:22:35	\N	\N	\N	\N	peserta	\N
f48bc15e-73dd-4c77-b2b2-fb6e8b13ed1c	fd542a0d-4e23-467e-85de-d20812a9b62b	Pengembangan Skill	2025-10-23	history_training/2025-10-23/WPCCO5CJiQJJjxMz2zHl0sAs0gNGKWJpXglun14d.png	Test	HO Altros	2025-10-23 11:08:34	2025-10-24 09:22:17	\N	\N	03cb1d57-4b26-424f-8898-243318ace483	tell sales	\N
16b60881-c8ba-49ed-b345-7c82fbd62274	8e8e951c-27b7-4c9b-aa04-8ab38f24af4d	Pengembangan Skill Sales	2025-09-03	history_training/2025-09-03/GCWpPQtNRz3MjtqHrZNH6nlLirHa3alR3U6PaAdn.jpg	Pengembangan Skil Sales	HO Altros	2025-09-03 09:44:26	2025-10-24 09:22:32	\N	\N	03cb1d57-4b26-424f-8898-243318ace483	Peserta	\N
f237ee75-e016-435a-8d3e-9676b1d1f231	5f31d47f-af70-4ad6-97be-00bed999c058	manager training	2025-10-31		training manager	ho altros	2025-10-31 15:27:36	\N	\N	\N	\N	karyawan	\N
8bb1d0e1-b3ac-4006-9e66-79f629e9148d	42bd76a0-f47f-4d74-a34f-1bd72cfba370	Pelatihan Skill	2025-11-17	history_training/2025-11-17/wf8DRJnm0AA9UYdvjY55GBoB1wn8LHupy7YEbKcr.png	Pelatihan Skill	HO Altros	2025-11-17 10:53:23	\N	\N	\N	\N	Sales	\N
dfa00bb8-07b3-4c25-89e6-2d8375d421c2	5f7ff936-e782-417d-b424-4fe25e89367d	Pengembangan Produk	2025-11-17	history_training/2025-11-17/OOYNqaY24KURpvajdcGFE5JSGirvk0gT0VrDHFYM.pdf	Pengembangan Produk	HO Altros	2025-11-17 11:08:55	\N	\N	\N	\N	Leaad Engineer	\N
9589cc0e-6b22-4d01-876a-97f22a2d6d36	03cb1d57-4b26-424f-8898-243318ace483	Pembahasan Karyawan	2025-11-19	history_training/2025-11-19/jHxBNcLubuHDBTmbd5zWDVPpgbVrZ9X0Cu41hhqY.png	pembahasan karyawan	HO Altros	2025-11-19 13:04:43	\N	\N	\N	\N	super admin	\N
\.


--
-- Data for Name: image_assets; Type: TABLE DATA; Schema: public; Owner: -
--

COPY public.image_assets (id, layout, type, size, file, file_name, description, created_at, updated_at, created_by, updated_by) FROM stdin;
6375f271-4d75-412e-abc6-5e6f8e535fd8	portrait	icon	750x1334	icon/portrait/4ILq8Gn8iZHFcBPf3ELVPTVOzcOzxRGRnCuGZhcT.jpg	WhatsApp Image 2025-01-07 at 09.18.10.jpeg	ceekkk	2025-01-08 15:33:35	2025-01-08 15:33:35	03cb1d57-4b26-424f-8898-243318ace483	\N
528bb489-9ea7-4d72-9459-fe5fae7f1e4a	square	icon	640x640	icon/square/ULP28gvEoZOWlPhNmqt767HC8iWH782jqJh4MO97.jpg	2efc5e91003ba50fe45b55769da6157f.jpg	cek	2025-01-08 15:36:42	2025-01-08 15:36:42	03cb1d57-4b26-424f-8898-243318ace483	\N
3ce67326-3a73-4f21-a550-6058b2947eb5	square	logo	640x640	logo/square/BtcjPYYyTpjL81L9nXnrxg1RSYQZk0UNAglM7DiV.jpg	2efc5e91003ba50fe45b55769da6157f.jpg	tess	2025-01-08 15:37:45	2025-01-08 15:37:45	03cb1d57-4b26-424f-8898-243318ace483	\N
7804f353-1891-4eae-a886-209eeea9af55	landscape	logo	420x170	logo/landscape/7PMymnE65aaUXQEkF954Y5BnuBi1CjumLafTzV3F.png	Altros-10-01-2024_04_20_PM.png	cek	2025-01-08 15:35:06	2025-01-08 15:42:19	03cb1d57-4b26-424f-8898-243318ace483	\N
53554afc-4362-4c83-a413-283dbeb34034	landscape	icon	420x170	icon/landscape/FPVsgzMtXIf9qQ3qan0OEYYfYLETvkbYg3hyf6lU.png	Altros-10-01-2024_04_20_PM.png	cekk	2025-01-08 15:33:54	2025-01-08 15:45:40	03cb1d57-4b26-424f-8898-243318ace483	\N
d93f3397-57f2-4316-a844-39f4c177263e	square	default	200x200	default_image/square/EvHa5xLxpWf7AiFYyX06XjzDeEU7ZYzPg8nYofYh.jpg	altros_tech_logo (1).jpeg	test	2025-08-15 13:44:59	2025-12-10 09:50:31	03cb1d57-4b26-424f-8898-243318ace483	\N
6c7a92f2-e09c-4d96-9670-f22f3e8d886b	portrait	logo	750x1334	logo/portrait/YRkfR4EPrOrGMW09wVj8fuFU14Ga9hhvf973j8NP.jpg	WhatsApp Image 2025-01-07 at 09.18.10.jpeg	cekkk	2025-01-08 15:34:53	2025-12-10 09:50:50	03cb1d57-4b26-424f-8898-243318ace483	\N
\.


--
-- Data for Name: installation; Type: TABLE DATA; Schema: public; Owner: -
--

COPY public.installation (id, id_pipeline, start_date, end_date, description, created_by, updated_by, status, created_at, updated_at, deleted_at, description_detail, is_priority, id_type, category, division, is_verify, no_service) FROM stdin;
cc95dfbb-b5c1-4615-b0f8-a3a5c0726e5e	50d7c55f-d993-411e-b997-e9aad78b6be1	\N	\N	\N	aedd0e94-8089-479c-ad87-c38fa3d16bf4	\N	f	2024-10-24 14:59:58	2024-10-24 14:59:58	\N	\N	f	\N	altros	\N	f	WO-I-2/10-2024
65a56ea0-7008-4e29-9f52-852d00c4d2ea	e905d009-9658-42a2-97e7-2351f3c82e3f	\N	\N	\N	8fd3a110-cf4a-47ce-9444-5feef439b822	\N	f	2025-09-08 09:38:55	2025-09-08 09:39:03	2025-09-08 09:39:03	\N	f	\N	altros	\N	f	WO-I-158/09-2025
052d81a4-bb6e-4579-96ec-b19b2959a0ad	f404bf45-74ae-412a-ae49-fb9b47069b9b	2025-05-05	2026-05-05	installation finish	8e8e951c-27b7-4c9b-aa04-8ab38f24af4d	\N	t	2025-05-05 15:44:46	2025-05-05 15:50:33	\N	\N	f	\N	altros	["Network"]	f	WO-I-40/05-2025
1e6aae4e-d063-4e9d-b737-66b5c0f200fe	cad36203-d8c9-4c4c-8901-a1e70184ecf9	2025-09-23	2026-09-23	\N	aedd0e94-8089-479c-ad87-c38fa3d16bf4	\N	f	2024-12-13 10:26:02	2025-09-23 15:49:37	\N	\N	f	\N	altros	["Network"]	f	WO-I-32/12-2024
4cabc267-be29-4052-939a-e183899d282d	b00a91bd-4d03-4af6-86d6-b9f0ed4fd427	\N	\N	\N	08c3a9a4-19a9-4e7d-bd48-c155c2c4dcd2	\N	f	2025-01-24 13:40:15	2025-01-24 13:40:40	2025-01-24 13:40:40	\N	f	\N	altros	\N	f	\N
143c56ea-1216-4592-9bf4-bd2c5e819808	03fb2655-f915-4734-bc91-aff090dc7c50	\N	\N	\N	ab4d4a2a-2a4c-4cee-9142-dc1f4e0d85b3	\N	f	2024-12-13 10:06:23	2024-12-13 10:06:34	2024-12-13 10:06:34	\N	f	\N	altros	\N	f	\N
c1a1f274-61da-4a9a-a0c3-3cd748d99dbf	3ff32acf-f783-4dc6-96b3-bc0477ca3613	2025-10-08	2026-10-08	\N	ab4d4a2a-2a4c-4cee-9142-dc1f4e0d85b3	\N	f	2025-10-03 14:37:07	2025-10-08 10:18:27	\N	\N	f	\N	altros	["Network"]	f	WO-I-169/10-2025
6c6bc52c-97d6-48bc-8eb9-dc7623352c7c	f136dd00-5514-43fe-8a53-6be243dde089	2025-10-21	2026-10-21	\N	72216281-c19f-49dc-a1ee-5ee53339a816	\N	f	2025-09-25 16:16:09	2025-10-21 13:28:42	\N	\N	f	\N	altros	["Network"]	f	WO-I-163/09-2025
67819e63-4111-447a-9b4d-34a9902593eb	bcab8092-b723-4c4e-a347-3f5a73d5fcae	2025-09-17	2026-09-18	\N	bfe6f165-4031-4f48-b1aa-2c9953a0b3d9	\N	f	2025-09-17 09:14:09	2025-09-22 09:47:37	\N	cek	f	\N	altros	["Network"]	f	WO-I-162/09-2025
52b9683c-813b-4917-bee8-812e2e77c678	9214fe6f-2a66-4d8a-8494-b7a37e48b03c	\N	\N	\N	2ffe9be6-0405-4323-a69b-9d64138e0133	\N	f	2025-10-31 13:36:37	2025-10-31 13:36:37	\N	\N	f	\N	altros	\N	f	WO-I-171/10-2025
c8e743be-1738-47dd-b392-9b1a7a2e8f8f	7fc2417a-e5d9-426a-be14-9e8037a2b283	\N	\N	\N	ab4d4a2a-2a4c-4cee-9142-dc1f4e0d85b3	\N	f	2025-11-03 08:34:03	2025-11-03 08:34:03	\N	\N	f	\N	altros	\N	f	WO-I-180/11-2025
fd7d2b55-fec8-4ef2-af3c-047226ec710f	08519d2d-3796-4b91-9975-2a786e66825f	\N	\N	\N	e579c274-da8e-4011-9f0d-ef4b3cc26004	\N	f	2025-11-04 11:40:02	2025-11-04 11:40:02	\N	\N	f	\N	altros	\N	f	WO-I-185/11-2025
ed4d5979-a81a-42eb-b81c-6d86ce2002cb	eca6d5d9-5a64-4305-b36d-a50dc1db4729	\N	\N	\N	e579c274-da8e-4011-9f0d-ef4b3cc26004	\N	f	2025-11-11 16:18:37	2025-11-11 16:18:37	\N	\N	f	\N	altros	\N	f	WO-I-193/11-2025
5b8ce935-6edd-4264-a257-c11941e40e3e	5af68df7-5349-4a74-b14d-957284aaec24	2026-01-26	2027-01-29	\N	8d130e3d-73aa-42a2-aff3-9e934f11924a	\N	f	2025-12-05 15:01:34	2026-01-21 15:25:34	\N	\N	f	\N	altros	["Network"]	f	WO-I-199/12-2025
038bfd73-520d-4581-94e0-16174ec43317	95193c12-aad0-43c3-9ab0-ab2558df5361	2024-10-24	2024-12-10	installation finish	42bd76a0-f47f-4d74-a34f-1bd72cfba370	\N	t	2024-10-23 09:30:46	2024-12-10 16:36:27	\N	Engineer	f	\N	personal	\N	f	WO-I-1/10-2024
3123ca35-cce5-4deb-a1c0-4c29ab5e1d69	3ba51b43-52ea-40fb-b6a5-e3f550ba82e9	2024-11-07	2024-12-11	installation finish	ab4d4a2a-2a4c-4cee-9142-dc1f4e0d85b3	\N	t	2024-11-04 10:08:19	2024-12-11 16:18:59	\N	\N	f	\N	altros	["Cabling"]	f	WO-I-6/11-2024
f0febede-ba4a-48a8-8678-e0322dd91b1c	d7c17d98-49f3-4c18-81aa-1485d9236ddf	2024-11-13	2024-12-11	installation finish	e579c274-da8e-4011-9f0d-ef4b3cc26004	\N	t	2024-11-07 14:04:19	2024-12-11 16:20:43	\N	\N	f	\N	altros	["Cabling"]	f	WO-I-15/11-2024
2e48c0c1-a6ac-40ad-babe-fdf28e75e246	a925b80d-ac99-4f2b-850a-e8145d504a71	2024-12-12	2024-12-12	installation finish	03eeae77-d85d-4cab-8e58-978f0b1b6e6f	\N	t	2024-11-11 13:32:59	2024-12-12 15:28:40	\N	\N	f	\N	personal	\N	f	WO-I-18/11-2024
c9df1319-f66b-44c6-94c7-5bfb28692785	1e0c2686-272e-4fca-a483-a2499c3eda48	2024-12-12	2024-12-12	installation finish	2ffe9be6-0405-4323-a69b-9d64138e0133	\N	t	2024-11-15 10:04:20	2024-12-12 16:00:35	\N	\N	f	\N	personal	\N	f	WO-I-21/11-2024
abdead0c-f0aa-438b-8bcc-51e5ed412e40	2f51b311-23a8-4b0b-9f58-751d68e9dc12	2024-12-12	2025-01-24	installation finish	03eeae77-d85d-4cab-8e58-978f0b1b6e6f	\N	f	2024-12-03 09:48:09	2025-01-17 10:02:51	\N	\N	f	\N	personal	\N	f	WO-I-29/12-2024
ba33a132-a635-4ad8-9e77-b4fa3b67ca01	f29b7c8d-4b49-4145-95be-a6c922cf5b14	2024-10-24	2024-12-10	installation finish	42bd76a0-f47f-4d74-a34f-1bd72cfba370	\N	t	2024-10-23 09:57:10	2025-01-21 11:13:12	2025-01-21 11:13:12	Instalation	f	\N	altros	["Cabling"]	f	\N
7442c9b0-a611-4e51-b1de-cbb3b12f4f44	14e4ae71-92df-465a-be18-6d5f06cc92ac	2024-12-12	2025-01-24	installation finish	8ad25947-0f5a-4834-ab87-939cde63253a	\N	f	2024-11-11 15:54:39	2025-01-17 10:03:05	\N	cek	f	\N	altros	["Network"]	f	WO-I-20/11-2024
863fee6c-3f0a-4cc1-8580-e1b0f0a47ab8	468e0418-c57d-47a7-b4d2-bd168203d949	2024-12-16	2024-12-18	\N	08c3a9a4-19a9-4e7d-bd48-c155c2c4dcd2	\N	f	2024-12-16 14:18:43	2024-12-17 11:41:04	\N	cek	f	e2eb4fd1-0d57-4515-8ee8-3073d6259144	altros	\N	f	WO-I-35/12-2024
37fa3664-7fd9-46b3-99ee-2f7f80717bf6	cd054cdb-fdd7-471d-ad1d-920163a8f354	\N	\N	\N	8d130e3d-73aa-42a2-aff3-9e934f11924a	\N	f	2024-12-20 14:47:46	2024-12-20 14:47:46	\N	\N	f	\N	altros	\N	f	WO-I-36/12-2024
7dd6ef88-a8b5-4763-81e7-d1a74ced34fd	968b5aab-c4ab-4a68-8b1b-0f6e98f8ad4a	2024-12-10	2025-01-31	installation finish	03eeae77-d85d-4cab-8e58-978f0b1b6e6f	\N	f	2024-12-02 11:25:27	2025-01-24 10:24:09	\N	\N	f	\N	altros	["Cabling"]	f	WO-I-28/12-2024
07cd9564-17b9-417f-934f-d97755176859	1ec02cbc-53b4-4a7b-88b1-a05d1dfabb19	\N	\N	\N	bfe6f165-4031-4f48-b1aa-2c9953a0b3d9	\N	f	2025-01-07 15:35:47	2025-01-24 13:33:12	2025-01-24 13:33:12	\N	f	\N	altros	\N	f	\N
91f6a222-c807-4aee-a3dc-6d67973484b4	db8d3c38-52b4-4ec7-a896-b2e2360ff98f	\N	\N	\N	ab4d4a2a-2a4c-4cee-9142-dc1f4e0d85b3	\N	f	2025-02-03 09:39:46	2025-02-03 09:39:57	2025-02-03 09:39:57	\N	f	\N	altros	\N	f	\N
ff67cc6e-83ca-4dc4-9628-5d453a090059	087af607-5183-4fde-9df4-0c2eb6d89fbb	2024-12-16	2025-01-31	Installation finish	f7b25d16-f21d-4ded-8926-1b16134bf80d	\N	f	2024-12-04 14:10:03	2025-01-24 10:24:17	\N	\N	f	\N	personal	\N	f	WO-I-30/12-2024
cb69f2da-298e-4e43-b259-7516f1bfa4ea	1bffc6be-cc1b-4b9d-b814-3115e9b5ca7d	\N	\N	\N	8ad25947-0f5a-4834-ab87-939cde63253a	\N	f	2025-05-14 14:34:34	2025-05-14 14:34:34	\N	\N	f	\N	altros	\N	f	WO-I-50/05-2025
d819bdf3-51d3-47be-ac7d-802491cc0697	110a12a8-9330-4794-a7e9-5aaf487b5325	2025-05-23	2026-05-23	installation finish	e579c274-da8e-4011-9f0d-ef4b3cc26004	\N	t	2025-05-22 13:57:13	2025-09-22 11:28:38	\N	\N	f	\N	altros	["Cabling"]	f	WO-I-59/05-2025
04f85e63-ed8a-4307-b6eb-cddf11668433	f4cb5f0f-580d-4923-9769-6341ec713736	2025-09-23	2026-09-23	\N	2ffe9be6-0405-4323-a69b-9d64138e0133	\N	f	2025-08-04 15:45:17	2025-09-23 15:21:01	\N	\N	f	\N	personal	\N	f	WO-I-130/08-2025
e685f7db-8f1e-42ca-9538-56a656a075c2	2f712282-0cd8-429c-a40d-852a41023912	2025-08-05	2026-08-05	installation finish	f7b25d16-f21d-4ded-8926-1b16134bf80d	\N	t	2025-08-05 12:17:53	2025-10-10 09:44:54	\N	\N	f	\N	altros	["Network"]	f	WO-I-132/08-2025
9d5904fb-98e8-4998-b01f-265a501536ae	d2aae9fd-fb23-45e8-8291-8804d1798378	\N	\N	\N	8e8e951c-27b7-4c9b-aa04-8ab38f24af4d	\N	f	2025-05-06 14:55:48	2025-05-06 14:56:11	2025-05-06 14:56:11	\N	f	\N	altros	\N	f	\N
53c1d7d6-1d31-4646-b6de-2d44b9a7589f	3b038aa2-43d4-4c21-8584-9ecf13daf414	2024-12-12	2025-01-01	installation finish	ab4d4a2a-2a4c-4cee-9142-dc1f4e0d85b3	\N	t	2024-12-02 10:57:06	2025-04-29 12:53:07	\N	\N	f	\N	personal	\N	f	WO-I-27/12-2024
a3f7aad4-fa14-4cdd-8c00-607c610eb6a1	79a5bf53-c2bb-4b2d-8ed7-2907eda03c2f	2025-10-16	2026-10-15	\N	e579c274-da8e-4011-9f0d-ef4b3cc26004	\N	f	2025-10-06 13:30:29	2025-10-16 10:08:27	\N	\N	f	\N	altros	["Network"]	f	WO-I-170/10-2025
275b42c7-0b2d-4f36-9411-799e7e31be25	31d295c4-46ed-4fc3-a24b-370a7510942a	2025-10-16	2026-10-16	\N	72216281-c19f-49dc-a1ee-5ee53339a816	\N	f	2025-09-25 16:24:11	2025-10-16 16:22:52	\N	\N	f	\N	altros	["Network"]	f	WO-I-164/09-2025
e04b639b-70fc-4717-b076-028104568539	6088654e-b192-49f7-b668-c5655e92a04f	2025-05-23	2026-05-24	\N	8e8e951c-27b7-4c9b-aa04-8ab38f24af4d	\N	f	2025-05-22 15:20:44	2025-10-21 13:35:12	2025-10-21 13:35:12	\N	f	\N	altros	["Cabling"]	f	WO-I-61/05-2025
d4714126-0d64-4319-815a-023d1101a6d6	3b7af3ed-448a-4d88-9f73-c7d2f19497e7	2025-05-23	2026-05-23	\N	ab4d4a2a-2a4c-4cee-9142-dc1f4e0d85b3	\N	f	2025-05-22 15:39:34	2025-10-21 13:36:01	\N	\N	f	\N	altros	["Network"]	f	WO-I-64/05-2025
44045963-25ce-4575-83ce-a7417cdc74e3	f351f3cd-178d-437a-92bf-b9f5ad35872f	\N	\N	\N	2ffe9be6-0405-4323-a69b-9d64138e0133	\N	f	2025-10-31 13:49:48	2025-10-31 13:49:48	\N	\N	f	\N	altros	\N	f	WO-I-172/10-2025
735a218a-d79c-47f2-9f48-53cd6e214c17	77a8ddc7-3a28-47c6-80f9-0bdfe4fcb624	\N	\N	\N	72216281-c19f-49dc-a1ee-5ee53339a816	\N	f	2025-11-04 13:20:23	2025-11-04 13:20:23	\N	\N	f	\N	altros	\N	f	WO-I-186/11-2025
e938a741-42ec-4f4b-9beb-f0ae0104a01a	c51ca3e3-dd7a-4e2d-b93b-e871c7171848	\N	\N	\N	5aa74c0f-7d6e-43a6-b361-3b7b5e41295b	\N	f	2025-11-12 09:44:09	2025-11-12 09:44:09	\N	\N	f	\N	altros	\N	f	WO-I-194/11-2025
fffc6d7f-d0bf-483a-b628-fa8d0a795348	9d5cb83d-c03b-48d7-a783-f80931dbb69a	2025-11-03	2026-11-03	\N	f7b25d16-f21d-4ded-8926-1b16134bf80d	\N	f	2025-11-03 09:20:38	2025-12-22 15:50:50	\N	\N	f	\N	altros	["Cabling"]	t	WO-I-181/11-2025
507eb9fd-b2e4-4519-8bea-144c995f3529	8b2ea04b-28c9-4114-aa85-109d2753d5d0	\N	\N	\N	8d130e3d-73aa-42a2-aff3-9e934f11924a	\N	f	2025-05-20 16:11:58	2025-05-20 16:11:58	\N	\N	f	\N	altros	\N	f	WO-I-56/05-2025
bf975b3d-3040-4868-899d-12103e66190f	3daf28af-7d9e-47cb-bbeb-3f80fc278e4e	2025-05-16	2025-05-16	Installation finish	8ad25947-0f5a-4834-ab87-939cde63253a	\N	t	2025-05-16 13:27:25	2025-05-16 13:37:22	\N	\N	f	\N	altros	["Cabling"]	f	WO-I-51/05-2025
c33f1aac-a5d2-43a4-86dc-4e1aaf0c2d11	7cebd662-18ce-4929-943f-9465188ead40	\N	\N	\N	8e8e951c-27b7-4c9b-aa04-8ab38f24af4d	\N	f	2025-05-20 11:16:14	2025-05-20 11:26:01	2025-05-20 11:26:01	\N	f	\N	altros	\N	f	\N
b42e8720-03eb-44a3-8ddd-12ddfe215d43	5646b56e-7db9-40d1-a84c-1bd26aae9b79	2025-05-22	2026-04-21	\N	8e8e951c-27b7-4c9b-aa04-8ab38f24af4d	\N	f	2025-05-19 09:50:49	2025-05-22 15:56:25	\N	\N	f	\N	altros	["Cabling"]	f	WO-I-54/05-2025
3c6fd50b-175a-433d-a1e4-e232a5401802	c505c47f-39b8-4338-9aee-d11d7e589158	\N	\N	\N	72216281-c19f-49dc-a1ee-5ee53339a816	\N	f	2025-04-24 11:50:04	2025-07-11 15:53:43	2025-07-11 15:53:43	\N	f	\N	altros	\N	f	\N
d1e8f622-6d94-46e8-b017-b70175f61cb5	223f9aeb-c53e-4e76-aef3-f471979d774e	2025-05-24	2026-05-24	installation finish	42bd76a0-f47f-4d74-a34f-1bd72cfba370	\N	t	2025-05-22 12:56:35	2025-07-21 16:34:01	\N	\N	f	\N	altros	["Cabling"]	f	WO-I-57/05-2025
c2250479-2c8d-4b94-b2c1-48a7a1934325	ff135db7-7026-4e06-96cb-d653fa65b76e	2025-05-22	2026-05-22	\N	8d130e3d-73aa-42a2-aff3-9e934f11924a	\N	f	2025-05-14 13:59:34	2025-05-22 16:27:46	\N	\N	f	\N	altros	["Cabling"]	f	WO-I-48/05-2025
4fd49a7c-115e-4a52-bfad-7cdadfcf5c6a	f780a073-f0fe-46ce-9c4a-f20f2285f404	2025-04-11	2025-07-21	Installation finish	8fd3a110-cf4a-47ce-9444-5feef439b822	\N	t	2025-03-03 13:45:28	2025-07-21 16:35:33	\N	\N	t	\N	altros	["Cabling"]	f	WO-I-23/03-2025
c746acc4-3314-4240-98fb-714139745ed7	1b3ce303-6b9d-4224-9d1f-352bd08afb0d	\N	\N	\N	e579c274-da8e-4011-9f0d-ef4b3cc26004	\N	f	2025-05-22 15:45:44	2025-05-22 15:45:44	\N	\N	f	\N	altros	\N	f	WO-I-65/05-2025
4f4f15d0-5b2f-4dbc-97fc-1ef6300b5a71	a9bbe5de-fc45-4059-ad8f-711e1bd32eec	\N	\N	\N	e579c274-da8e-4011-9f0d-ef4b3cc26004	\N	f	2025-05-22 15:47:55	2025-05-22 15:47:55	\N	\N	f	\N	altros	\N	f	WO-I-66/05-2025
f7d03704-e691-43c4-8ee3-65885137ad31	9e95d2ac-edc7-4a0c-8a28-1178eceb6026	2025-05-20	2026-05-22	\N	8fd3a110-cf4a-47ce-9444-5feef439b822	\N	f	2025-04-17 13:26:57	2025-05-22 15:58:57	\N	\N	f	\N	altros	["Cabling"]	f	WO-I-32/04-2025
13b284cf-b4d8-4f35-b393-ce27d6d49b03	b1d3fc9a-45bf-481e-8360-6821b8684e45	2025-05-22	2026-04-29	\N	42bd76a0-f47f-4d74-a34f-1bd72cfba370	\N	f	2025-04-24 14:02:33	2025-05-22 16:02:58	\N	\N	f	\N	altros	["Network"]	f	WO-I-36/04-2025
4c38568e-9bb4-42c2-beed-65ba0ab51eb5	4d5fe248-8d35-4e8f-a3ba-f2de384ce836	2025-05-22	2025-05-31	\N	72216281-c19f-49dc-a1ee-5ee53339a816	\N	f	2025-05-08 09:38:21	2025-05-22 15:59:48	\N	\N	f	\N	altros	["Cabling"]	f	WO-I-42/05-2025
dd399f5c-55f4-4369-a33b-371213c5363b	7cebd662-18ce-4929-943f-9465188ead40	2025-05-20	2026-05-22	\N	8e8e951c-27b7-4c9b-aa04-8ab38f24af4d	\N	f	2025-05-20 11:26:01	2025-05-22 16:21:32	\N	\N	f	\N	altros	["Cabling"]	f	WO-I-55/05-2025
531ed6e8-5512-4be5-93b5-32aa8cb24928	d0647f8b-7ee2-4cca-8324-f518ae8f4982	2025-05-20	2026-05-22	\N	42bd76a0-f47f-4d74-a34f-1bd72cfba370	\N	f	2025-02-25 10:21:02	2025-05-22 16:06:41	\N	\N	t	\N	altros	["Network"]	f	WO-I-18/02-2025
2771ab57-cfd7-46d0-9ddd-d4207927660d	427390c1-e18e-46e5-ada7-2f93d4528e75	2025-05-22	2025-12-22	installation finish	8e8e951c-27b7-4c9b-aa04-8ab38f24af4d	\N	t	2025-05-22 15:32:14	2025-07-21 16:39:56	\N	\N	f	\N	altros	["Network"]	f	WO-I-62/05-2025
343a108c-7a71-40b0-84a2-de5659c6f2f0	a51c057b-819c-4e87-b5f9-38ad9780ab2e	2025-05-21	2025-05-22	\N	8fd3a110-cf4a-47ce-9444-5feef439b822	\N	f	2025-05-14 13:49:43	2025-05-22 16:23:25	\N	\N	f	\N	altros	["Cabling"]	f	WO-I-47/05-2025
aa1d5d57-bcd6-49fd-8fa9-a85780246d18	5205f402-91ea-4c87-99da-0a04b5cea3d2	2025-05-22	2026-05-23	\N	8d130e3d-73aa-42a2-aff3-9e934f11924a	\N	f	2025-05-22 14:00:13	2025-05-22 16:28:07	\N	\N	f	\N	altros	["Cabling"]	f	WO-I-60/05-2025
02eab0f6-42de-4a27-b54b-633f97aefa75	b9b227bc-bf64-4602-8fcd-05c4c212d55f	\N	\N	\N	72216281-c19f-49dc-a1ee-5ee53339a816	\N	f	2025-05-27 09:51:49	2025-05-27 09:52:33	2025-05-27 09:52:33	\N	f	\N	altros	\N	f	\N
6d528453-349e-4290-9e6c-38bc24352e2e	2f650a35-d957-4768-a079-71f48cdc70e2	2025-05-23	2025-05-23	Installation finish	8d130e3d-73aa-42a2-aff3-9e934f11924a	\N	t	2025-05-23 16:02:30	2025-05-23 16:05:34	\N	\N	f	\N	altros	["Network"]	f	WO-I-67/05-2025
28b1f6fb-a13c-4526-ad9f-8d9ccfdfe095	be0730b5-0277-4de1-8ac2-a44e57664953	2025-10-21	2026-10-21	\N	8e8e951c-27b7-4c9b-aa04-8ab38f24af4d	\N	f	2025-01-31 14:48:42	2025-10-21 13:34:59	\N	\N	f	\N	altros	["Cabling","Network"]	f	WO-I-9/01-2025
77c6ecfe-c679-4414-8188-1940b450be69	632dc363-029d-4e35-95e2-6b7f1fd28eae	2025-09-23	2026-09-23	\N	f7b25d16-f21d-4ded-8926-1b16134bf80d	\N	f	2025-08-01 14:09:23	2025-09-23 16:28:21	\N	\N	f	\N	altros	["Network"]	f	WO-I-129/08-2025
f8fc98ff-774f-4c7d-8bc9-25e4e02bfff2	40dbbf9d-b311-4ef2-b373-e29b6442cf3f	2025-10-09	2026-10-08	\N	03eeae77-d85d-4cab-8e58-978f0b1b6e6f	\N	f	2025-10-07 11:34:53	2025-10-21 13:39:06	\N	\N	f	\N	altros	["Cabling"]	f	WO-I-171/10-2025
5bc4b2d2-a75c-496c-85ac-3374b359997b	5a3f8cdd-5ff6-46b7-b4c3-cd4229f803c6	\N	\N	\N	08c3a9a4-19a9-4e7d-bd48-c155c2c4dcd2	\N	f	2025-07-21 09:38:11	2025-10-21 13:59:01	\N	\N	f	\N	altros	["Network","Cabling"]	f	WO-I-107/07-2025
feadcc1e-fe77-4aca-bda0-4c9a8316f4ed	65642393-4de6-4611-bf09-240648a7dc92	2025-09-29	2026-09-29	\N	8e8e951c-27b7-4c9b-aa04-8ab38f24af4d	\N	f	2025-09-29 17:11:19	2025-10-21 13:59:57	\N	\N	f	\N	altros	["Network","Cabling"]	f	WO-I-165/09-2025
9197a1d3-78b8-4e9c-bdf1-82b168502db7	7a42dddc-c9cd-478a-ad81-7656f4e453de	\N	\N	\N	8e8e951c-27b7-4c9b-aa04-8ab38f24af4d	\N	f	2025-02-12 10:18:44	2025-10-24 13:56:04	\N	\N	f	\N	altros	["Cabling"]	f	WO-I-15/02-2025
f0157ed6-e6ab-4034-96b8-bd2d91331d1a	cc1ba228-b42d-4011-890a-7f6b3039761f	\N	\N	\N	e579c274-da8e-4011-9f0d-ef4b3cc26004	\N	f	2025-10-31 14:12:38	2025-10-31 14:12:38	\N	\N	f	\N	altros	\N	f	WO-I-173/10-2025
77421347-f226-40ee-bb56-e96491799fc3	00c19ad6-21ad-4b60-a25d-e3e2f4d8cc53	\N	\N	\N	2ffe9be6-0405-4323-a69b-9d64138e0133	\N	f	2025-11-03 10:17:07	2025-11-03 10:17:07	\N	\N	f	\N	altros	\N	f	WO-I-182/11-2025
7b23fb08-86b6-49d5-b7ce-acd35aeea8ad	dc585dc5-34a3-424e-b2b0-66cc6df952fc	\N	\N	\N	9176bda0-72f4-4211-9dfd-124ecec7e844	\N	f	2025-11-06 16:04:20	2025-11-06 16:04:20	\N	\N	f	\N	altros	\N	f	WO-I-187/11-2025
e7c4d866-2994-482c-a632-a502f912c2f6	c819a697-196a-4346-a967-a7801cb0c6f7	\N	\N	\N	08c3a9a4-19a9-4e7d-bd48-c155c2c4dcd2	\N	f	2025-08-05 15:00:34	2025-10-21 13:23:03	\N	\N	f	\N	altros	["Network"]	f	WO-I-136/08-2025
8896f8e6-61fb-4ccb-b296-a19aff8146d9	9a8fd780-5883-4e0e-930c-b4676ce107ac	\N	\N	\N	26e3d394-4519-498e-b3e2-039b64a4abdb	\N	f	2025-11-12 11:46:46	2025-11-12 11:46:46	\N	\N	f	\N	altros	\N	f	WO-I-195/11-2025
e6625159-bb39-4816-b4ea-2100b6486b67	e31c962d-1454-407a-a086-1642cc152e36	\N	\N	\N	8e8e951c-27b7-4c9b-aa04-8ab38f24af4d	\N	f	2025-05-30 10:12:18	2025-05-30 10:12:18	\N	\N	f	\N	altros	\N	f	WO-I-68/05-2025
7cddd3ef-0ffc-4376-9ae7-c2ee4c039503	bf4919ec-5c80-49c7-9060-d0b66db0d407	2025-10-21	2026-10-21	\N	f7b25d16-f21d-4ded-8926-1b16134bf80d	\N	f	2025-05-30 11:28:57	2025-10-21 13:29:18	\N	\N	f	\N	altros	["Cabling"]	f	WO-I-70/05-2025
b174f2b6-dccd-4bdd-9d4b-5bffad7d1351	7ad3bec0-f031-4bba-af97-7d0e36c613e8	\N	\N	\N	8fd3a110-cf4a-47ce-9444-5feef439b822	\N	f	2025-05-30 11:20:28	2025-05-30 11:20:28	\N	\N	f	\N	altros	\N	f	WO-I-69/05-2025
2fa3c1ba-d658-4cd7-8f9c-4ece657b7c85	3459ffd5-a81d-4a2d-83df-1371cab0ef63	\N	\N	\N	48cfe1b4-ee83-4469-b60c-cd44641d9b9e	\N	f	2025-01-30 09:50:32	2025-01-30 09:50:32	\N	\N	f	\N	altros	\N	f	WO-I-7/01-2025
f3fe167b-d730-4bc4-b011-c13c5e5873c9	24978b86-61b6-492e-9aca-3dd0b8564762	\N	\N	\N	aedd0e94-8089-479c-ad87-c38fa3d16bf4	\N	f	2025-01-09 14:39:37	2025-01-14 10:31:08	\N	\N	t	\N	altros	\N	f	WO-I-5/01-2025
e7951e8c-fd63-440e-9217-76cb86d95469	db8d3c38-52b4-4ec7-a896-b2e2360ff98f	\N	\N	\N	ab4d4a2a-2a4c-4cee-9142-dc1f4e0d85b3	\N	f	2025-02-03 09:39:57	2025-02-03 09:39:57	\N	\N	f	\N	altros	\N	f	WO-I-10/02-2025
44be05ec-3324-49bc-9921-925990128490	8ec72ed9-cfb2-47da-86c7-9edd66926921	\N	\N	\N	8e8e951c-27b7-4c9b-aa04-8ab38f24af4d	\N	f	2025-02-05 14:29:58	2025-02-05 14:29:58	\N	\N	f	\N	altros	\N	f	WO-I-11/02-2025
fc6d6aa9-b46b-4834-838d-a2cb6cd2bcac	11dc5eee-d8e2-4645-921e-715ca0051649	\N	\N	\N	9176bda0-72f4-4211-9dfd-124ecec7e844	\N	f	2025-02-06 09:16:44	2025-02-06 09:16:44	\N	\N	f	\N	altros	\N	f	WO-I-12/02-2025
22057450-0f2e-4edc-94a0-5c1c2140ff3c	75e14449-c3d3-497c-b583-6525e90ad8f0	2025-05-22	2025-06-10	Installation finish	ab4d4a2a-2a4c-4cee-9142-dc1f4e0d85b3	\N	t	2025-05-22 15:37:54	2025-06-10 10:57:39	\N	\N	f	\N	altros	["Cabling"]	f	WO-I-63/05-2025
05c9ac01-faf1-4b5c-b6c6-cafd0befd6e9	a4451d85-0c95-438e-ae1d-bec25e753c78	\N	\N	\N	8ad25947-0f5a-4834-ab87-939cde63253a	\N	f	2025-02-10 10:14:41	2025-02-10 10:14:41	\N	\N	f	\N	altros	\N	f	WO-I-13/02-2025
f952cd87-64d3-447a-85dc-03839b2cf4dc	c98c4a6b-6cdb-488c-b92c-e237efdf98fd	\N	\N	\N	bfe6f165-4031-4f48-b1aa-2c9953a0b3d9	\N	f	2025-02-18 10:00:33	2025-02-18 10:00:33	\N	\N	f	\N	altros	\N	f	WO-I-17/02-2025
fb6479d1-5487-4ca9-b3a1-bca9fc329d93	d8ee65db-dabe-4d97-9f0f-ccb06089f521	2025-07-07	2025-07-07	Installation finish	8e8e951c-27b7-4c9b-aa04-8ab38f24af4d	\N	t	2025-07-01 16:22:54	2025-08-05 15:40:31	2025-08-05 15:40:31	\N	f	\N	altros	["Cabling"]	f	WO-I-88/07-2025
dc923e66-031f-459b-a87d-d9cec12fc650	c7e46283-8506-408b-99d2-a8f77ec0f1fa	2025-02-27	2025-02-28	\N	08c3a9a4-19a9-4e7d-bd48-c155c2c4dcd2	\N	f	2025-02-27 09:20:50	2025-02-27 09:20:50	\N	tes	f	82fffb3f-f85a-43fc-8d72-9ea763f6faa6	altros	\N	f	WO-I-20/02-2025
bad1911c-3ae3-47b8-be2c-e4c622fbd03b	625dded6-f4ad-44d5-a4a8-a754a8b13976	\N	\N	\N	56f882ef-cf07-4a77-bd10-c567534693af	\N	f	2025-01-07 13:51:14	2025-05-22 16:31:00	\N	\N	t	\N	altros	["Cabling"]	f	WO-I-4/01-2025
ea204e63-990a-43df-9a1a-2aff5eb057c3	f038750c-2f2b-49f4-ac8d-646b6841c078	2025-05-20	2026-05-22	\N	8e8e951c-27b7-4c9b-aa04-8ab38f24af4d	\N	f	2025-01-31 09:51:14	2025-05-22 16:31:35	\N	\N	f	\N	altros	["Cabling"]	f	WO-I-8/01-2025
7b764987-221d-4e18-a412-77ba01911fdd	cee06490-d8e0-480c-b907-6067ff579385	2025-03-18	2026-03-17	installation finish	8e8e951c-27b7-4c9b-aa04-8ab38f24af4d	\N	t	2025-03-03 13:52:31	2025-04-29 14:51:47	\N	\N	t	\N	altros	["Cabling"]	f	WO-I-24/03-2025
b6299e07-6714-4005-9e55-bd45f84a7784	c5dbc3ab-7781-4ec9-b3f9-8af5f86aa062	2025-03-13	2026-03-13	\N	03eeae77-d85d-4cab-8e58-978f0b1b6e6f	\N	f	2025-03-11 13:27:40	2025-03-13 14:19:55	\N	\N	f	\N	altros	["Network"]	f	WO-I-26/03-2025
d4e55fd3-4d7a-4a49-8e4f-be6cfc7c3f55	01f10ac2-cf02-431a-8b1a-37f7a2e1e23b	2025-07-15	2025-07-15	Installation finish	08c3a9a4-19a9-4e7d-bd48-c155c2c4dcd2	\N	t	2025-07-15 10:39:29	2025-07-15 10:41:38	\N	\N	f	\N	altros	["Cabling"]	f	WO-I-98/07-2025
dc73922b-f9f3-463d-bbf3-f95c873492ef	2b5b42f6-9363-4a1d-9208-b96a409c4ea6	2025-07-07	2026-07-07	installation finish	56f882ef-cf07-4a77-bd10-c567534693af	\N	t	2025-06-26 11:25:11	2025-07-07 10:47:37	\N	\N	f	\N	altros	["Cabling"]	f	WO-I-85/06-2025
cac79c9e-a300-47de-a693-a234ab06cc74	86719b52-121d-4e46-8a09-30b0ef978366	\N	\N	\N	8e8e951c-27b7-4c9b-aa04-8ab38f24af4d	\N	f	2025-07-29 10:40:09	2025-07-29 10:40:15	2025-07-29 10:40:15	\N	f	\N	altros	\N	f	WO-I-1/07-2025
68eaa4b9-3b48-44c7-bf7c-837af5e3f5fe	b0a38c8b-d7a3-4571-83bd-b0d615e05a75	\N	\N	\N	aedd0e94-8089-479c-ad87-c38fa3d16bf4	\N	f	2024-10-24 15:04:42	2024-10-24 15:04:42	\N	\N	f	\N	altros	\N	f	WO-I-3/10-2024
d185f848-f579-4a6f-85d4-e40b0c76198e	30308f6d-0173-4a6a-b499-e5fb67d23b0a	2025-09-23	2026-09-23	\N	8d130e3d-73aa-42a2-aff3-9e934f11924a	\N	f	2025-07-28 10:30:27	2025-09-23 16:41:42	\N	\N	f	\N	altros	["Network"]	f	WO-I-118/07-2025
7b9f6083-4084-4b87-b2ca-f22628e15171	c633e5db-5dfa-4737-b1f1-f42051860ba1	2025-09-15	2026-09-15	\N	42bd76a0-f47f-4d74-a34f-1bd72cfba370	\N	f	2025-07-29 09:16:12	2025-09-15 16:04:26	\N	\N	f	\N	altros	["Network"]	f	WO-I-121/07-2025
4e45227d-e715-4cef-b86c-87cfb7b13218	c1bbad3c-5c36-419e-a4c2-cac894a05ab3	\N	\N	\N	8ad25947-0f5a-4834-ab87-939cde63253a	\N	f	2025-07-24 13:10:09	2025-09-23 16:42:25	\N	\N	f	\N	altros	["Network"]	f	WO-I-117/07-2025
4ff111df-a0ca-46e5-9a77-eb4830e9c68f	a57d7c27-ed6a-48fc-bd38-7ea4c9177bce	2025-09-18	2026-09-18	\N	f7b25d16-f21d-4ded-8926-1b16134bf80d	\N	f	2025-09-01 10:46:03	2025-09-18 10:18:53	\N	\N	f	\N	altros	["Network"]	f	WO-I-156/09-2025
155cc291-9dd8-477c-8d60-d91aa17bd4e0	cd22ce1d-f611-4a39-a810-3440df80218c	2025-10-21	2026-10-21	\N	ab4d4a2a-2a4c-4cee-9142-dc1f4e0d85b3	\N	f	2025-10-14 09:09:00	2025-10-21 13:51:47	\N	\N	f	\N	altros	["Network","Cabling"]	f	WO-I-171/10-2025
ec70ba4e-1123-4c9c-a2fa-3f9941dd95bd	30a9f2df-3a13-4ac8-a271-ac3fc84db2a0	\N	\N	\N	8d130e3d-73aa-42a2-aff3-9e934f11924a	\N	f	2025-07-15 11:54:06	2025-09-25 15:00:56	\N	\N	t	\N	altros	["Network"]	f	WO-I-100/07-2025
65369ece-15bd-458c-85a1-9a87cf59e01e	ccaaa25d-4a37-4eac-9a41-6839d27a6ee4	\N	\N	\N	f7b25d16-f21d-4ded-8926-1b16134bf80d	\N	f	2025-07-10 14:48:51	2025-09-25 15:37:16	\N	\N	f	\N	altros	["Network"]	f	WO-I-91/07-2025
e9c98635-05e1-4be7-b31c-5b6831f61301	32f27a11-b639-4253-9d01-a9005c741e6e	2025-09-22	2026-09-22	installation finish	8e8e951c-27b7-4c9b-aa04-8ab38f24af4d	\N	t	2025-09-18 10:35:37	2025-09-22 14:15:29	\N	\N	f	\N	altros	["Network"]	f	WO-I-162/09-2025
b3041e7a-024b-430a-b057-e7e5e6cd902e	372e0bb2-bbb7-4321-b4c0-c623e8ed828d	\N	\N	\N	f7b25d16-f21d-4ded-8926-1b16134bf80d	\N	f	2025-07-11 09:51:18	2025-10-21 13:58:30	\N	\N	f	\N	altros	["Cabling"]	f	WO-I-93/07-2025
403648cf-d6c9-4dd7-80a5-2999da4100d3	68de096a-c5bc-430a-94fa-5a08aa860bcb	2025-09-15	2026-09-15	\N	42bd76a0-f47f-4d74-a34f-1bd72cfba370	\N	f	2025-08-20 14:08:32	2025-10-24 10:44:13	\N	\N	f	\N	altros	["Network"]	f	WO-I-151/08-2025
1d32781c-f33b-4621-8ac0-1cafff82e286	e6f4d32b-9aba-4fdd-9e3a-6716bf3b2969	2025-09-23	2026-09-24	\N	8ad25947-0f5a-4834-ab87-939cde63253a	\N	f	2025-07-21 11:44:43	2025-09-23 15:11:21	\N	\N	f	\N	altros	["Cabling"]	f	WO-I-108/07-2025
2aba2cbd-ed0f-442f-b4ee-e689c87697f1	13c13f9e-a10e-4bd9-847f-b9cb017d82af	2025-10-07	2026-10-07	\N	ab4d4a2a-2a4c-4cee-9142-dc1f4e0d85b3	\N	f	2025-10-01 10:01:14	2025-10-07 14:14:11	\N	\N	f	\N	altros	["Network"]	f	WO-I-166/10-2025
3db6b664-a87f-46e2-9b99-c26b947aa0a1	c7feacfa-491a-44e9-9a61-fb98e25448df	2025-10-21	2026-10-21	\N	8e8e951c-27b7-4c9b-aa04-8ab38f24af4d	\N	f	2025-07-10 15:33:42	2025-10-21 13:25:15	\N	\N	f	\N	altros	["Network"]	f	WO-I-92/07-2025
6f2b7138-4d29-4ef6-bc29-5196752ba541	0b1ea55a-4aea-47f7-8dbc-7db4821d3648	2025-10-30	2026-10-30	\N	8ad25947-0f5a-4834-ab87-939cde63253a	\N	f	2025-07-21 11:52:09	2025-10-30 14:48:14	\N	\N	f	\N	altros	["Network","Cabling"]	f	WO-I-109/07-2025
6e3f0d51-cb52-4e57-9e7d-eefe11e1d0d0	f4357436-e555-4f64-a153-830860cc0ee8	\N	\N	\N	89ecfba6-7801-4203-8cad-419358a75a9e	\N	f	2025-10-31 15:44:08	2025-10-31 15:44:08	\N	\N	f	\N	altros	\N	f	WO-I-174/10-2025
c9bb3ae7-30dc-4316-a763-e093b539ae78	75a56f0c-b30e-4571-9dce-163430d71ff7	2025-10-21	2026-10-21	\N	42bd76a0-f47f-4d74-a34f-1bd72cfba370	\N	f	2025-07-11 20:10:20	2025-10-21 13:30:12	\N	\N	f	\N	altros	["Cabling"]	f	WO-I-95/07-2025
a9492bda-dc90-477e-b6d6-7e593b1cdb5d	d8e59d66-d3ad-4b9f-ba8f-115fee97d160	\N	\N	\N	cc06ec2d-16b6-42c6-8012-32fdcd9334c8	\N	f	2025-11-04 09:33:06	2025-11-04 09:33:06	\N	\N	f	\N	altros	\N	f	WO-I-183/11-2025
064e5b6b-f44f-4a6c-b603-08ca54dcecb5	a1189bd6-52a4-4968-8eb0-97f08467b25a	2025-07-02	2026-07-02	installation finish	8d130e3d-73aa-42a2-aff3-9e934f11924a	\N	t	2025-07-01 09:26:29	2025-07-07 10:53:38	\N	\N	f	\N	altros	["Cabling"]	f	WO-I-86/07-2025
35bd6697-faca-40c2-9fa2-dcb119afa9d4	1a6950e4-151f-48ac-841c-0bfbf13c6c72	\N	\N	\N	cc06ec2d-16b6-42c6-8012-32fdcd9334c8	\N	f	2025-11-10 11:38:10	2025-11-10 11:38:10	\N	\N	f	\N	altros	\N	f	WO-I-188/11-2025
6a510160-d290-44ef-a3ba-75f11378e932	5803f87c-c63d-4b06-9813-4cc074e3da3b	2025-07-24	2026-07-24	installation finish	03eeae77-d85d-4cab-8e58-978f0b1b6e6f	\N	t	2025-07-23 13:24:18	2025-07-24 13:36:41	\N	\N	f	\N	altros	["Network"]	f	WO-I-114/07-2025
1811c59a-6065-462d-949a-35dfacb12843	b32c71af-300c-4ca4-9ebc-593c99ded8b0	\N	\N	\N	8d130e3d-73aa-42a2-aff3-9e934f11924a	\N	f	2025-06-04 13:38:26	2025-06-04 13:38:26	\N	\N	f	\N	altros	\N	f	WO-I-73/06-2025
790fe1cd-8251-4803-a007-b8587060cf3f	fe546c55-c4d0-426b-ac1b-ae4fd58887d8	\N	\N	\N	8e8e951c-27b7-4c9b-aa04-8ab38f24af4d	\N	f	2025-11-12 13:16:26	2025-12-05 13:47:03	\N	\N	f	\N	vendor	[{"name":"PT Mandiri Jaya Persada","id":"815218e3-a486-4ba1-9880-372994957fb8","engineer":{"id_vendor":"815218e3-a486-4ba1-9880-372994957fb8","first_name":"Bagaskara Mustafa","id":"ceae7734-f519-48b3-b563-736bfbde07dc"}}]	f	WO-I-196/11-2025
d8da05e7-a3c3-44a5-85c7-f8b492a827cd	c6cdd667-e068-4f98-a740-a408239bb2a2	2025-08-07	2026-08-07	\N	72216281-c19f-49dc-a1ee-5ee53339a816	\N	f	2025-08-05 10:30:20	2025-08-07 13:39:20	\N	\N	f	\N	altros	["Network"]	f	WO-I-131/08-2025
674ac17a-3a09-4413-96c7-c18439728c67	31c84485-86e4-4b28-bd30-c3efe428fb33	\N	\N	\N	03eeae77-d85d-4cab-8e58-978f0b1b6e6f	\N	f	2025-07-11 15:33:01	2025-10-21 13:45:34	\N	\N	f	\N	altros	["Cabling"]	f	WO-I-94/07-2025
18efdc60-9d5e-47ca-ba5f-f0030c6cc589	d43c9bdc-df99-4c24-a717-9705d5115911	2025-07-07	2026-07-07	installation finish	8e8e951c-27b7-4c9b-aa04-8ab38f24af4d	\N	t	2025-07-01 10:04:30	2025-07-07 10:11:13	\N	\N	f	\N	altros	["Cabling"]	f	WO-I-87/07-2025
d467ccd9-445b-438f-86b0-206b2e0b45f6	f25e8bcd-9a30-4677-9880-d7d9251195e3	2025-10-21	2026-10-21	\N	03eeae77-d85d-4cab-8e58-978f0b1b6e6f	\N	f	2025-06-03 15:10:55	2025-10-21 13:47:29	\N	\N	f	\N	altros	["Network"]	f	WO-I-72/06-2025
b6704bcb-9ca4-4742-a394-5b9b69c2178d	c13099af-68c0-42d9-8f5d-3d1cedbbd269	2025-07-31	2026-07-31	\N	f7b25d16-f21d-4ded-8926-1b16134bf80d	\N	f	2025-07-28 15:46:07	2025-07-31 15:39:46	\N	\N	f	\N	personal	\N	f	WO-I-120/07-2025
1ba87b4d-e9fe-4f40-9877-d9e40d0df7c3	e905d009-9658-42a2-97e7-2351f3c82e3f	\N	\N	\N	8fd3a110-cf4a-47ce-9444-5feef439b822	\N	f	2025-07-18 16:27:55	2025-09-04 16:23:01	2025-09-04 16:23:01	\N	f	\N	altros	\N	f	WO-I-107/07-2025
872d82ae-e314-4870-b3b4-d4482a1f693d	b38db62a-fcf4-406f-9941-c734d3f4548a	\N	\N	\N	8fd3a110-cf4a-47ce-9444-5feef439b822	\N	f	2025-07-17 10:00:16	2025-08-05 15:39:39	2025-08-05 15:39:39	\N	f	\N	altros	\N	f	WO-I-103/07-2025
03d6e01d-162b-4d94-83e3-73777a06db70	4262d951-6369-4204-b3f7-b8e53be42eeb	2025-10-01	2026-10-01	installation finish	f7b25d16-f21d-4ded-8926-1b16134bf80d	\N	t	2025-10-01 10:57:46	2025-10-01 14:54:52	\N	\N	f	\N	altros	["Network"]	f	WO-I-167/10-2025
e06d1710-23e3-466b-82fd-b581baf141b2	ce8388c8-47bc-4dec-a6fa-08274c0e90ec	2025-10-21	2026-10-21	\N	f7b25d16-f21d-4ded-8926-1b16134bf80d	\N	f	2025-08-05 12:20:21	2025-10-21 13:30:32	\N	\N	f	\N	altros	["Network"]	f	WO-I-133/08-2025
b0e87624-6108-4158-975a-dc23f72c6f51	6473ccf2-6732-4f24-bed7-3a757167d5aa	\N	\N	\N	72216281-c19f-49dc-a1ee-5ee53339a816	\N	f	2024-11-05 09:22:06	2024-11-05 09:22:06	\N	\N	f	\N	altros	\N	f	WO-I-9/11-2024
cd63a548-0c7b-4d6d-b375-3f49fe59666e	024fe831-b725-40d7-a521-ead261e41aa0	\N	\N	\N	42bd76a0-f47f-4d74-a34f-1bd72cfba370	\N	f	2024-11-05 09:30:27	2024-11-05 09:30:27	\N	\N	f	\N	altros	\N	f	WO-I-10/11-2024
6f32484a-76d7-4379-bffa-554c84a0dba7	c547fe6e-1bd4-4360-aa75-eb086e3e69c5	\N	\N	\N	42bd76a0-f47f-4d74-a34f-1bd72cfba370	\N	f	2024-11-05 09:40:45	2024-11-05 09:40:45	\N	\N	f	\N	altros	\N	f	WO-I-11/11-2024
7ec5c1ec-8ed4-484a-8697-d574b0274058	30230cad-486d-40ce-9b99-9c290a9e60b9	\N	\N	\N	ab4d4a2a-2a4c-4cee-9142-dc1f4e0d85b3	\N	f	2024-11-05 09:47:55	2024-11-05 09:47:55	\N	\N	f	\N	altros	\N	f	WO-I-12/11-2024
ecd2340b-0c99-4778-8741-fa8dc38a83be	ae04a569-1146-4c0b-86ea-12f412ef8fae	\N	\N	\N	ab4d4a2a-2a4c-4cee-9142-dc1f4e0d85b3	\N	f	2024-11-05 09:54:25	2024-11-05 09:54:25	\N	\N	f	\N	altros	\N	f	WO-I-13/11-2024
22ff1c68-b859-4e0a-86c0-4242f5ac7c52	c037e7fc-1fb3-4f45-b7d9-20fae23ab69d	2024-12-12	2024-12-12	installation finish	8e8e951c-27b7-4c9b-aa04-8ab38f24af4d	\N	t	2024-11-11 11:06:24	2024-12-12 16:05:00	\N	\N	f	\N	altros	["Network"]	f	WO-I-17/11-2024
593de1d6-e7bb-429b-9d4b-0b62a1621067	2d1172eb-0403-4ecf-b42a-52c80d36a3b9	2025-10-21	2026-10-21	\N	ab4d4a2a-2a4c-4cee-9142-dc1f4e0d85b3	\N	f	2024-11-03 22:47:23	2025-10-21 13:48:35	\N	\N	f	\N	altros	["Cabling"]	f	WO-I-5/11-2024
ba2dbdda-206d-4b3b-b626-a304eff9dac7	29373f17-a54c-4c3e-b33c-fb021b818e0f	\N	\N	\N	ab4d4a2a-2a4c-4cee-9142-dc1f4e0d85b3	\N	f	2024-10-25 14:20:57	2025-10-21 13:48:56	\N	\N	f	\N	altros	["Cabling"]	f	WO-I-4/10-2024
64ca4ba2-19b4-4446-9e04-a268089b5d7e	e4b32d84-4e80-4b3b-9811-e3e58a3ae262	\N	\N	\N	8fd3a110-cf4a-47ce-9444-5feef439b822	\N	f	2025-10-16 14:54:43	2025-10-24 10:37:22	\N	cek	f	\N	altros	["Cabling"]	f	WO-I-172/10-2025
516ab81f-0d10-4c88-977f-ce51528243d3	348f448c-6bbe-404f-961a-aac160b38482	2024-11-07	2025-04-30	installation finish	08c3a9a4-19a9-4e7d-bd48-c155c2c4dcd2	\N	t	2024-11-04 15:47:07	2024-11-07 09:33:39	\N	tes	f	\N	altros	["Network"]	f	WO-I-8/11-2024
27420930-a65c-4ac3-97d9-e114db6652e5	e367bc48-f579-49b2-ac7a-1908c1954e52	2024-12-12	2025-12-12	installation finish	8e8e951c-27b7-4c9b-aa04-8ab38f24af4d	\N	t	2024-12-02 10:19:13	2024-12-12 14:40:21	\N	\N	f	\N	personal	\N	f	WO-I-26/12-2024
8a2b8c9d-14cf-41f2-b23a-287316bad924	1cdb0ff5-30ba-4f83-9a9f-69e608e2462a	\N	\N	\N	89ecfba6-7801-4203-8cad-419358a75a9e	\N	f	2025-10-31 15:50:21	2025-10-31 15:50:21	\N	\N	f	\N	altros	\N	f	WO-I-175/10-2025
97ed9cd3-b828-4e10-bf19-a2878f7f5f03	c95d5915-7125-4e1b-941a-e8d9a56c4bcb	\N	\N	\N	9176bda0-72f4-4211-9dfd-124ecec7e844	\N	f	2025-11-04 09:53:50	2025-11-04 09:53:50	\N	\N	f	\N	altros	\N	f	WO-I-184/11-2025
63ac827f-def0-4d9f-8f4d-f8ebcb51321d	d1b405f3-2067-44ce-b378-fa9528256434	\N	\N	\N	e579c274-da8e-4011-9f0d-ef4b3cc26004	\N	f	2025-11-11 09:02:53	2025-11-11 09:02:53	\N	\N	f	\N	altros	\N	f	WO-I-189/11-2025
6f58557a-1da7-4a47-b2fe-a47d41a62fe3	bfe518c1-7fcb-46a2-b093-d46f86c370bc	\N	\N	\N	aedd0e94-8089-479c-ad87-c38fa3d16bf4	\N	f	2024-12-13 10:19:58	2024-12-13 10:19:58	\N	\N	f	\N	altros	\N	f	WO-I-31/12-2024
fcadf4bb-a4fe-4b9f-95c9-16e746e06964	1a7f90a2-170b-495c-9ce4-617ff426b7bb	2025-05-14	2025-06-16	\N	f7b25d16-f21d-4ded-8926-1b16134bf80d	\N	f	2025-05-14 11:28:32	2025-05-14 11:37:50	\N	\N	f	\N	altros	["Network"]	f	WO-I-46/05-2025
ce5baea4-82a7-4132-b43e-7ec431fc4c16	e274a348-5d9d-454d-b391-bdd2360d79b9	\N	\N	\N	bfe6f165-4031-4f48-b1aa-2c9953a0b3d9	\N	f	2025-05-14 14:20:23	2025-05-14 14:20:23	\N	\N	f	\N	altros	\N	f	WO-I-49/05-2025
efd2bb9b-0223-4c42-9c93-e951f35e3d32	1fe7f8cc-a065-4484-9a8e-b3191c57f983	2025-07-31	2026-07-31	\N	8ad25947-0f5a-4834-ab87-939cde63253a	\N	f	2025-07-31 09:16:14	2025-07-31 14:58:31	\N	cek	f	\N	personal	\N	f	WO-I-125/07-2025
d3434a7f-9625-440a-a664-010fb19541db	810ea8ad-97fd-4282-a954-1312fb788ff7	2025-08-12	2025-08-13	Installation finish	8fd3a110-cf4a-47ce-9444-5feef439b822	\N	t	2025-08-12 16:22:34	2025-08-13 09:17:05	\N	\N	f	\N	altros	["Network"]	f	WO-I-144/08-2025
efdb96d0-7569-487d-bd3d-41daca0fb7a2	5e8b4c85-d495-481b-a0e3-3ad32f7cf581	2025-08-15	2026-08-15	\N	42bd76a0-f47f-4d74-a34f-1bd72cfba370	\N	f	2025-08-13 15:50:19	2025-08-25 10:38:29	\N	cek lorem ipsum	f	\N	altros	["Network"]	f	WO-I-148/08-2025
0fa75c74-e319-49cb-b745-85b36359584c	7bd1a32f-0282-4790-ae90-50896670d3c4	\N	\N	\N	5aa74c0f-7d6e-43a6-b361-3b7b5e41295b	\N	f	2025-11-12 14:10:58	2025-12-05 13:46:19	\N	\N	f	\N	vendor	[{"name":"PT Mandiri Jaya Persada","id":"815218e3-a486-4ba1-9880-372994957fb8","engineer":{"id_vendor":"815218e3-a486-4ba1-9880-372994957fb8","first_name":"Bagaskara Mustafa","id":"ceae7734-f519-48b3-b563-736bfbde07dc"}}]	f	WO-I-197/11-2025
2b588ee1-5594-4f71-a7a6-144a3caa5576	2bf65b02-588f-4841-9f8b-c5fee8c312ac	2025-08-25	2026-08-25	\N	42bd76a0-f47f-4d74-a34f-1bd72cfba370	\N	f	2025-08-20 13:46:13	2025-08-25 13:09:08	\N	\N	f	\N	altros	["Network"]	f	WO-I-150/08-2025
09856e4c-ed97-4eef-941a-7604c3404086	341eb498-03af-497f-a223-cdf2dd2884d2	2025-08-26	2026-08-25	\N	03eeae77-d85d-4cab-8e58-978f0b1b6e6f	\N	f	2025-08-11 16:15:02	2025-08-25 13:12:11	\N	\N	f	\N	altros	["Network"]	f	WO-I-140/08-2025
edf6a8ff-1834-4b3a-9b32-2ca1c239f656	fdb63872-8f43-418c-996e-1ae93930c0a8	\N	\N	\N	e579c274-da8e-4011-9f0d-ef4b3cc26004	\N	f	2024-11-07 13:34:24	2024-11-07 13:34:24	\N	\N	f	\N	altros	\N	f	WO-I-14/11-2024
cdfb307a-fcc5-40da-b02b-a0f469b843df	2d99ba9d-8077-4901-a2ca-e0a0eb01d3f2	\N	\N	\N	f7b25d16-f21d-4ded-8926-1b16134bf80d	\N	f	2024-12-13 10:37:41	2025-09-23 15:50:22	\N	\N	f	\N	altros	["Network"]	f	WO-I-33/12-2024
8b3f8099-c6b9-446a-a85d-7e97d862cd6f	00b3f770-52b0-4e24-95be-88d829b15258	2025-09-15	2026-09-15	\N	ab4d4a2a-2a4c-4cee-9142-dc1f4e0d85b3	\N	f	2025-08-12 11:05:24	2025-09-15 16:06:03	\N	\N	f	\N	altros	["Cabling"]	f	WO-I-142/08-2025
3bdd370d-392a-486a-876c-3e61a31c8c40	4e7a76e0-289a-4e0c-a1e8-420e3a9e5b03	\N	\N	\N	e579c274-da8e-4011-9f0d-ef4b3cc26004	\N	f	2024-11-07 14:15:26	2024-11-07 14:15:26	\N	\N	f	\N	altros	\N	f	WO-I-16/11-2024
8302b487-8ee0-40c1-8012-876c725d232d	f82a038b-cdab-4756-84b9-413a33ab9590	\N	\N	\N	8ad25947-0f5a-4834-ab87-939cde63253a	\N	f	2024-11-11 15:44:19	2024-11-11 15:44:19	\N	\N	f	\N	altros	\N	f	WO-I-19/11-2024
7aa64838-dea7-44c1-b4b8-81f500dbe0ed	14981b50-74cb-4618-8d4e-079005f29600	\N	\N	\N	42bd76a0-f47f-4d74-a34f-1bd72cfba370	\N	f	2024-11-20 11:25:57	2024-11-20 11:25:57	\N	\N	f	\N	altros	\N	f	WO-I-22/11-2024
8450bcbd-85de-4470-a2d1-1ed5981fe846	e905d009-9658-42a2-97e7-2351f3c82e3f	\N	\N	\N	8fd3a110-cf4a-47ce-9444-5feef439b822	\N	f	2025-09-08 09:31:13	2025-09-08 09:31:26	2025-09-08 09:31:26	\N	f	\N	altros	\N	f	WO-I-158/09-2025
98d25cce-6f53-49ff-b660-eb00a9745adf	73984a19-475f-4191-b9a0-58cccea87933	\N	\N	\N	8ad25947-0f5a-4834-ab87-939cde63253a	\N	f	2024-11-25 16:49:05	2024-11-25 16:49:05	\N	\N	f	\N	altros	\N	f	WO-I-24/11-2024
cdddcf5e-d17d-4547-846d-b4e0cb20ea90	a9899814-7242-4477-8d55-f3ea036c3549	\N	\N	\N	5aa74c0f-7d6e-43a6-b361-3b7b5e41295b	\N	f	2024-11-25 16:56:10	2024-11-25 16:56:10	\N	\N	f	\N	altros	\N	f	WO-I-25/11-2024
d070fb35-209f-4b5e-ab91-d5820b6aad23	047fa340-18ae-43d1-a066-2ba48ddc8abb	2024-11-07	2024-12-03	installation finish	8fd3a110-cf4a-47ce-9444-5feef439b822	\N	t	2024-11-04 14:37:24	2024-12-03 14:54:04	\N	\N	f	\N	altros	["Network"]	f	WO-I-7/11-2024
8f723716-fbcb-4058-8e82-f2526cb712d6	10eae5a0-2f68-45d2-b007-434fd639f12f	2025-10-30	2026-10-30	\N	8d130e3d-73aa-42a2-aff3-9e934f11924a	\N	f	2025-05-06 10:41:54	2025-10-30 14:44:46	\N	\N	f	\N	altros	["Cabling"]	f	WO-I-41/05-2025
3fc2a075-002e-454e-93be-d454f442f7ac	b4487c46-d9b9-411e-a697-b8dba500b2c2	\N	\N	\N	f7b25d16-f21d-4ded-8926-1b16134bf80d	\N	f	2024-12-13 10:38:29	2024-12-13 10:38:29	\N	\N	f	\N	altros	\N	f	WO-I-34/12-2024
c78388b6-c92d-4c74-8575-17a395c1264d	a4661a00-f8f2-4005-bd69-21631fa7e615	\N	\N	\N	72216281-c19f-49dc-a1ee-5ee53339a816	\N	f	2025-01-06 09:47:03	2025-09-23 17:02:07	\N	\N	f	\N	altros	["Network"]	f	WO-I-2/01-2025
6b8cef46-c64e-450d-b41e-bd1b495d1c29	23629171-d183-4d68-b237-88002fb3eb78	2025-09-23	2026-09-23	\N	8ad25947-0f5a-4834-ab87-939cde63253a	\N	f	2025-07-21 16:54:45	2025-09-23 15:09:53	\N	\N	f	\N	altros	["Network"]	f	WO-I-110/07-2025
4c2bbec5-3d85-43a0-85a3-de03614b8513	bc1b52af-4b1b-4e54-a139-d4c558607573	\N	\N	\N	8e8e951c-27b7-4c9b-aa04-8ab38f24af4d	\N	f	2025-07-31 10:13:18	2025-09-24 08:02:49	\N	\N	f	\N	altros	["Network"]	f	WO-I-126/07-2025
6b007739-c9ca-408e-bb60-5bedf3daa251	12a02d82-3ac6-43d1-bc32-31ffba99adcd	2025-09-23	2026-09-23	\N	2ffe9be6-0405-4323-a69b-9d64138e0133	\N	f	2025-07-17 11:09:27	2025-09-23 15:10:19	\N	\N	f	\N	personal	\N	f	WO-I-103/07-2025
040ba306-a208-4526-92f0-8a74d34707d2	4dd4f245-2c59-4c58-abee-438e0ccd8a7c	2025-07-07	2026-07-07	\N	8d130e3d-73aa-42a2-aff3-9e934f11924a	\N	f	2025-06-25 13:22:58	2025-07-07 10:48:21	\N	\N	f	\N	altros	["Cabling"]	f	WO-I-83/06-2025
91e50936-3be1-4712-bfeb-86f4562f3b7d	0a802cd6-dd7a-4c7c-9e51-f5b365ad15e5	2025-07-07	2026-07-07	installation finish	42bd76a0-f47f-4d74-a34f-1bd72cfba370	\N	t	2025-07-03 10:23:27	2025-07-07 10:04:55	\N	\N	f	\N	altros	["Cabling"]	f	WO-I-88/07-2025
de55d7d4-f053-4653-8387-3809c320c4da	3fc0cc7a-6a43-4370-8648-89fe3553b471	2025-07-18	2026-07-18	installation finish	42bd76a0-f47f-4d74-a34f-1bd72cfba370	\N	t	2025-07-15 11:19:01	2025-07-21 16:28:35	\N	\N	f	\N	altros	["Network"]	f	WO-I-99/07-2025
8b7ea8cc-ad3f-47e8-8f4b-d247752b7b1f	70fd280e-7593-47d8-8d21-2eb5be7c2388	2025-07-11	2025-07-11	Installation finish	42bd76a0-f47f-4d74-a34f-1bd72cfba370	\N	t	2025-07-11 20:14:55	2025-07-11 20:18:57	\N	\N	f	\N	altros	["Network"]	f	WO-I-96/07-2025
62959856-57be-4f78-ba8a-50df128e77c4	902d42f0-fad1-4ce0-8060-3811b2f5b9ca	2025-08-25	2026-08-25	\N	42bd76a0-f47f-4d74-a34f-1bd72cfba370	\N	f	2025-08-20 15:16:04	2025-08-25 16:23:04	\N	\N	f	\N	vendor	[{"name":"PT Mandiri Jaya Persada","id":"815218e3-a486-4ba1-9880-372994957fb8","engineer":{"id_vendor":"815218e3-a486-4ba1-9880-372994957fb8","first_name":"Bagaskara Mustafa","id":"ceae7734-f519-48b3-b563-736bfbde07dc"}}]	f	WO-I-154/08-2025
96899c1a-f2f6-4625-8fc7-47f8d87a0673	95a7d3a6-862e-43a3-abd3-2a14d5e12030	\N	\N	\N	ab4d4a2a-2a4c-4cee-9142-dc1f4e0d85b3	\N	f	2025-01-02 10:11:51	2025-01-02 10:11:51	\N	\N	f	\N	altros	\N	f	WO-I-1/01-2025
14323889-2beb-417e-972e-845913e7f848	500afc4b-a042-422b-acc4-41abc8234668	\N	\N	\N	5aa74c0f-7d6e-43a6-b361-3b7b5e41295b	\N	f	2025-01-06 16:22:02	2025-01-06 16:22:02	\N	\N	f	\N	altros	\N	f	WO-I-3/01-2025
ed6d79f5-c277-43ea-9c33-95722c926cea	93384542-ef06-498d-a8da-ffb1ec40e840	2025-07-31	2026-07-31	\N	8d130e3d-73aa-42a2-aff3-9e934f11924a	\N	f	2025-07-28 10:37:49	2025-07-31 15:32:24	\N	\N	f	\N	vendor	[{"name":"PT Abadi Mulia Pernata","id":"6ca25cad-7c42-4b66-96fa-18c9f49e0c22","engineer":{"id_vendor":"6ca25cad-7c42-4b66-96fa-18c9f49e0c22","first_name":"Viqtor Salosa","id":"667dc02f-22e2-464a-96a5-a98f57c7e7a4"}}]	f	WO-I-119/07-2025
ac82bc57-9a20-4cb6-bdf3-87ced86d0702	86719b52-121d-4e46-8a09-30b0ef978366	2025-07-31	2026-07-30	\N	8e8e951c-27b7-4c9b-aa04-8ab38f24af4d	\N	f	2025-07-29 10:56:09	2025-07-31 15:24:15	\N	cek	f	\N	vendor	[{"name":"PT Abadi Mulia Pernata","id":"6ca25cad-7c42-4b66-96fa-18c9f49e0c22","engineer":{"id_vendor":"6ca25cad-7c42-4b66-96fa-18c9f49e0c22","first_name":"Viqtor Salosa","id":"667dc02f-22e2-464a-96a5-a98f57c7e7a4"}}]	f	WO-I-123/07-2025
44eb4c80-36c9-45f3-8b82-813a14ee2681	4e0aec4c-df28-44cd-8705-d53ea6c4ed02	2025-08-01	2025-08-01	Installation finish	8e8e951c-27b7-4c9b-aa04-8ab38f24af4d	\N	t	2025-08-01 09:58:01	2025-08-01 10:46:20	\N	\N	f	\N	altros	["Network"]	f	WO-I-128/08-2025
9cc67a9f-0ba7-49a4-9f8e-8eb06dfbc430	c5e92277-7737-45d3-a0ce-918d0dad348f	\N	\N	\N	42bd76a0-f47f-4d74-a34f-1bd72cfba370	\N	f	2025-07-29 09:24:30	2025-07-31 15:27:18	\N	\N	f	\N	vendor	[{"name":"PT Yonix Utama","id":"e05cdccd-7e13-4ab0-9dd6-42879ee9533d","engineer":{"id_vendor":"e05cdccd-7e13-4ab0-9dd6-42879ee9533d","first_name":"Salsa bila","id":"c7f379c1-b9d8-42b0-ad7f-eef801218225"}}]	f	WO-I-122/07-2025
7ce66013-2351-4af0-b3af-0565ad1639c3	7b8cc361-9d63-4e3a-b38c-b049383d1780	2025-08-13	2026-08-13	Installation finish	f7b25d16-f21d-4ded-8926-1b16134bf80d	\N	t	2025-08-13 12:35:03	2025-08-13 13:07:18	\N	\N	f	\N	altros	["Network"]	f	WO-I-146/08-2025
f3f99767-9f17-457d-bf80-1cbee634d59c	bb79a487-6f52-4151-86fb-13341aacc09b	2025-07-31	2026-07-31	\N	03eeae77-d85d-4cab-8e58-978f0b1b6e6f	\N	f	2025-07-24 09:56:27	2025-07-31 15:29:50	\N	\N	f	\N	vendor	[{"name":"PT Abadi Mulia Pernata","id":"6ca25cad-7c42-4b66-96fa-18c9f49e0c22","engineer":{"id_vendor":"6ca25cad-7c42-4b66-96fa-18c9f49e0c22","first_name":"Viqtor Salosa","id":"667dc02f-22e2-464a-96a5-a98f57c7e7a4"}}]	f	WO-I-115/07-2025
7fe82d49-6cff-4dc8-ad34-ff69058baebf	3cdc8400-0293-45a6-a97d-d2d85555cccb	2025-05-17	2025-05-20	\N	03eeae77-d85d-4cab-8e58-978f0b1b6e6f	\N	f	2025-02-12 11:00:43	2025-08-20 11:14:04	\N	\N	f	\N	altros	["Cabling"]	f	WO-I-16/02-2025
68d5e3b6-3a11-4290-bca9-262ff45d6105	e9c5309a-d621-4d70-b3ce-98cdb2b3b928	\N	\N	\N	8e8e951c-27b7-4c9b-aa04-8ab38f24af4d	\N	f	2025-11-17 14:47:13	2025-12-23 15:39:03	\N	\N	t	\N	vendor	[{"name":"PT Mandiri Jaya Persada","id":"815218e3-a486-4ba1-9880-372994957fb8","engineer":{"id_vendor":"815218e3-a486-4ba1-9880-372994957fb8","first_name":"Bagaskara Mustafa","id":"ceae7734-f519-48b3-b563-736bfbde07dc"}}]	f	WO-I-198/11-2025
5b827a29-578c-4149-852f-cb3c5b267b4b	ac4e4c82-05da-48fd-a9de-309de52ef78f	2025-10-07	2026-10-07	\N	8d130e3d-73aa-42a2-aff3-9e934f11924a	\N	f	2025-10-02 10:46:51	2025-10-07 14:34:34	\N	\N	f	\N	altros	["Network"]	f	WO-I-168/10-2025
0c24c14f-f5ea-4900-b4ba-f9f018b52dbe	f6cc9ec8-fd2c-4a0a-a71e-b4be735c83ac	2025-10-21	2026-10-21	\N	42bd76a0-f47f-4d74-a34f-1bd72cfba370	\N	f	2025-07-17 10:15:44	2025-10-21 13:27:10	\N	\N	f	\N	altros	["Network"]	f	WO-I-102/07-2025
3e6eaf38-ec8c-4011-ba28-8f9356a21ef7	55c52a75-76cc-4af1-addd-d0b4de368bf1	2025-10-30	2026-10-30	\N	bfe6f165-4031-4f48-b1aa-2c9953a0b3d9	\N	f	2024-11-25 14:41:24	2025-10-30 14:46:51	\N	\N	f	\N	altros	["Network"]	f	WO-I-23/11-2024
81942108-267b-450f-9d4f-75ea3b69b1ce	c651af72-8cac-4aa7-8b27-df664612d59c	\N	\N	\N	2ffe9be6-0405-4323-a69b-9d64138e0133	\N	f	2025-10-31 16:15:12	2025-10-31 16:15:12	\N	\N	f	\N	altros	\N	f	WO-I-176/10-2025
dc7d780e-e47a-4d8a-b037-4ffdb5d85668	f1146a48-b01a-4657-be5a-0084806386c0	\N	\N	\N	f7b25d16-f21d-4ded-8926-1b16134bf80d	\N	f	2025-11-11 10:05:55	2025-11-11 10:05:55	\N	\N	f	\N	altros	\N	f	WO-I-190/11-2025
f7e0ca68-17b2-4b7d-b231-3b34ea784c90	9db9d613-6d9d-441c-b1f8-7c72443d26ac	2025-08-12	2026-08-12	\N	8e8e951c-27b7-4c9b-aa04-8ab38f24af4d	\N	f	2025-08-07 09:40:45	2025-08-12 13:55:07	\N	\N	f	\N	vendor	[{"name":"PT Mandiri Jaya Persada","id":"815218e3-a486-4ba1-9880-372994957fb8","engineer":{"id_vendor":"815218e3-a486-4ba1-9880-372994957fb8","first_name":"Bagaskara Mustafa","id":"ceae7734-f519-48b3-b563-736bfbde07dc"}}]	f	WO-I-138/08-2025
f55f0f18-0a17-4d03-b713-941295377603	cf0aba30-bc7e-4f3e-ae7e-bdac68a7609f	2025-01-30	2025-02-27	\N	ab4d4a2a-2a4c-4cee-9142-dc1f4e0d85b3	\N	f	2025-03-06 11:18:49	2025-03-17 15:00:42	\N	\N	t	\N	altros	["Cabling"]	f	WO-I-25/03-2025
4066d9fa-f389-4a06-983c-ef37a84acecd	b4135c23-41e7-48c5-959f-509ef3eeae47	\N	\N	\N	2ffe9be6-0405-4323-a69b-9d64138e0133	\N	f	2025-03-21 13:27:57	2025-03-21 13:27:57	\N	\N	f	\N	altros	\N	f	WO-I-28/03-2025
ae1110e6-522d-4b98-802b-95a82dd984f7	815cbeba-f4d9-421e-b9fa-cb36108a3682	2025-05-16	2025-05-16	Installation finish	f7b25d16-f21d-4ded-8926-1b16134bf80d	\N	t	2025-05-16 13:52:59	2025-05-16 14:03:04	\N	\N	f	\N	altros	["Cabling"]	f	WO-I-52/05-2025
cb37af1a-f4d6-4f10-84dd-e055438ac235	13db61ba-7b06-492f-97e5-015ac082f34b	\N	\N	\N	56f882ef-cf07-4a77-bd10-c567534693af	\N	f	2025-06-09 16:59:15	2025-06-09 16:59:15	\N	\N	f	\N	altros	\N	f	WO-I-77/06-2025
26ed6e79-6b2c-4980-b2a8-c800931a1510	2fcf7951-fe10-47fd-a335-0f2d37e4d09a	\N	\N	\N	ab4d4a2a-2a4c-4cee-9142-dc1f4e0d85b3	\N	f	2025-06-10 09:52:36	2025-06-10 09:52:36	\N	\N	f	\N	altros	\N	f	WO-I-78/06-2025
735ae605-29d2-4106-aa01-cf3cd1520c33	be25afc3-5a2b-45bd-847f-7a9875585e91	2025-05-05	2026-05-05	installation finish	03eeae77-d85d-4cab-8e58-978f0b1b6e6f	\N	t	2025-05-05 15:22:16	2025-06-10 10:27:44	\N	\N	f	\N	altros	["Network"]	f	WO-I-39/05-2025
e37fe671-dd0b-4ee9-b9ce-1be431902291	2ef08c1a-ab69-4fed-8013-86d8c5b5b0bb	2025-03-13	2026-03-13	installation finish	03eeae77-d85d-4cab-8e58-978f0b1b6e6f	\N	t	2025-03-11 14:38:54	2025-06-10 10:29:50	\N	\N	f	\N	altros	["Cabling","Network"]	f	WO-I-27/03-2025
5ae88a1f-ce10-4d52-8bac-5809aab5fdba	46f2f9e8-3d0e-4636-be46-f38e3aa8b68e	2025-07-07	2025-07-07	Installation finish	8e8e951c-27b7-4c9b-aa04-8ab38f24af4d	\N	t	2025-06-26 09:31:38	2025-07-07 10:30:38	\N	\N	f	\N	altros	["Network"]	f	WO-I-84/06-2025
a74d92d1-4ebe-4d88-b058-d70c44d7706e	2fab7b7f-3f62-4c8c-9aa7-e65df4cef2de	2025-06-10	2025-06-10	Installation finish	08c3a9a4-19a9-4e7d-bd48-c155c2c4dcd2	\N	t	2025-06-03 14:51:20	2025-06-10 10:31:15	\N	\N	f	\N	altros	["Network"]	f	WO-I-71/06-2025
b20de584-a5ec-4d8a-9f94-4ff1105bba4f	7accef0f-c7b5-43bb-8732-5ec63453b785	2025-07-15	2025-07-15	Installation finish	f7b25d16-f21d-4ded-8926-1b16134bf80d	\N	t	2025-07-15 09:48:19	2025-07-15 09:57:13	\N	\N	f	\N	altros	["Cabling"]	f	WO-I-97/07-2025
d54ada23-4e85-405e-8e15-7f495f393fdd	7c382589-6296-4a5e-9aff-a4a2d6b29149	2025-06-17	2025-06-17	Installation finish	8e8e951c-27b7-4c9b-aa04-8ab38f24af4d	\N	t	2025-06-16 09:38:53	2025-06-17 13:50:12	\N	\N	f	\N	altros	["Network"]	f	WO-I-81/06-2025
23ac2a1c-a2eb-4225-a679-19e985b06d50	93cdfee8-046c-477a-ac0f-6fab442c8d22	2025-07-07	2026-07-07	\N	8fd3a110-cf4a-47ce-9444-5feef439b822	\N	f	2025-06-13 14:30:27	2025-07-07 10:35:16	\N	\N	f	\N	personal	\N	f	WO-I-80/06-2025
c5fa371b-c0ea-4a3a-ad7d-63ae4a9c2a86	cd2989e0-7006-4066-93ff-6bbceb82280c	2025-09-18	2026-09-18	\N	08c3a9a4-19a9-4e7d-bd48-c155c2c4dcd2	\N	f	2025-09-08 09:39:59	2025-09-18 10:41:46	\N	\N	f	\N	altros	["Network"]	f	WO-I-158/09-2025
fdcede91-ad5e-4d6b-9cf9-c8b00daf4635	83664642-a2e3-4d30-b005-13f24b9de07f	2025-10-21	2026-10-21	\N	42bd76a0-f47f-4d74-a34f-1bd72cfba370	\N	f	2025-06-11 10:32:45	2025-10-21 13:27:57	\N	\N	f	\N	altros	["Network"]	f	WO-I-79/06-2025
c3ef45e6-190b-4f6c-b7fc-6e23fd07c7ac	baf63ae3-0274-42bb-8ae6-97c4cfd01852	2025-07-31	2026-07-31	\N	72216281-c19f-49dc-a1ee-5ee53339a816	\N	f	2025-07-25 10:14:45	2025-08-05 15:40:05	2025-08-05 15:40:05	\N	f	\N	vendor	[{"name":"PT Yonix Utama","id":"e05cdccd-7e13-4ab0-9dd6-42879ee9533d","engineer":{"id_vendor":"e05cdccd-7e13-4ab0-9dd6-42879ee9533d","first_name":"Salsa bila","id":"c7f379c1-b9d8-42b0-ad7f-eef801218225"}}]	f	WO-I-121/07-2025
cf5e61fe-eca0-423f-a730-1418e78e143a	afc43c4a-1e11-41e4-a844-3088b7c3f5a1	2025-10-21	2026-10-21	\N	f7b25d16-f21d-4ded-8926-1b16134bf80d	\N	f	2025-06-05 14:07:16	2025-10-21 13:37:37	\N	\N	f	\N	altros	["Cabling"]	f	WO-I-74/06-2025
2d212d3d-dbc1-4f6d-853d-293aea6f4ac1	6c478a8e-68c7-4676-a889-d25d81e11238	\N	\N	\N	5aa74c0f-7d6e-43a6-b361-3b7b5e41295b	\N	f	2025-06-09 09:42:19	2025-10-21 13:45:58	\N	\N	f	\N	altros	["Cabling"]	f	WO-I-75/06-2025
b6b234aa-7daa-4728-a27d-2bbf98e39760	85d9de72-1f62-4365-99a3-46f27c6b0691	2025-10-21	2026-10-21	\N	2ffe9be6-0405-4323-a69b-9d64138e0133	\N	f	2025-05-09 16:21:08	2025-10-21 14:32:18	\N	\N	f	\N	altros	["Cabling"]	f	WO-I-43/05-2025
74e1cd2f-edc1-4711-ac85-ea9686ac887d	1dd284bc-7d2f-4700-a1f4-577f72380fee	\N	\N	\N	ae7049e8-f689-4b39-9ee8-9cfe6a79f7a5	\N	f	2025-10-31 16:22:41	2025-10-31 16:22:41	\N	\N	f	\N	altros	\N	f	WO-I-177/10-2025
d746eeba-3a2a-42b9-9fc3-57ebec7cab50	68d0c196-a1ef-4c18-b7c4-82694b88abe4	\N	\N	\N	ab4d4a2a-2a4c-4cee-9142-dc1f4e0d85b3	\N	f	2025-11-11 10:29:44	2025-11-11 10:29:44	\N	\N	f	\N	altros	\N	f	WO-I-191/11-2025
b8f1b177-6be5-4775-80ff-b98e0a64d4b9	baf717e1-625a-48a8-a570-1f80e52e6dae	2026-01-23	2026-01-30	\N	8fd3a110-cf4a-47ce-9444-5feef439b822	\N	f	2025-07-18 16:13:27	2026-01-23 14:51:35	\N	\N	f	\N	altros	["Network"]	f	WO-I-106/07-2025
788bfa23-497e-4cef-aa28-1d49df7dfbe2	3ac34d24-8578-4e36-93cb-c3f0f336210a	2025-06-17	2025-09-30	\N	42bd76a0-f47f-4d74-a34f-1bd72cfba370	\N	f	2025-06-09 10:44:33	2025-06-17 13:52:21	\N	\N	f	\N	altros	["Cabling"]	f	WO-I-76/06-2025
bdd63335-f58a-495b-a60e-873bac26a946	755cf5b8-c83c-49ce-a9bf-4797d9971c34	2025-07-02	2026-07-02	installation finish	f7b25d16-f21d-4ded-8926-1b16134bf80d	\N	t	2025-06-17 10:15:51	2025-07-07 10:36:48	\N	\N	f	\N	altros	["Network"]	f	WO-I-82/06-2025
828e52cd-550b-4626-ba09-02472fc6d166	e8a27daf-1c89-47b4-9cda-b51d580682c4	2025-07-07	2025-07-07	Installation finish	42bd76a0-f47f-4d74-a34f-1bd72cfba370	\N	t	2025-07-03 10:43:39	2025-07-07 09:47:35	\N	\N	f	\N	altros	["Network"]	f	WO-I-89/07-2025
4e65da2c-5a43-4208-b35d-86c340ebb55c	0eb750f5-9cf2-4b9a-8f4c-adb172cc9840	\N	\N	\N	03eeae77-d85d-4cab-8e58-978f0b1b6e6f	\N	f	2025-08-05 12:48:23	2025-09-23 16:50:08	\N	\N	f	\N	altros	["Network"]	f	WO-I-134/08-2025
3a38ae30-6ce1-4c92-9e3f-429fdbb93536	67bbe7ac-4b85-46f5-9e9b-bbbae0c6cd31	\N	\N	\N	8ad25947-0f5a-4834-ab87-939cde63253a	\N	f	2025-07-07 15:39:06	2025-09-25 15:34:06	\N	\N	f	\N	altros	["Network"]	f	WO-I-90/07-2025
73c8ce2c-7b0f-472f-9ba4-69dbd3b813ee	3e2fe399-de6b-40df-afeb-3d2ddb28c6fb	\N	\N	\N	42bd76a0-f47f-4d74-a34f-1bd72cfba370	\N	f	2025-08-20 15:02:36	2025-10-09 14:09:33	2025-10-09 14:09:33	\N	f	\N	altros	["Network"]	f	WO-I-152/08-2025
b3caa52e-d1d8-4362-bb46-06907b6829e7	6ce8b8f4-d8b6-4bcd-bfb6-acc77728d295	2025-05-14	2025-05-15	\N	03eeae77-d85d-4cab-8e58-978f0b1b6e6f	\N	f	2025-05-14 10:39:23	2025-10-21 13:35:27	2025-10-21 13:35:27	\N	f	\N	altros	["Network"]	f	WO-I-45/05-2025
78bba702-7a2a-4168-8c38-b3d3edb89fe9	fafad323-21c0-4670-8a2d-e23cc74b85ce	2025-09-23	2026-09-23	\N	42bd76a0-f47f-4d74-a34f-1bd72cfba370	\N	f	2025-08-20 15:11:45	2025-10-21 14:11:12	\N	\N	f	\N	altros	["Network","Cabling"]	f	WO-I-153/08-2025
0c801d91-9982-4f5b-9b04-7b33015eaa28	d8f7859b-b4f8-4bb9-9982-cb6eef7410eb	2025-09-18	2026-09-18	\N	2ffe9be6-0405-4323-a69b-9d64138e0133	\N	f	2025-09-16 10:09:19	2025-09-18 10:04:04	\N	\N	f	\N	altros	["Network"]	f	WO-I-160/09-2025
0b2bcb0d-5223-46d5-8a59-2677bdbf6006	774ee813-7891-42d3-b278-eb03f7adbb40	\N	\N	\N	aedd0e94-8089-479c-ad87-c38fa3d16bf4	\N	f	2025-10-31 16:28:04	2025-10-31 16:28:04	\N	\N	f	\N	altros	\N	f	WO-I-178/10-2025
61696572-29e0-46b2-a5f5-0bf76442c32e	9c801fd9-7e6d-41a9-bf4e-7534c27e1e90	2025-09-18	2026-09-18	\N	8d130e3d-73aa-42a2-aff3-9e934f11924a	\N	f	2025-09-04 14:23:46	2025-09-18 10:04:32	\N	\N	f	\N	altros	["Network"]	f	WO-I-157/09-2025
434a70fb-1db4-4666-bf7a-34aa967f3674	a4d9f739-d9ca-4a5c-b30b-7b496186d143	\N	\N	\N	e579c274-da8e-4011-9f0d-ef4b3cc26004	\N	f	2025-11-11 15:33:22	2025-11-11 15:33:22	\N	\N	f	\N	altros	\N	f	WO-I-192/11-2025
df3df464-e6b9-4196-ae0a-a2da0e9b946f	149e8587-b91b-43fb-970b-2ffd5205fcbe	2025-09-18	2026-09-18	\N	8e8e951c-27b7-4c9b-aa04-8ab38f24af4d	\N	f	2025-09-08 11:32:23	2025-09-18 12:23:39	\N	\N	f	\N	altros	["Network"]	f	WO-I-159/09-2025
6c54dd63-1961-4bbe-a197-df0f527a1b03	e60dc9e4-0b5f-4c74-b194-7f9acf5a1c7c	2025-09-02	2026-09-02	installation finish	8e8e951c-27b7-4c9b-aa04-8ab38f24af4d	\N	t	2025-09-01 08:34:29	2025-09-23 15:03:30	\N	cek	f	\N	altros	["Network"]	f	WO-I-155/09-2025
176a653a-1d7f-4aee-8f36-57993b5499f0	b37e09bd-fc8f-479a-b74e-7cee9d951e05	2025-07-31	2026-07-31	\N	2ffe9be6-0405-4323-a69b-9d64138e0133	\N	f	2025-07-31 11:52:07	2025-07-31 15:22:47	\N	\N	f	\N	vendor	[{"name":"PT Mandiri Jaya Persada","id":"815218e3-a486-4ba1-9880-372994957fb8","engineer":{"id_vendor":"815218e3-a486-4ba1-9880-372994957fb8","first_name":"Bagaskara Mustafa","id":"ceae7734-f519-48b3-b563-736bfbde07dc"}}]	f	WO-I-127/07-2025
73b10765-857e-4f63-b200-b25af2f7cf1e	e5be68a6-fb4e-48a6-9253-a322cc1c1d6d	2025-08-12	2026-08-12	\N	5aa74c0f-7d6e-43a6-b361-3b7b5e41295b	\N	f	2025-08-11 11:17:03	2025-08-12 13:48:26	\N	\N	f	\N	vendor	[{"name":"PT Yonix Utama","id":"e05cdccd-7e13-4ab0-9dd6-42879ee9533d","engineer":{"id_vendor":"e05cdccd-7e13-4ab0-9dd6-42879ee9533d","first_name":"Salsa bila","id":"c7f379c1-b9d8-42b0-ad7f-eef801218225"}}]	f	WO-I-139/08-2025
8ef575e8-fa79-494b-9562-eeab4311d128	54fb2126-0393-4072-bd51-527730c5e271	2025-08-15	2025-08-15	Installation finish	ab4d4a2a-2a4c-4cee-9142-dc1f4e0d85b3	\N	t	2025-08-13 14:41:21	2025-08-15 10:29:03	\N	\N	f	\N	altros	["Network"]	f	WO-I-147/08-2025
5656a4da-40b8-453c-820f-dc55fa355077	8c072a61-e46f-492b-b857-00531ec812ec	2025-08-15	2025-08-15	Installation finish	8e8e951c-27b7-4c9b-aa04-8ab38f24af4d	\N	t	2025-08-12 11:47:11	2025-08-15 17:04:39	\N	\N	f	\N	altros	["Cabling"]	f	WO-I-143/08-2025
3e4bd90d-dcf5-4789-8279-c00fb299007d	fceab9b8-67d0-4907-bf36-048c6508339f	2025-07-31	2026-07-31	\N	03eeae77-d85d-4cab-8e58-978f0b1b6e6f	\N	f	2025-07-30 10:08:34	2025-07-31 15:21:49	\N	\N	f	\N	vendor	[{"name":"PT Mandiri Jaya Persada","id":"815218e3-a486-4ba1-9880-372994957fb8","engineer":{"id_vendor":"815218e3-a486-4ba1-9880-372994957fb8","first_name":"Bagaskara Mustafa","id":"ceae7734-f519-48b3-b563-736bfbde07dc"}}]	f	WO-I-124/07-2025
6f48bca6-8593-43e1-bbdb-17ebcb302f11	e1a30b95-2198-4450-b1fb-0875a9b30c21	2025-08-25	2026-08-24	\N	8e8e951c-27b7-4c9b-aa04-8ab38f24af4d	\N	f	2025-08-20 11:46:55	2025-08-25 09:48:16	\N	\N	f	\N	altros	["Network"]	f	WO-I-149/08-2025
c38296cd-d714-4c2d-8feb-061bc73643d6	f537f425-4a2e-4cee-86bb-b35e4301fe1a	2025-03-06	2025-05-05	Installation finish	03eeae77-d85d-4cab-8e58-978f0b1b6e6f	\N	t	2025-03-03 10:01:56	2025-05-05 15:08:48	\N	lorem ipsumm lorem ipsumm lorem ipsumm lorem ipsumm	f	\N	altros	["Network"]	f	WO-I-22/03-2025
e7a5e894-52c9-4352-beb3-34c62f1a314e	dbfe585e-2aa7-49fa-8c01-7d9014c25a9a	2025-04-17	2026-04-17	\N	56f882ef-cf07-4a77-bd10-c567534693af	\N	f	2025-04-16 15:39:45	2025-04-17 10:28:02	\N	\N	f	\N	personal	\N	f	WO-I-31/04-2025
a84f3ea3-c128-42aa-b289-93d813a5dc07	67773d66-16cc-415e-ad85-b8407a632b04	\N	\N	\N	8e8e951c-27b7-4c9b-aa04-8ab38f24af4d	\N	f	2025-04-21 09:59:49	2025-04-21 09:59:49	\N	\N	f	\N	altros	\N	f	WO-I-33/04-2025
ae2f64a4-85aa-42a8-add7-ff4c0e62a582	999d53a8-6a95-4a85-a669-e79d389f4a21	\N	\N	\N	72216281-c19f-49dc-a1ee-5ee53339a816	\N	f	2025-04-22 13:26:09	2025-04-22 13:26:09	\N	\N	f	\N	altros	\N	f	WO-I-34/04-2025
24a8b573-691e-4f78-80b8-29fee1edb93e	f0ec5907-c5d1-4523-aa15-43733fe62956	2025-05-05	2025-05-05	Installation finish	f7b25d16-f21d-4ded-8926-1b16134bf80d	\N	t	2025-04-24 10:08:10	2025-05-05 15:10:28	\N	\N	f	\N	altros	["Network"]	f	WO-I-35/04-2025
21cf781a-74ef-446f-9799-2268bee66bc9	f4c7c321-c89b-4dc3-82f4-da5068777e31	2025-05-05	2026-05-05	\N	5aa74c0f-7d6e-43a6-b361-3b7b5e41295b	\N	f	2025-04-24 14:29:39	2025-05-05 15:13:04	\N	\N	f	\N	altros	["Cabling"]	f	WO-I-37/04-2025
be8966d0-cb18-4d61-87f7-2b27c999c15c	b00a91bd-4d03-4af6-86d6-b9f0ed4fd427	\N	\N	\N	08c3a9a4-19a9-4e7d-bd48-c155c2c4dcd2	\N	f	2025-01-24 13:40:50	2025-01-24 13:40:50	\N	\N	f	\N	altros	\N	f	WO-I-6/01-2025
7eae4555-8152-4e2c-8f71-3de597b3a004	0c87da39-0cba-4dfa-8e40-cc10ac735b20	\N	\N	\N	8ad25947-0f5a-4834-ab87-939cde63253a	\N	f	2025-07-18 15:26:06	2025-10-21 13:43:16	\N	\N	f	\N	altros	["Cabling"]	f	WO-I-105/07-2025
34a25e47-f5cd-4474-b438-dc92d5123dc5	9b0239e2-609f-4a36-853f-2cc7977cb02d	\N	\N	\N	8e8e951c-27b7-4c9b-aa04-8ab38f24af4d	\N	f	2025-07-18 13:37:34	2025-10-21 13:44:16	\N	\N	f	\N	altros	["Network","Cabling"]	f	WO-I-104/07-2025
f779040e-e1bc-472e-ab5b-2bf0842d3bc3	5b51bb6b-a196-4f0b-8030-7a0a047f1576	\N	\N	\N	03eeae77-d85d-4cab-8e58-978f0b1b6e6f	\N	f	2025-07-24 10:14:22	2025-09-18 08:39:26	2025-09-18 08:39:26	\N	f	\N	altros	\N	f	WO-I-116/07-2025
43ab7d9c-ef94-4af7-b5ba-40c0915211a2	64c91300-9db8-441d-98c7-e0dcb829cc76	\N	\N	\N	8ad25947-0f5a-4834-ab87-939cde63253a	\N	f	2025-07-22 09:23:20	2025-09-24 08:04:33	\N	\N	f	\N	altros	["Network"]	f	WO-I-111/07-2025
262a0c32-d278-4804-a590-9ad0bf4c948a	c8208160-4bb4-46e3-b4c0-f0487a7ae1ad	2025-09-18	2026-09-18	\N	2ffe9be6-0405-4323-a69b-9d64138e0133	\N	f	2025-09-16 14:09:39	2025-09-22 09:47:10	\N	\N	f	\N	altros	["Network"]	f	WO-I-161/09-2025
4dcf3bd6-fcff-4e8a-b7db-6c6761288661	3d21b4b7-1a23-4b84-9a80-dff015c0d9f2	2025-11-03	2025-12-22	Installation finish	8e8e951c-27b7-4c9b-aa04-8ab38f24af4d	\N	t	2025-11-03 08:28:06	2025-12-22 15:51:04	\N	\N	f	\N	altros	["Network"]	f	WO-I-179/11-2025
024a4bd1-6345-47f4-99f3-59162b38bb71	c0448afa-db88-4301-95de-af49ae38c4af	2025-09-23	2026-09-24	\N	8ad25947-0f5a-4834-ab87-939cde63253a	\N	f	2025-07-23 10:41:10	2025-09-23 15:08:25	\N	\N	f	\N	personal	\N	f	WO-I-113/07-2025
c2dfdef9-9c06-4745-a9cb-f05faad96a58	e010a3c0-b358-4f17-97e7-85e8ce65f5f7	\N	\N	\N	8fd3a110-cf4a-47ce-9444-5feef439b822	\N	f	2025-07-15 15:39:34	2025-09-29 14:13:08	\N	\N	t	\N	personal	\N	f	WO-I-101/07-2025
c44c5575-440a-43eb-8d74-d08f660e773d	2d6dca7b-f663-4e84-b6f1-5c11acda2060	2025-05-14	2025-10-10	Installation finish	8e8e951c-27b7-4c9b-aa04-8ab38f24af4d	\N	t	2025-05-14 09:51:49	2025-10-10 09:44:15	\N	\N	f	\N	altros	["Cabling"]	f	WO-I-44/05-2025
a72a08e1-8c88-4533-b21a-aeb867c60efe	9bd39d21-8fbd-45f2-9b83-08d1261590cd	2025-08-12	2026-08-12	\N	8d130e3d-73aa-42a2-aff3-9e934f11924a	\N	f	2025-08-05 14:51:06	2025-08-12 13:50:03	\N	\N	f	\N	vendor	[{"name":"PT Mandiri Jaya Persada","id":"815218e3-a486-4ba1-9880-372994957fb8","engineer":{"id_vendor":"815218e3-a486-4ba1-9880-372994957fb8","first_name":"Bagaskara Mustafa","id":"ceae7734-f519-48b3-b563-736bfbde07dc"}}]	f	WO-I-135/08-2025
5e6c17ae-d921-409b-9910-175382274eeb	88c57b52-1aab-4654-843d-1c616124b6a7	2025-07-22	2025-07-22	Installation finish	f7b25d16-f21d-4ded-8926-1b16134bf80d	\N	t	2025-07-22 14:46:12	2025-07-22 14:57:47	\N	\N	f	\N	altros	["Network"]	f	WO-I-112/07-2025
b0adc339-77e4-4cd0-ad00-36ad82665606	407f95ad-e1e6-4409-b7e9-dba0ffb1bde5	2025-05-23	2026-05-23	\N	8fd3a110-cf4a-47ce-9444-5feef439b822	\N	f	2025-05-22 13:48:39	2025-05-22 13:51:33	\N	\N	f	\N	altros	["Cabling"]	f	WO-I-58/05-2025
f145893b-d156-4238-9879-9b99bc8ca77f	f0e6835c-b90d-41ab-b62d-bbc40695f01d	2025-04-11	2026-04-11	\N	8e8e951c-27b7-4c9b-aa04-8ab38f24af4d	\N	f	2025-04-08 09:53:16	2025-04-11 14:01:59	\N	\N	f	\N	altros	["Network"]	f	WO-I-29/04-2025
d66c51b2-9b43-4f4f-86a4-38986b16fb11	75bbafbc-0321-4342-9876-845a0185f8b3	2025-05-05	2025-05-14	Installation finish	03eeae77-d85d-4cab-8e58-978f0b1b6e6f	\N	t	2025-05-05 11:50:38	2025-05-14 10:31:55	\N	\N	f	\N	altros	["Network"]	f	WO-I-38/05-2025
04508235-713f-40d0-92c2-9104d3f09ad4	f186b3ff-dc18-4d80-bd8d-777c7801b599	2025-04-11	2026-04-11	\N	ab4d4a2a-2a4c-4cee-9142-dc1f4e0d85b3	\N	f	2025-03-03 09:49:06	2025-04-11 14:03:36	\N	tes	t	\N	vendor	[{"name":"PT Abadi Mulia","id":"6ca25cad-7c42-4b66-96fa-18c9f49e0c22","engineer":{"id_vendor":"6ca25cad-7c42-4b66-96fa-18c9f49e0c22","first_name":"Iqbal ","id":"667dc02f-22e2-464a-96a5-a98f57c7e7a4"}}]	f	WO-I-21/03-2025
cf16d55b-30c3-4367-9108-1d4f1d020f39	e2a4ba84-d149-4881-a022-f516594a74eb	2025-05-16	2025-05-16	Installation finish	8e8e951c-27b7-4c9b-aa04-8ab38f24af4d	\N	t	2025-05-16 14:05:09	2025-05-16 14:10:48	\N	\N	f	\N	altros	["Cabling"]	f	WO-I-53/05-2025
486066bf-af98-49e6-92cd-c8a74a5f0601	4b62f3d5-29d8-4d9b-93a7-98fdf697acf8	2025-04-14	2025-04-14	Installation finish	f7b25d16-f21d-4ded-8926-1b16134bf80d	\N	t	2025-04-14 09:19:55	2025-04-14 09:39:37	\N	\N	f	\N	altros	["Cabling"]	f	WO-I-30/04-2025
4b42e094-8c8c-4180-93cd-3061798f99fb	b2e0717d-a3c5-47d0-ae93-190e0cd0c6fa	\N	\N	\N	8ad25947-0f5a-4834-ab87-939cde63253a	\N	f	2025-02-25 10:50:32	2025-04-16 13:45:31	\N	\N	t	\N	personal	\N	f	WO-I-19/02-2025
1542627c-d6bf-4a09-8eed-e4ce7e4fdcbc	d2733611-5687-49cd-88fe-92d1e44ea00f	2025-08-07	2026-08-07	\N	8d130e3d-73aa-42a2-aff3-9e934f11924a	\N	f	2025-08-05 16:59:53	2025-08-07 15:36:44	\N	cek	f	\N	altros	["Network"]	f	WO-I-137/08-2025
c1589f3a-d9c8-4af5-bd1c-0a6865b1e4a6	18920b7c-2587-4426-9726-caf20c649056	2025-08-13	2025-08-13	Installation finish	8ad25947-0f5a-4834-ab87-939cde63253a	\N	t	2025-08-13 11:43:28	2025-08-13 12:12:48	\N	\N	f	\N	altros	["Cabling"]	f	WO-I-145/08-2025
d86e2ccd-4fc8-410a-9d43-8b01f3a63a08	1f96804c-3d88-425f-b2c6-9443f991bf36	2025-08-13	2026-08-13	\N	ab4d4a2a-2a4c-4cee-9142-dc1f4e0d85b3	\N	f	2025-08-12 10:44:58	2025-08-13 13:43:41	\N	\N	f	\N	vendor	[{"name":"PT Mandiri Jaya Persada","id":"815218e3-a486-4ba1-9880-372994957fb8","engineer":{"id_vendor":"815218e3-a486-4ba1-9880-372994957fb8","first_name":"Bagaskara Mustafa","id":"ceae7734-f519-48b3-b563-736bfbde07dc"}}]	f	WO-I-141/08-2025
a9cbc8d8-c114-42cf-bca1-1a827feb59b3	7717b90e-1267-4ceb-9cd4-642f87b351b4	2025-02-11	2025-02-27	Installation finish	72216281-c19f-49dc-a1ee-5ee53339a816	\N	f	2025-02-10 13:43:52	2025-08-20 11:13:48	\N	cek	f	\N	altros	["Cabling"]	f	WO-I-14/02-2025
\.


--
-- Data for Name: installation_assignee; Type: TABLE DATA; Schema: public; Owner: -
--

COPY public.installation_assignee (id, id_installation, id_assignee, created_by, updated_by, created_at, updated_at, deleted_at, is_pic, is_pm) FROM stdin;
68765925-8c09-4153-ba43-75ea71185924	038bfd73-520d-4581-94e0-16174ec43317	05db621f-1cef-40b3-b113-091af477ac56	08c3a9a4-19a9-4e7d-bd48-c155c2c4dcd2	\N	2024-10-24 14:47:39	2024-10-24 14:47:39	\N	f	f
c92adb2c-270d-426a-beb1-f2e1732f2b49	516ab81f-0d10-4c88-977f-ce51528243d3	eeac703a-6d23-406b-bb47-9843353fda32	825dc883-1827-489a-8ad3-f136f559a520	\N	2024-11-07 09:19:52	2024-11-07 09:19:52	\N	f	f
a3995a45-18e2-4f63-9321-06ea2e4fafeb	3123ca35-cce5-4deb-a1c0-4c29ab5e1d69	5a50aa81-68fe-4ffa-8381-a848f1859343	825dc883-1827-489a-8ad3-f136f559a520	\N	2024-11-07 09:35:13	2024-11-07 09:35:13	\N	f	f
b1f9dfab-8660-4781-b69b-b957ab863703	d070fb35-209f-4b5e-ab91-d5820b6aad23	5a50aa81-68fe-4ffa-8381-a848f1859343	825dc883-1827-489a-8ad3-f136f559a520	\N	2024-11-07 09:37:45	2024-11-07 09:37:45	\N	f	f
485d9f2d-81ee-4860-9ed9-a77ef202b56a	f0febede-ba4a-48a8-8678-e0322dd91b1c	eeac703a-6d23-406b-bb47-9843353fda32	825dc883-1827-489a-8ad3-f136f559a520	\N	2024-11-13 10:14:21	2024-11-13 10:14:21	\N	f	f
31167b28-eed5-47e5-9db2-c1ef4cec8fa2	7dd6ef88-a8b5-4763-81e7-d1a74ced34fd	05db621f-1cef-40b3-b113-091af477ac56	08c3a9a4-19a9-4e7d-bd48-c155c2c4dcd2	\N	2024-12-10 16:23:46	2024-12-10 16:23:46	\N	f	f
264b860c-970b-4bd1-bf2e-f89323f927bc	abdead0c-f0aa-438b-8bcc-51e5ed412e40	05db621f-1cef-40b3-b113-091af477ac56	08c3a9a4-19a9-4e7d-bd48-c155c2c4dcd2	\N	2024-12-12 14:29:24	2024-12-12 14:30:04	2024-12-12 14:30:04	f	f
df315785-2466-4bc5-be09-f1c60cd9e476	abdead0c-f0aa-438b-8bcc-51e5ed412e40	05db621f-1cef-40b3-b113-091af477ac56	08c3a9a4-19a9-4e7d-bd48-c155c2c4dcd2	\N	2024-12-12 14:30:04	2024-12-12 14:30:04	\N	f	f
c8827df5-0445-4ac4-b910-036499515fec	27420930-a65c-4ac3-97d9-e114db6652e5	eeac703a-6d23-406b-bb47-9843353fda32	08c3a9a4-19a9-4e7d-bd48-c155c2c4dcd2	\N	2024-12-12 14:37:29	2024-12-12 14:37:29	\N	f	f
f71cccbc-ec8b-4bd4-9fc3-bffc91375746	7442c9b0-a611-4e51-b1de-cbb3b12f4f44	05db621f-1cef-40b3-b113-091af477ac56	08c3a9a4-19a9-4e7d-bd48-c155c2c4dcd2	\N	2024-12-12 15:13:16	2024-12-12 15:13:16	\N	f	f
e4217649-b7cf-492f-8bc8-9b47681424ce	2e48c0c1-a6ac-40ad-babe-fdf28e75e246	05db621f-1cef-40b3-b113-091af477ac56	08c3a9a4-19a9-4e7d-bd48-c155c2c4dcd2	\N	2024-12-12 15:27:33	2024-12-12 15:27:33	\N	f	f
058a1ae7-b812-4eca-adb3-33ccf4c289f7	c9df1319-f66b-44c6-94c7-5bfb28692785	5a50aa81-68fe-4ffa-8381-a848f1859343	825dc883-1827-489a-8ad3-f136f559a520	\N	2024-12-12 15:59:04	2024-12-12 15:59:04	\N	f	f
12623025-8db4-4593-9ee2-e22c01509fab	22ff1c68-b859-4e0a-86c0-4242f5ac7c52	5a50aa81-68fe-4ffa-8381-a848f1859343	08c3a9a4-19a9-4e7d-bd48-c155c2c4dcd2	\N	2024-12-12 16:03:54	2024-12-12 16:03:54	\N	f	f
86eedf79-0e06-46fe-a118-f13df0649edf	53c1d7d6-1d31-4646-b6de-2d44b9a7589f	05db621f-1cef-40b3-b113-091af477ac56	825dc883-1827-489a-8ad3-f136f559a520	\N	2024-12-12 15:03:19	2024-12-12 16:05:33	2024-12-12 16:05:33	f	f
97076806-7cac-4241-aeb7-9d19d9143a25	53c1d7d6-1d31-4646-b6de-2d44b9a7589f	5a50aa81-68fe-4ffa-8381-a848f1859343	08c3a9a4-19a9-4e7d-bd48-c155c2c4dcd2	\N	2024-12-12 16:05:33	2024-12-12 16:05:33	\N	f	f
5d40278a-7d7e-4f36-8ef1-24e2eda904cd	ff67cc6e-83ca-4dc4-9628-5d453a090059	05db621f-1cef-40b3-b113-091af477ac56	825dc883-1827-489a-8ad3-f136f559a520	\N	2024-12-16 16:07:59	2024-12-16 16:07:59	\N	f	f
5fe4183f-139a-4b97-866b-2e055c7ae45c	ba33a132-a635-4ad8-9e77-b4fa3b67ca01	05db621f-1cef-40b3-b113-091af477ac56	08c3a9a4-19a9-4e7d-bd48-c155c2c4dcd2	\N	2024-10-24 14:44:11	2025-01-21 11:13:12	2025-01-21 11:13:12	f	f
0fe6a051-0493-4412-a3ab-8b24c91efa90	a9cbc8d8-c114-42cf-bca1-1a827feb59b3	05db621f-1cef-40b3-b113-091af477ac56	08c3a9a4-19a9-4e7d-bd48-c155c2c4dcd2	\N	2025-02-11 10:52:25	2025-02-11 10:52:58	2025-02-11 10:52:58	f	f
3284b1a2-7eea-4ce7-92bc-e7241f6ffe09	a9cbc8d8-c114-42cf-bca1-1a827feb59b3	18a0f2ab-7c09-46ab-a51c-eb3c18f17e5e	08c3a9a4-19a9-4e7d-bd48-c155c2c4dcd2	\N	2025-02-11 10:52:58	2025-02-11 10:53:11	2025-02-11 10:53:11	f	f
cb487891-e4d0-4ebd-bd9a-c48307f5b870	a9cbc8d8-c114-42cf-bca1-1a827feb59b3	18a0f2ab-7c09-46ab-a51c-eb3c18f17e5e	08c3a9a4-19a9-4e7d-bd48-c155c2c4dcd2	\N	2025-02-11 10:53:11	2025-02-11 10:53:11	\N	f	f
6fd342ff-f2fa-45e7-9226-30e39cadb57b	dc923e66-031f-459b-a87d-d9cec12fc650	05db621f-1cef-40b3-b113-091af477ac56	08c3a9a4-19a9-4e7d-bd48-c155c2c4dcd2	\N	2025-02-27 09:20:50	2025-02-27 09:20:50	\N	f	f
f6ebecfd-7377-4e33-bba0-3c86a245580f	e37fe671-dd0b-4ee9-b9ce-1be431902291	18a0f2ab-7c09-46ab-a51c-eb3c18f17e5e	825dc883-1827-489a-8ad3-f136f559a520	\N	2025-03-13 11:38:43	2025-03-13 11:39:37	2025-03-13 11:39:37	f	f
61a104f6-cdd2-4ce9-a930-5d4562192222	b6299e07-6714-4005-9e55-bd45f84a7784	8b9de9f5-9edc-4946-b473-b04a4300bae1	825dc883-1827-489a-8ad3-f136f559a520	\N	2025-03-13 14:19:51	2025-03-13 14:19:51	\N	f	f
b8f638a8-46c5-4e62-b33d-1f1b7068cdd7	f55f0f18-0a17-4d03-b713-941295377603	05db621f-1cef-40b3-b113-091af477ac56	825dc883-1827-489a-8ad3-f136f559a520	\N	2025-03-17 14:59:36	2025-03-17 14:59:36	\N	f	f
6f0366f3-c341-4336-8ca9-32787e89ce90	7b764987-221d-4e18-a412-77ba01911fdd	5a50aa81-68fe-4ffa-8381-a848f1859343	825dc883-1827-489a-8ad3-f136f559a520	\N	2025-03-17 15:04:23	2025-03-17 15:04:23	\N	f	f
35159921-579b-4d83-aa33-a89fa6188eb9	d1e8f622-6d94-46e8-b017-b70175f61cb5	5a50aa81-68fe-4ffa-8381-a848f1859343	08c3a9a4-19a9-4e7d-bd48-c155c2c4dcd2	\N	2025-05-22 13:22:02	2025-05-22 13:22:02	\N	t	f
f96d1381-9c08-4121-9b6f-6a111862265b	b0adc339-77e4-4cd0-ad00-36ad82665606	05db621f-1cef-40b3-b113-091af477ac56	08c3a9a4-19a9-4e7d-bd48-c155c2c4dcd2	\N	2025-05-22 13:50:18	2025-05-22 13:50:18	\N	t	f
9fd581bf-bc99-4c15-a095-36f636cec452	d819bdf3-51d3-47be-ac7d-802491cc0697	5a50aa81-68fe-4ffa-8381-a848f1859343	08c3a9a4-19a9-4e7d-bd48-c155c2c4dcd2	\N	2025-05-22 14:03:41	2025-05-22 14:03:41	\N	t	f
3510ae58-90bf-4e71-9c58-b2f3aa02408b	aa1d5d57-bcd6-49fd-8fa9-a85780246d18	05db621f-1cef-40b3-b113-091af477ac56	08c3a9a4-19a9-4e7d-bd48-c155c2c4dcd2	\N	2025-05-22 14:24:42	2025-05-22 14:24:42	\N	t	f
f295ab4f-c504-44fd-a419-f002b487da1e	2771ab57-cfd7-46d0-9ddd-d4207927660d	05db621f-1cef-40b3-b113-091af477ac56	08c3a9a4-19a9-4e7d-bd48-c155c2c4dcd2	\N	2025-05-22 15:33:54	2025-05-22 15:33:54	\N	t	f
dd17ac67-a742-49ff-9e21-856e18eb06e3	22057450-0f2e-4edc-94a0-5c1c2140ff3c	05db621f-1cef-40b3-b113-091af477ac56	08c3a9a4-19a9-4e7d-bd48-c155c2c4dcd2	\N	2025-05-22 15:51:04	2025-05-22 15:51:04	\N	t	f
38ee47c7-2d18-43d4-9154-a85401a48673	b42e8720-03eb-44a3-8ddd-12ddfe215d43	05db621f-1cef-40b3-b113-091af477ac56	08c3a9a4-19a9-4e7d-bd48-c155c2c4dcd2	\N	2025-05-22 15:55:23	2025-05-22 15:55:23	\N	t	f
8fb8632a-3a9c-4fec-9cd1-f035df36d0b7	a74d92d1-4ebe-4d88-b058-d70c44d7706e	05db621f-1cef-40b3-b113-091af477ac56	e3bf28d1-70f9-4452-8409-67caf7b5c945	\N	2025-06-10 10:30:36	2025-06-10 10:30:36	\N	t	f
632af32b-1efd-4a8e-b7a5-be54ac27dad0	d54ada23-4e85-405e-8e15-7f495f393fdd	5a50aa81-68fe-4ffa-8381-a848f1859343	e3bf28d1-70f9-4452-8409-67caf7b5c945	\N	2025-06-17 13:47:36	2025-06-17 13:47:36	\N	t	f
3f1d22d2-5473-4bda-bc90-eb3ebcf9ec30	4fd49a7c-115e-4a52-bfad-7cdadfcf5c6a	5a50aa81-68fe-4ffa-8381-a848f1859343	b5c7fdea-d5ca-437f-9f08-7d46d103710d	\N	2025-04-11 13:55:45	2025-04-11 13:55:45	\N	t	f
7f38be1d-d4e2-44aa-bed3-39a8ae77525c	f145893b-d156-4238-9879-9b99bc8ca77f	05db621f-1cef-40b3-b113-091af477ac56	b5c7fdea-d5ca-437f-9f08-7d46d103710d	\N	2025-04-11 14:01:55	2025-04-11 14:01:55	\N	t	f
3844e449-3e01-426d-bd99-24fb8a99be04	486066bf-af98-49e6-92cd-c8a74a5f0601	05db621f-1cef-40b3-b113-091af477ac56	b5c7fdea-d5ca-437f-9f08-7d46d103710d	\N	2025-04-14 09:30:53	2025-04-14 09:30:53	\N	t	f
4fc3b090-7583-46ac-8e1f-d910fe03df75	4b42e094-8c8c-4180-93cd-3061798f99fb	05db621f-1cef-40b3-b113-091af477ac56	b5c7fdea-d5ca-437f-9f08-7d46d103710d	\N	2025-04-16 13:45:31	2025-04-16 13:45:31	\N	t	f
3ea839dc-1eb8-49a1-97fa-0fe68560b1c1	e7a5e894-52c9-4352-beb3-34c62f1a314e	05db621f-1cef-40b3-b113-091af477ac56	b5c7fdea-d5ca-437f-9f08-7d46d103710d	\N	2025-04-17 10:27:55	2025-04-17 10:27:55	\N	t	f
a27fb93a-83a5-4525-a863-0e5ac2be40d8	c38296cd-d714-4c2d-8feb-061bc73643d6	05db621f-1cef-40b3-b113-091af477ac56	08c3a9a4-19a9-4e7d-bd48-c155c2c4dcd2	\N	2025-03-06 09:42:12	2025-04-22 11:00:22	\N	t	f
f5df3b57-6f2f-473e-968d-579962c896c9	13b284cf-b4d8-4f35-b393-ce27d6d49b03	05db621f-1cef-40b3-b113-091af477ac56	825dc883-1827-489a-8ad3-f136f559a520	\N	2025-04-29 11:23:57	2025-04-29 11:23:57	\N	t	f
2b7be44b-724a-4726-85ba-8e65685ab739	24a8b573-691e-4f78-80b8-29fee1edb93e	05db621f-1cef-40b3-b113-091af477ac56	825dc883-1827-489a-8ad3-f136f559a520	\N	2025-04-29 11:26:40	2025-04-29 11:26:40	\N	t	f
affa4fc1-86c7-4ef9-9afe-9a631f2b6314	21cf781a-74ef-446f-9799-2268bee66bc9	05db621f-1cef-40b3-b113-091af477ac56	825dc883-1827-489a-8ad3-f136f559a520	\N	2025-04-29 15:48:31	2025-04-29 15:48:31	\N	t	f
0a364a64-5aa5-4848-875a-4ef65d446554	d66c51b2-9b43-4f4f-86a4-38986b16fb11	eeac703a-6d23-406b-bb47-9843353fda32	825dc883-1827-489a-8ad3-f136f559a520	\N	2025-05-05 14:54:41	2025-05-05 14:54:41	\N	t	f
2c34aa53-40af-450b-9073-333c675bf398	4c38568e-9bb4-42c2-beed-65ba0ab51eb5	05db621f-1cef-40b3-b113-091af477ac56	08c3a9a4-19a9-4e7d-bd48-c155c2c4dcd2	\N	2025-05-22 15:56:49	2025-05-22 15:56:49	\N	t	f
4c10404d-c23d-41bf-8282-8133b2119519	735ae605-29d2-4106-aa01-cf3cd1520c33	eeac703a-6d23-406b-bb47-9843353fda32	825dc883-1827-489a-8ad3-f136f559a520	\N	2025-05-05 15:36:55	2025-05-05 15:42:40	\N	t	f
55605948-b8fb-4132-9c4d-fbc45174ebc5	052d81a4-bb6e-4579-96ec-b19b2959a0ad	05db621f-1cef-40b3-b113-091af477ac56	825dc883-1827-489a-8ad3-f136f559a520	\N	2025-05-05 15:47:52	2025-05-05 15:47:52	\N	t	f
d38d8a55-6aea-4f7f-b34b-eac05bc7481f	c44c5575-440a-43eb-8d74-d08f660e773d	eeac703a-6d23-406b-bb47-9843353fda32	825dc883-1827-489a-8ad3-f136f559a520	\N	2025-05-14 10:17:13	2025-05-14 10:17:35	2025-05-14 10:17:35	t	f
fdbe5999-c915-424a-a9f3-ae6e0b83136c	c44c5575-440a-43eb-8d74-d08f660e773d	05db621f-1cef-40b3-b113-091af477ac56	825dc883-1827-489a-8ad3-f136f559a520	\N	2025-05-14 10:17:35	2025-05-14 10:18:10	2025-05-14 10:18:10	t	f
72fa5f91-83df-4956-bb58-38289f77eb55	c44c5575-440a-43eb-8d74-d08f660e773d	eeac703a-6d23-406b-bb47-9843353fda32	825dc883-1827-489a-8ad3-f136f559a520	\N	2025-05-14 10:18:10	2025-05-14 10:18:10	\N	t	f
f554c188-d48d-4622-9218-4bb12f2ae205	fcadf4bb-a4fe-4b9f-95c9-16e746e06964	05db621f-1cef-40b3-b113-091af477ac56	08c3a9a4-19a9-4e7d-bd48-c155c2c4dcd2	\N	2025-05-14 11:37:06	2025-05-14 11:37:06	\N	t	f
27af02bd-6415-4c69-ba40-d3c9c896eb05	bf975b3d-3040-4868-899d-12103e66190f	5a50aa81-68fe-4ffa-8381-a848f1859343	825dc883-1827-489a-8ad3-f136f559a520	\N	2025-05-16 13:31:38	2025-05-16 13:31:38	\N	t	f
dd3ecac2-4eae-4aa7-9afd-a2e573c6809b	ae1110e6-522d-4b98-802b-95a82dd984f7	05db621f-1cef-40b3-b113-091af477ac56	825dc883-1827-489a-8ad3-f136f559a520	\N	2025-05-16 14:02:18	2025-05-16 14:02:18	\N	t	f
c2f88d38-a2fd-4602-81e8-0b30152b6973	cf16d55b-30c3-4367-9108-1d4f1d020f39	05db621f-1cef-40b3-b113-091af477ac56	08c3a9a4-19a9-4e7d-bd48-c155c2c4dcd2	\N	2025-05-16 14:09:23	2025-05-16 14:09:23	\N	t	f
5e9f62ca-ff0d-4bd2-a793-8a006b83b8d9	f7d03704-e691-43c4-8ee3-65885137ad31	05db621f-1cef-40b3-b113-091af477ac56	08c3a9a4-19a9-4e7d-bd48-c155c2c4dcd2	\N	2025-05-22 15:58:28	2025-05-22 15:58:28	\N	t	f
d12bca95-0d75-4de7-81af-146ea2539a50	531ed6e8-5512-4be5-93b5-32aa8cb24928	05db621f-1cef-40b3-b113-091af477ac56	08c3a9a4-19a9-4e7d-bd48-c155c2c4dcd2	\N	2025-05-22 16:06:08	2025-05-22 16:06:08	\N	t	f
dba8746a-40d9-4b88-a85a-fa38a08ad832	dd399f5c-55f4-4369-a33b-371213c5363b	05db621f-1cef-40b3-b113-091af477ac56	08c3a9a4-19a9-4e7d-bd48-c155c2c4dcd2	\N	2025-05-22 16:20:07	2025-05-22 16:20:07	\N	t	f
353e514e-3174-4ad9-9791-0f85b0b3c535	343a108c-7a71-40b0-84a2-de5659c6f2f0	05db621f-1cef-40b3-b113-091af477ac56	08c3a9a4-19a9-4e7d-bd48-c155c2c4dcd2	\N	2025-05-22 16:23:08	2025-05-22 16:23:08	\N	t	f
9ea15990-a894-452c-b054-cb3eca4f6201	c2250479-2c8d-4b94-b2c1-48a7a1934325	05db621f-1cef-40b3-b113-091af477ac56	08c3a9a4-19a9-4e7d-bd48-c155c2c4dcd2	\N	2025-05-22 16:26:29	2025-05-22 16:26:29	\N	t	f
c208ef4c-830d-4b0c-91e9-837df5a85dee	bad1911c-3ae3-47b8-be2c-e4c622fbd03b	05db621f-1cef-40b3-b113-091af477ac56	08c3a9a4-19a9-4e7d-bd48-c155c2c4dcd2	\N	2025-05-22 16:31:00	2025-05-22 16:31:00	\N	t	f
766bd0bf-61d0-4e7c-9684-b732790e6c4e	ea204e63-990a-43df-9a1a-2aff5eb057c3	05db621f-1cef-40b3-b113-091af477ac56	08c3a9a4-19a9-4e7d-bd48-c155c2c4dcd2	\N	2025-05-22 16:31:26	2025-05-22 16:31:26	\N	t	f
4f135792-3d73-4eb3-98c7-d048d21731a9	7fe82d49-6cff-4dc8-ad34-ff69058baebf	05db621f-1cef-40b3-b113-091af477ac56	08c3a9a4-19a9-4e7d-bd48-c155c2c4dcd2	\N	2025-05-22 16:50:36	2025-05-22 16:50:36	\N	t	f
db709870-d6e6-4887-bcf6-8948320ec17c	6d528453-349e-4290-9e6c-38bc24352e2e	05db621f-1cef-40b3-b113-091af477ac56	08c3a9a4-19a9-4e7d-bd48-c155c2c4dcd2	\N	2025-05-23 16:04:37	2025-05-23 16:04:37	\N	t	f
02235aa1-e5af-40d2-bb03-13075550300b	e37fe671-dd0b-4ee9-b9ce-1be431902291	18a0f2ab-7c09-46ab-a51c-eb3c18f17e5e	825dc883-1827-489a-8ad3-f136f559a520	\N	2025-03-13 11:39:37	2025-06-10 10:29:32	\N	t	f
a62141e4-5abb-48c9-8806-83ee3669a51b	e37fe671-dd0b-4ee9-b9ce-1be431902291	4deabcee-a5f4-40a4-b37b-21ff88825b4b	825dc883-1827-489a-8ad3-f136f559a520	\N	2025-03-13 11:39:37	2025-06-10 10:29:32	\N	f	f
43568403-facb-4e7f-8be4-21cdbc0e4d3a	b3caa52e-d1d8-4362-bb46-06907b6829e7	05db621f-1cef-40b3-b113-091af477ac56	08c3a9a4-19a9-4e7d-bd48-c155c2c4dcd2	\N	2025-05-14 10:56:52	2025-10-21 13:35:27	2025-10-21 13:35:27	t	f
b99fa62a-642c-4128-bfe7-5ab0d6e13bb6	d4714126-0d64-4319-815a-023d1101a6d6	05db621f-1cef-40b3-b113-091af477ac56	08c3a9a4-19a9-4e7d-bd48-c155c2c4dcd2	\N	2025-05-23 16:03:22	2025-10-21 13:36:01	2025-10-21 13:36:01	t	f
cd119213-e250-477e-a238-726d08eea979	6f48bca6-8593-43e1-bbdb-17ebcb302f11	5a50aa81-68fe-4ffa-8381-a848f1859343	825dc883-1827-489a-8ad3-f136f559a520	\N	2025-08-25 08:36:51	2025-08-25 08:37:07	2025-08-25 08:37:07	f	f
f5efd21d-4558-4b58-8d3e-4f06d08513da	788bfa23-497e-4cef-aa28-1d49df7dfbe2	5a50aa81-68fe-4ffa-8381-a848f1859343	e3bf28d1-70f9-4452-8409-67caf7b5c945	\N	2025-06-17 13:50:33	2025-06-17 13:52:21	2025-06-17 13:52:21	t	f
2557c1c6-c3a7-410f-b6a6-3dcd525101ab	788bfa23-497e-4cef-aa28-1d49df7dfbe2	5a50aa81-68fe-4ffa-8381-a848f1859343	e3bf28d1-70f9-4452-8409-67caf7b5c945	\N	2025-06-17 13:52:21	2025-06-17 13:52:31	\N	f	f
59bb3a48-e9b0-47f1-bc51-c34a91248a02	788bfa23-497e-4cef-aa28-1d49df7dfbe2	05db621f-1cef-40b3-b113-091af477ac56	e3bf28d1-70f9-4452-8409-67caf7b5c945	\N	2025-06-17 13:52:21	2025-06-17 13:52:31	\N	t	f
2dbd8601-e51d-4016-8e6c-165a9da8002f	bdd63335-f58a-495b-a60e-873bac26a946	05db621f-1cef-40b3-b113-091af477ac56	08c3a9a4-19a9-4e7d-bd48-c155c2c4dcd2	\N	2025-07-02 10:12:21	2025-07-02 10:12:21	\N	t	f
b62fa634-7e52-48a6-ace4-430eb17e8855	828e52cd-550b-4626-ba09-02472fc6d166	05db621f-1cef-40b3-b113-091af477ac56	825dc883-1827-489a-8ad3-f136f559a520	\N	2025-07-07 09:39:58	2025-07-07 09:39:58	\N	t	f
9c016edd-1e8d-41a3-af2e-da3d9670ccfe	91e50936-3be1-4712-bfeb-86f4562f3b7d	05db621f-1cef-40b3-b113-091af477ac56	825dc883-1827-489a-8ad3-f136f559a520	\N	2025-07-07 09:51:13	2025-07-07 09:51:13	\N	t	f
cb9b7926-71ac-4a4b-b100-52628dade27c	18efdc60-9d5e-47ca-ba5f-f0030c6cc589	05db621f-1cef-40b3-b113-091af477ac56	825dc883-1827-489a-8ad3-f136f559a520	\N	2025-07-07 10:10:31	2025-07-07 10:10:31	\N	t	f
a02784a4-b723-496c-983c-c18c5715f6ad	5ae88a1f-ce10-4d52-8bac-5809aab5fdba	05db621f-1cef-40b3-b113-091af477ac56	825dc883-1827-489a-8ad3-f136f559a520	\N	2025-07-07 10:29:42	2025-07-07 10:29:42	\N	t	f
3b928d32-75a6-478b-a017-b747e9b573a5	23ac2a1c-a2eb-4225-a679-19e985b06d50	05db621f-1cef-40b3-b113-091af477ac56	825dc883-1827-489a-8ad3-f136f559a520	\N	2025-07-07 10:35:11	2025-07-07 10:35:11	\N	t	f
580280a9-409b-4fdf-8332-fcaa9e1b5bd3	dc73922b-f9f3-463d-bbf3-f95c873492ef	05db621f-1cef-40b3-b113-091af477ac56	825dc883-1827-489a-8ad3-f136f559a520	\N	2025-07-07 10:43:24	2025-07-07 10:43:24	\N	t	f
14af6f6f-87ab-4576-a886-42862b32bb1a	064e5b6b-f44f-4a6c-b603-08ca54dcecb5	05db621f-1cef-40b3-b113-091af477ac56	825dc883-1827-489a-8ad3-f136f559a520	\N	2025-07-07 10:50:15	2025-07-07 10:50:15	\N	t	f
3d4dc5cb-5fac-4d52-8a3c-25ec494d0809	8b7ea8cc-ad3f-47e8-8f4b-d247752b7b1f	05db621f-1cef-40b3-b113-091af477ac56	825dc883-1827-489a-8ad3-f136f559a520	\N	2025-07-11 20:18:06	2025-07-11 20:18:06	\N	t	f
bd992ac1-43a9-487e-9ada-ec8c21e1a469	b20de584-a5ec-4d8a-9f94-4ff1105bba4f	05db621f-1cef-40b3-b113-091af477ac56	825dc883-1827-489a-8ad3-f136f559a520	\N	2025-07-15 09:53:19	2025-07-15 09:53:19	\N	t	f
c6abb0f0-8b96-4e59-8895-4d003a07b352	d4e55fd3-4d7a-4a49-8e4f-be6cfc7c3f55	05db621f-1cef-40b3-b113-091af477ac56	08c3a9a4-19a9-4e7d-bd48-c155c2c4dcd2	\N	2025-07-15 10:40:09	2025-07-15 10:40:09	\N	t	f
788bc95f-0c64-4f34-9916-55875444dd94	de55d7d4-f053-4653-8387-3809c320c4da	05db621f-1cef-40b3-b113-091af477ac56	825dc883-1827-489a-8ad3-f136f559a520	\N	2025-07-18 09:46:45	2025-07-18 09:46:45	\N	t	f
f1998f5c-91f4-4c0d-8bac-522f9b116506	5e6c17ae-d921-409b-9910-175382274eeb	05db621f-1cef-40b3-b113-091af477ac56	08c3a9a4-19a9-4e7d-bd48-c155c2c4dcd2	\N	2025-07-22 14:55:31	2025-07-22 14:55:31	\N	t	f
e2f8fced-72e7-4258-90a5-730d4fc45d3c	6a510160-d290-44ef-a3ba-75f11378e932	05db621f-1cef-40b3-b113-091af477ac56	825dc883-1827-489a-8ad3-f136f559a520	\N	2025-07-24 13:33:15	2025-07-24 13:33:15	\N	t	f
be859828-c352-4eaa-964c-8c2ab8b036b1	efd2bb9b-0223-4c42-9c93-e951f35e3d32	05db621f-1cef-40b3-b113-091af477ac56	825dc883-1827-489a-8ad3-f136f559a520	\N	2025-07-31 14:58:11	2025-07-31 14:58:27	2025-07-31 14:58:27	t	f
1fdc6257-419d-4b10-abca-27a328d1a23f	efd2bb9b-0223-4c42-9c93-e951f35e3d32	00060ccf-bc5d-42bb-ae36-735280e8c678	825dc883-1827-489a-8ad3-f136f559a520	\N	2025-07-31 14:58:27	2025-07-31 14:58:27	\N	t	f
a22ec7a7-a3cc-40f1-bb7e-1261722015c1	3e4bd90d-dcf5-4789-8279-c00fb299007d	05db621f-1cef-40b3-b113-091af477ac56	b5c7fdea-d5ca-437f-9f08-7d46d103710d	\N	2025-07-31 15:20:59	2025-07-31 15:21:13	2025-07-31 15:21:13	t	f
d2f286a0-12aa-41ea-b85b-a832aca7e12b	3e4bd90d-dcf5-4789-8279-c00fb299007d	00060ccf-bc5d-42bb-ae36-735280e8c678	b5c7fdea-d5ca-437f-9f08-7d46d103710d	\N	2025-07-31 15:21:29	2025-07-31 15:21:43	2025-07-31 15:21:43	t	f
18dc2c37-e402-461c-a112-93e8c761b37b	176a653a-1d7f-4aee-8f36-57993b5499f0	05db621f-1cef-40b3-b113-091af477ac56	825dc883-1827-489a-8ad3-f136f559a520	\N	2025-07-31 15:00:39	2025-07-31 15:22:45	2025-07-31 15:22:45	t	f
43abaf7b-a4ac-45f0-8098-79d2220175d7	ac82bc57-9a20-4cb6-bdf3-87ced86d0702	05db621f-1cef-40b3-b113-091af477ac56	825dc883-1827-489a-8ad3-f136f559a520	\N	2025-07-31 15:23:49	2025-07-31 15:24:08	2025-07-31 15:24:08	t	f
66fc51f1-c1ef-4bd5-abf2-3ee3df58440e	9cc67a9f-0ba7-49a4-9f8e-8eb06dfbc430	05db621f-1cef-40b3-b113-091af477ac56	825dc883-1827-489a-8ad3-f136f559a520	\N	2025-07-31 15:26:58	2025-07-31 15:27:18	2025-07-31 15:27:18	t	f
e4bb8f69-12d1-4185-b609-dc8443dc1975	b6704bcb-9ca4-4742-a394-5b9b69c2178d	18a0f2ab-7c09-46ab-a51c-eb3c18f17e5e	825dc883-1827-489a-8ad3-f136f559a520	\N	2025-07-31 15:39:43	2025-07-31 15:39:43	\N	t	f
f8f3ace2-014b-442c-8ff7-80951a71a5a2	44eb4c80-36c9-45f3-8b82-813a14ee2681	18a0f2ab-7c09-46ab-a51c-eb3c18f17e5e	825dc883-1827-489a-8ad3-f136f559a520	\N	2025-08-01 10:39:27	2025-08-01 10:39:27	\N	t	f
cc425e6c-3b20-40d9-a502-3714fb45b8e1	e685f7db-8f1e-42ca-9538-56a656a075c2	eeac703a-6d23-406b-bb47-9843353fda32	825dc883-1827-489a-8ad3-f136f559a520	\N	2025-08-05 13:35:53	2025-08-05 13:35:53	\N	t	f
3216daa2-bf0a-41eb-9fbd-8e17433b38a2	fb6479d1-5487-4ca9-b3a1-bca9fc329d93	05db621f-1cef-40b3-b113-091af477ac56	825dc883-1827-489a-8ad3-f136f559a520	\N	2025-07-07 10:06:58	2025-08-05 15:40:31	2025-08-05 15:40:31	t	f
9810a50a-f96b-48df-bbab-664c8d569f4d	d8da05e7-a3c3-44a5-85c7-f8b492a827cd	8b9de9f5-9edc-4946-b473-b04a4300bae1	825dc883-1827-489a-8ad3-f136f559a520	\N	2025-08-07 13:39:16	2025-08-07 13:39:16	\N	t	f
df958491-bcca-4ce2-8845-39f02ad2d03d	1542627c-d6bf-4a09-8eed-e4ce7e4fdcbc	05db621f-1cef-40b3-b113-091af477ac56	08c3a9a4-19a9-4e7d-bd48-c155c2c4dcd2	\N	2025-08-07 15:35:58	2025-08-07 15:36:41	2025-08-07 15:36:41	t	f
1fd3a690-7588-452c-b2ca-6cf2490e2c9b	1542627c-d6bf-4a09-8eed-e4ce7e4fdcbc	18a0f2ab-7c09-46ab-a51c-eb3c18f17e5e	08c3a9a4-19a9-4e7d-bd48-c155c2c4dcd2	\N	2025-08-07 15:36:41	2025-08-07 15:36:41	\N	t	f
0807b574-9699-4ec5-ba06-89d0ca723f46	d3434a7f-9625-440a-a664-010fb19541db	5a50aa81-68fe-4ffa-8381-a848f1859343	825dc883-1827-489a-8ad3-f136f559a520	\N	2025-08-12 16:35:25	2025-08-12 16:35:25	\N	t	f
4e140da0-8fff-4718-b3b1-ac696a59a84a	c1589f3a-d9c8-4af5-bd1c-0a6865b1e4a6	8b9de9f5-9edc-4946-b473-b04a4300bae1	825dc883-1827-489a-8ad3-f136f559a520	\N	2025-08-13 12:11:57	2025-08-13 12:11:57	\N	t	f
5e82775c-7f5a-43c7-aba8-2b304daec090	7ce66013-2351-4af0-b3af-0565ad1639c3	8b9de9f5-9edc-4946-b473-b04a4300bae1	08c3a9a4-19a9-4e7d-bd48-c155c2c4dcd2	\N	2025-08-13 13:02:29	2025-08-13 13:07:12	2025-08-13 13:07:12	t	f
38d2117c-ac57-421d-a730-8b826f31618a	7ce66013-2351-4af0-b3af-0565ad1639c3	8b9de9f5-9edc-4946-b473-b04a4300bae1	08c3a9a4-19a9-4e7d-bd48-c155c2c4dcd2	\N	2025-08-13 13:07:12	2025-08-13 13:07:12	\N	t	f
3cbfec03-c0b9-40f0-960d-255e4746e2b3	8ef575e8-fa79-494b-9562-eeab4311d128	8f82d146-fc71-4ace-bda2-adeb2856b069	825dc883-1827-489a-8ad3-f136f559a520	\N	2025-08-15 09:56:13	2025-08-15 09:56:13	\N	t	f
a6bef844-a6d2-4c39-b9de-05988e5f2a88	5656a4da-40b8-453c-820f-dc55fa355077	8b9de9f5-9edc-4946-b473-b04a4300bae1	08c3a9a4-19a9-4e7d-bd48-c155c2c4dcd2	\N	2025-08-15 17:03:30	2025-08-15 17:03:30	\N	t	f
1ceee40a-e0b5-4053-9696-bcc4a991b2fa	6f48bca6-8593-43e1-bbdb-17ebcb302f11	5a50aa81-68fe-4ffa-8381-a848f1859343	825dc883-1827-489a-8ad3-f136f559a520	\N	2025-08-25 08:35:41	2025-08-25 08:36:51	2025-08-25 08:36:51	t	f
a23c93ca-5d90-47c2-af1e-7abf384020e4	7b9f6083-4084-4b87-b2ca-f22628e15171	05db621f-1cef-40b3-b113-091af477ac56	825dc883-1827-489a-8ad3-f136f559a520	\N	2025-09-15 16:04:08	2025-09-15 16:04:08	\N	t	f
94dfc206-6307-41ba-8306-1c9cb2f36a4c	6f48bca6-8593-43e1-bbdb-17ebcb302f11	05db621f-1cef-40b3-b113-091af477ac56	825dc883-1827-489a-8ad3-f136f559a520	\N	2025-08-25 08:36:51	2025-08-25 08:37:07	2025-08-25 08:37:07	t	f
bd67f5e0-419c-45d5-a1c3-e5a9784469eb	efdb96d0-7569-487d-bd3d-41daca0fb7a2	5a50aa81-68fe-4ffa-8381-a848f1859343	825dc883-1827-489a-8ad3-f136f559a520	\N	2025-08-15 10:10:46	2025-08-25 08:38:18	2025-08-25 08:38:18	t	f
269345ff-d744-4631-bf41-203de1d249b3	efdb96d0-7569-487d-bd3d-41daca0fb7a2	5a50aa81-68fe-4ffa-8381-a848f1859343	825dc883-1827-489a-8ad3-f136f559a520	\N	2025-08-25 08:38:18	2025-08-25 08:39:22	2025-08-25 08:39:22	t	f
9ad6789a-c72c-45f6-94c8-3cc77a856f8e	efdb96d0-7569-487d-bd3d-41daca0fb7a2	5a50aa81-68fe-4ffa-8381-a848f1859343	825dc883-1827-489a-8ad3-f136f559a520	\N	2025-08-25 08:39:22	2025-08-25 08:39:22	\N	t	f
ff0865ce-0a70-4451-a182-967bcb3ba569	6f48bca6-8593-43e1-bbdb-17ebcb302f11	05db621f-1cef-40b3-b113-091af477ac56	825dc883-1827-489a-8ad3-f136f559a520	\N	2025-08-25 08:37:07	2025-08-25 09:48:10	2025-08-25 09:48:10	t	f
b6b4496d-4e98-417b-8dc2-cac48451551e	6f48bca6-8593-43e1-bbdb-17ebcb302f11	05db621f-1cef-40b3-b113-091af477ac56	825dc883-1827-489a-8ad3-f136f559a520	\N	2025-08-25 09:48:10	2025-08-25 09:48:10	\N	t	f
c187a634-b676-44d7-a901-47ce561d7a44	2b588ee1-5594-4f71-a7a6-144a3caa5576	18a0f2ab-7c09-46ab-a51c-eb3c18f17e5e	825dc883-1827-489a-8ad3-f136f559a520	\N	2025-08-25 13:09:04	2025-08-25 13:09:04	\N	t	f
651f5910-b96e-455e-830e-2c1b64abebe9	09856e4c-ed97-4eef-941a-7604c3404086	18a0f2ab-7c09-46ab-a51c-eb3c18f17e5e	825dc883-1827-489a-8ad3-f136f559a520	\N	2025-08-25 13:12:06	2025-08-25 13:12:06	\N	t	f
26bc1a24-5359-4f35-b6cd-b82f8e0e512b	040ba306-a208-4526-92f0-8a74d34707d2	05db621f-1cef-40b3-b113-091af477ac56	825dc883-1827-489a-8ad3-f136f559a520	\N	2025-07-07 10:48:16	2025-08-25 16:09:12	\N	t	f
592bb713-9e3a-492b-9edc-01c9243062ce	040ba306-a208-4526-92f0-8a74d34707d2	05db621f-1cef-40b3-b113-091af477ac56	825dc883-1827-489a-8ad3-f136f559a520	\N	2025-07-07 10:48:16	2025-08-25 16:09:12	\N	t	f
1c2f215f-d163-45df-8e41-dc0bef78c93d	6c54dd63-1961-4bbe-a197-df0f527a1b03	05db621f-1cef-40b3-b113-091af477ac56	5f31d47f-af70-4ad6-97be-00bed999c058	\N	2025-09-02 09:19:37	2025-09-02 09:20:44	2025-09-02 09:20:44	t	f
e39644ab-fc15-4dc4-85ca-8d6e8461b14f	6c54dd63-1961-4bbe-a197-df0f527a1b03	5a50aa81-68fe-4ffa-8381-a848f1859343	5f31d47f-af70-4ad6-97be-00bed999c058	\N	2025-09-02 09:20:44	2025-09-02 09:20:44	\N	t	f
5839e0e6-63fb-447b-b6e0-b52553adb179	8b3f8099-c6b9-446a-a85d-7e97d862cd6f	8b9de9f5-9edc-4946-b473-b04a4300bae1	46caaeb5-a409-418b-879c-113fe9b763ca	\N	2025-09-15 16:05:44	2025-09-15 16:05:44	\N	t	f
3cbd1111-084b-4476-af0f-5bc50ce9bff4	61696572-29e0-46b2-a5f5-0bf76442c32e	5a50aa81-68fe-4ffa-8381-a848f1859343	fd03e691-7a0f-487b-9fdf-5cb56fea3d89	\N	2025-09-18 10:04:28	2025-09-18 10:04:28	\N	t	f
f75d64e6-9fd9-472f-a09a-4de1f8fe4c2c	67819e63-4111-447a-9b4d-34a9902593eb	18a0f2ab-7c09-46ab-a51c-eb3c18f17e5e	46caaeb5-a409-418b-879c-113fe9b763ca	\N	2025-09-17 11:25:11	2025-09-18 09:35:19	2025-09-18 09:35:19	f	f
0534cc48-4847-4cbe-8a5f-b3457baa21b2	4ff111df-a0ca-46e5-9a77-eb4830e9c68f	4deabcee-a5f4-40a4-b37b-21ff88825b4b	fd03e691-7a0f-487b-9fdf-5cb56fea3d89	\N	2025-09-18 10:18:50	2025-09-18 10:18:50	\N	t	f
d49f081c-0205-4735-ab75-93c73c2160ef	c5fa371b-c0ea-4a3a-ad7d-63ae4a9c2a86	4deabcee-a5f4-40a4-b37b-21ff88825b4b	fd03e691-7a0f-487b-9fdf-5cb56fea3d89	\N	2025-09-18 10:41:36	2025-09-18 10:41:36	\N	t	f
60259582-7094-470c-ab99-d576d11bb171	df3df464-e6b9-4196-ae0a-a2da0e9b946f	4deabcee-a5f4-40a4-b37b-21ff88825b4b	fd03e691-7a0f-487b-9fdf-5cb56fea3d89	\N	2025-09-18 12:23:36	2025-09-18 12:23:36	\N	t	f
0021da1f-d8d3-4a5e-8820-ad1851d1aeae	e9c98635-05e1-4be7-b31c-5b6831f61301	05db621f-1cef-40b3-b113-091af477ac56	825dc883-1827-489a-8ad3-f136f559a520	\N	2025-09-18 14:46:14	2025-09-22 11:24:43	2025-09-22 11:24:43	t	f
de600858-191f-458f-b794-29bcb38e0848	0c801d91-9982-4f5b-9b04-7b33015eaa28	5a50aa81-68fe-4ffa-8381-a848f1859343	fd03e691-7a0f-487b-9fdf-5cb56fea3d89	\N	2025-09-18 10:04:00	2025-09-23 09:30:37	\N	f	f
e8c18960-2ec4-4713-846f-5402812d418e	73c8ce2c-7b0f-472f-9ba4-69dbd3b813ee	05db621f-1cef-40b3-b113-091af477ac56	08c3a9a4-19a9-4e7d-bd48-c155c2c4dcd2	\N	2025-09-18 15:53:41	2025-10-09 14:09:33	2025-10-09 14:09:33	t	f
366145ba-09db-449a-89ec-775462c5a54c	403648cf-d6c9-4dd7-80a5-2999da4100d3	05db621f-1cef-40b3-b113-091af477ac56	5f7ff936-e782-417d-b424-4fe25e89367d	\N	2025-09-15 16:01:56	2025-10-24 10:44:13	2025-10-24 10:44:13	t	f
9ca9a4b0-0b70-4fa3-ac45-26d62f8780d1	67819e63-4111-447a-9b4d-34a9902593eb	18a0f2ab-7c09-46ab-a51c-eb3c18f17e5e	b5c7fdea-d5ca-437f-9f08-7d46d103710d	\N	2025-09-18 09:35:19	2025-09-22 09:44:52	2025-09-22 09:44:52	t	f
1132c1c7-bcb6-45ef-92ad-6a091f009a85	262a0c32-d278-4804-a590-9ad0bf4c948a	4deabcee-a5f4-40a4-b37b-21ff88825b4b	fd03e691-7a0f-487b-9fdf-5cb56fea3d89	\N	2025-09-18 10:05:19	2025-09-22 09:47:10	2025-09-22 09:47:10	t	f
2a296c87-3e49-4f6e-8eaf-c2013f9c4414	67819e63-4111-447a-9b4d-34a9902593eb	18a0f2ab-7c09-46ab-a51c-eb3c18f17e5e	825dc883-1827-489a-8ad3-f136f559a520	\N	2025-09-22 09:44:52	2025-09-22 09:47:33	2025-09-22 09:47:33	t	f
29d1156b-d94d-4899-be9c-b1f2046fc9ad	e9c98635-05e1-4be7-b31c-5b6831f61301	05db621f-1cef-40b3-b113-091af477ac56	5f7ff936-e782-417d-b424-4fe25e89367d	\N	2025-09-22 11:24:43	2025-09-22 11:36:20	2025-09-22 11:36:20	t	f
ace83b25-df28-4ba8-962e-fc610f684cbb	e9c98635-05e1-4be7-b31c-5b6831f61301	5a50aa81-68fe-4ffa-8381-a848f1859343	825dc883-1827-489a-8ad3-f136f559a520	\N	2025-09-22 11:36:20	2025-09-22 11:36:20	\N	t	f
728f760a-3ff2-455d-8010-e8d6dab13b4a	43ab7d9c-ef94-4af7-b5ba-40c0915211a2	5f7ff936-e782-417d-b424-4fe25e89367d	08c3a9a4-19a9-4e7d-bd48-c155c2c4dcd2	\N	2025-09-24 08:04:33	2025-09-24 08:04:33	\N	t	f
78bfe244-f7c4-485a-8627-b33af7b90251	67819e63-4111-447a-9b4d-34a9902593eb	18a0f2ab-7c09-46ab-a51c-eb3c18f17e5e	e3bf28d1-70f9-4452-8409-67caf7b5c945	\N	2025-09-22 09:47:33	2025-09-23 09:28:06	\N	f	f
e5b155ca-b6b6-43d7-96b2-b247f01d38e5	43ab7d9c-ef94-4af7-b5ba-40c0915211a2	05db621f-1cef-40b3-b113-091af477ac56	08c3a9a4-19a9-4e7d-bd48-c155c2c4dcd2	\N	2025-09-24 08:04:33	2025-09-24 08:04:33	\N	f	f
0605c398-b7a8-47b4-bc77-23f80397856d	262a0c32-d278-4804-a590-9ad0bf4c948a	4deabcee-a5f4-40a4-b37b-21ff88825b4b	5f31d47f-af70-4ad6-97be-00bed999c058	\N	2025-09-22 09:47:10	2025-09-23 09:30:08	\N	f	f
bbca1280-4acb-4262-b8a1-3d971268e0a8	024a4bd1-6345-47f4-99f3-59162b38bb71	5a50aa81-68fe-4ffa-8381-a848f1859343	e3bf28d1-70f9-4452-8409-67caf7b5c945	\N	2025-09-23 15:08:10	2025-09-23 15:08:10	\N	t	f
225aa75a-5610-44bb-bdf9-60f6f01d7d18	6b8cef46-c64e-450d-b41e-bd1b495d1c29	05db621f-1cef-40b3-b113-091af477ac56	e3bf28d1-70f9-4452-8409-67caf7b5c945	\N	2025-09-23 15:09:46	2025-09-23 15:09:53	2025-09-23 15:09:53	t	f
5cf00d92-4ba7-4d5d-bdb9-92203225c467	6b8cef46-c64e-450d-b41e-bd1b495d1c29	05db621f-1cef-40b3-b113-091af477ac56	e3bf28d1-70f9-4452-8409-67caf7b5c945	\N	2025-09-23 15:09:53	2025-09-23 15:09:53	\N	t	f
58cf8113-9c5d-486a-915d-889e771a3a9f	6b007739-c9ca-408e-bb60-5bedf3daa251	05db621f-1cef-40b3-b113-091af477ac56	e3bf28d1-70f9-4452-8409-67caf7b5c945	\N	2025-09-23 15:10:15	2025-09-23 15:10:15	\N	t	f
3b67966d-5443-4980-a3f0-c20fb3478567	1d32781c-f33b-4621-8ac0-1cafff82e286	5a50aa81-68fe-4ffa-8381-a848f1859343	e3bf28d1-70f9-4452-8409-67caf7b5c945	\N	2025-09-23 15:11:06	2025-09-23 15:11:29	\N	f	f
041ec1c5-8bce-4b21-921f-f0c1fa294305	04f85e63-ed8a-4307-b6eb-cddf11668433	05db621f-1cef-40b3-b113-091af477ac56	5f31d47f-af70-4ad6-97be-00bed999c058	\N	2025-09-23 15:20:51	2025-09-23 15:20:51	\N	t	f
d358aacf-89f6-44d9-92c0-d5c1ebd517e0	1e6aae4e-d063-4e9d-b737-66b5c0f200fe	5a50aa81-68fe-4ffa-8381-a848f1859343	825dc883-1827-489a-8ad3-f136f559a520	\N	2025-09-23 15:49:09	2025-09-23 15:49:33	2025-09-23 15:49:33	t	f
138f79b5-280f-4fc9-8a03-3ccfdecd91d4	1e6aae4e-d063-4e9d-b737-66b5c0f200fe	5a50aa81-68fe-4ffa-8381-a848f1859343	825dc883-1827-489a-8ad3-f136f559a520	\N	2025-09-23 15:49:33	2025-09-23 15:49:33	\N	t	f
c8e6a9fc-34e6-4808-a4f4-4cf06e6579d8	1e6aae4e-d063-4e9d-b737-66b5c0f200fe	e3bf28d1-70f9-4452-8409-67caf7b5c945	825dc883-1827-489a-8ad3-f136f559a520	\N	2025-09-23 15:49:33	2025-09-23 15:49:33	\N	f	f
995e2bc9-f14a-410b-bf90-0d989be73d81	cdfb307a-fcc5-40da-b02b-a0f469b843df	05db621f-1cef-40b3-b113-091af477ac56	825dc883-1827-489a-8ad3-f136f559a520	\N	2025-09-23 15:50:22	2025-09-23 15:50:32	\N	f	f
1d1eb752-aba9-45db-b160-53913b675fdb	cdfb307a-fcc5-40da-b02b-a0f469b843df	e3bf28d1-70f9-4452-8409-67caf7b5c945	825dc883-1827-489a-8ad3-f136f559a520	\N	2025-09-23 15:50:22	2025-09-23 15:50:32	\N	t	f
6eff36e8-19d0-4faf-b631-df1b28c950f1	77c6ecfe-c679-4414-8188-1940b450be69	05db621f-1cef-40b3-b113-091af477ac56	5f7ff936-e782-417d-b424-4fe25e89367d	\N	2025-09-23 16:28:17	2025-09-23 16:28:17	\N	t	f
034c9f5e-2aaa-4a87-b238-4447e99e4477	d185f848-f579-4a6f-85d4-e40b0c76198e	5f7ff936-e782-417d-b424-4fe25e89367d	08c3a9a4-19a9-4e7d-bd48-c155c2c4dcd2	\N	2025-09-23 16:41:37	2025-09-23 16:41:37	\N	t	f
025c666e-763e-476e-9d1e-140f1843bbbd	d185f848-f579-4a6f-85d4-e40b0c76198e	359ed4ea-cca5-4d4e-9690-1dd68ea2d4a7	08c3a9a4-19a9-4e7d-bd48-c155c2c4dcd2	\N	2025-09-23 16:41:37	2025-09-23 16:41:37	\N	f	f
0811c9fd-d5e1-4861-8005-915bb5bbb0dc	4e45227d-e715-4cef-b86c-87cfb7b13218	5f7ff936-e782-417d-b424-4fe25e89367d	08c3a9a4-19a9-4e7d-bd48-c155c2c4dcd2	\N	2025-09-23 16:42:25	2025-09-23 16:42:25	\N	t	f
e293e1f0-8d98-488d-8b94-91397223fc15	4e45227d-e715-4cef-b86c-87cfb7b13218	359ed4ea-cca5-4d4e-9690-1dd68ea2d4a7	08c3a9a4-19a9-4e7d-bd48-c155c2c4dcd2	\N	2025-09-23 16:42:25	2025-09-23 16:42:25	\N	f	f
c963db7a-b661-459e-a9b5-5e6770d8aa33	b8f1b177-6be5-4775-80ff-b98e0a64d4b9	359ed4ea-cca5-4d4e-9690-1dd68ea2d4a7	08c3a9a4-19a9-4e7d-bd48-c155c2c4dcd2	\N	2025-09-23 16:44:34	2025-09-23 16:44:46	2025-09-23 16:44:46	t	f
e66ea2eb-b726-46a0-8615-beaca6871a07	b8f1b177-6be5-4775-80ff-b98e0a64d4b9	359ed4ea-cca5-4d4e-9690-1dd68ea2d4a7	08c3a9a4-19a9-4e7d-bd48-c155c2c4dcd2	\N	2025-09-23 16:44:46	2025-09-23 16:44:46	\N	t	f
84ee5b8b-1b88-4526-bf88-8aae177fdecb	b8f1b177-6be5-4775-80ff-b98e0a64d4b9	5f7ff936-e782-417d-b424-4fe25e89367d	08c3a9a4-19a9-4e7d-bd48-c155c2c4dcd2	\N	2025-09-23 16:44:46	2025-09-23 16:44:46	\N	f	f
098baad8-d64a-4852-8997-186d5433c3ea	4e65da2c-5a43-4208-b35d-86c340ebb55c	5f7ff936-e782-417d-b424-4fe25e89367d	08c3a9a4-19a9-4e7d-bd48-c155c2c4dcd2	\N	2025-09-23 16:49:35	2025-09-23 16:49:50	2025-09-23 16:49:50	t	f
aa592558-e79c-4b84-91a6-94bc596d3ecb	4e65da2c-5a43-4208-b35d-86c340ebb55c	676c165e-b3a4-40bc-a836-7dddb105a90b	08c3a9a4-19a9-4e7d-bd48-c155c2c4dcd2	\N	2025-09-23 16:49:50	2025-09-23 16:50:08	2025-09-23 16:50:08	t	f
08dbed96-c91c-4fe4-9a02-0fdb02d79b0a	34a25e47-f5cd-4474-b438-dc92d5123dc5	676c165e-b3a4-40bc-a836-7dddb105a90b	08c3a9a4-19a9-4e7d-bd48-c155c2c4dcd2	\N	2025-09-23 17:00:30	2025-09-23 17:00:44	2025-09-23 17:00:44	t	f
9c20fed5-bbd4-470a-8e85-78dc9bce8aaf	c78388b6-c92d-4c74-8575-17a395c1264d	5f7ff936-e782-417d-b424-4fe25e89367d	08c3a9a4-19a9-4e7d-bd48-c155c2c4dcd2	\N	2025-09-23 17:02:07	2025-09-23 17:02:07	\N	t	f
76e79e34-08c8-4587-8be2-e27b63e6945a	c78388b6-c92d-4c74-8575-17a395c1264d	676c165e-b3a4-40bc-a836-7dddb105a90b	08c3a9a4-19a9-4e7d-bd48-c155c2c4dcd2	\N	2025-09-23 17:02:07	2025-09-23 17:02:07	\N	f	f
e1308219-8ceb-4615-a885-ad8bc258f326	4c2bbec5-3d85-43a0-85a3-de03614b8513	05db621f-1cef-40b3-b113-091af477ac56	08c3a9a4-19a9-4e7d-bd48-c155c2c4dcd2	\N	2025-09-24 08:02:49	2025-09-24 08:02:49	\N	t	f
a9ea3d90-fa0b-4f85-89b2-ee9ac9e472e0	4c2bbec5-3d85-43a0-85a3-de03614b8513	5f7ff936-e782-417d-b424-4fe25e89367d	08c3a9a4-19a9-4e7d-bd48-c155c2c4dcd2	\N	2025-09-24 08:02:49	2025-09-24 08:02:49	\N	f	f
db0fe472-0110-45d0-a6b7-0f805054c68e	ec70ba4e-1123-4c9c-a2fa-3f9941dd95bd	359ed4ea-cca5-4d4e-9690-1dd68ea2d4a7	08c3a9a4-19a9-4e7d-bd48-c155c2c4dcd2	\N	2025-09-25 15:00:54	2025-09-25 15:00:56	2025-09-25 15:00:56	t	f
388b3ec5-8730-4a08-bc95-4f6a5ef456fe	ec70ba4e-1123-4c9c-a2fa-3f9941dd95bd	5f7ff936-e782-417d-b424-4fe25e89367d	08c3a9a4-19a9-4e7d-bd48-c155c2c4dcd2	\N	2025-09-25 15:00:54	2025-09-25 15:00:56	2025-09-25 15:00:56	f	f
fa0bbd9a-7d22-4f92-bcce-d4cac67953ce	ec70ba4e-1123-4c9c-a2fa-3f9941dd95bd	359ed4ea-cca5-4d4e-9690-1dd68ea2d4a7	08c3a9a4-19a9-4e7d-bd48-c155c2c4dcd2	\N	2025-09-25 15:00:56	2025-09-25 15:00:56	\N	t	f
f561c4db-4403-4d62-a7e0-49783dce1a29	ec70ba4e-1123-4c9c-a2fa-3f9941dd95bd	5f7ff936-e782-417d-b424-4fe25e89367d	08c3a9a4-19a9-4e7d-bd48-c155c2c4dcd2	\N	2025-09-25 15:00:56	2025-09-25 15:00:56	\N	f	f
43951f64-5306-4ae3-ae04-9316f195c5a1	3a38ae30-6ce1-4c92-9e3f-429fdbb93536	5f7ff936-e782-417d-b424-4fe25e89367d	08c3a9a4-19a9-4e7d-bd48-c155c2c4dcd2	\N	2025-09-25 15:34:06	2025-09-25 15:34:06	\N	t	f
9e16387d-5a0e-4ea8-b9c7-0927bfcda6a0	3a38ae30-6ce1-4c92-9e3f-429fdbb93536	05db621f-1cef-40b3-b113-091af477ac56	08c3a9a4-19a9-4e7d-bd48-c155c2c4dcd2	\N	2025-09-25 15:34:06	2025-09-25 15:34:06	\N	f	f
98a0e8f7-575a-4a2a-9351-7b4c9117e382	65369ece-15bd-458c-85a1-9a87cf59e01e	05db621f-1cef-40b3-b113-091af477ac56	08c3a9a4-19a9-4e7d-bd48-c155c2c4dcd2	\N	2025-09-25 15:37:16	2025-09-25 15:37:16	\N	t	f
2ce2cef8-7523-4b1a-a949-36998dd9b61a	65369ece-15bd-458c-85a1-9a87cf59e01e	5f7ff936-e782-417d-b424-4fe25e89367d	08c3a9a4-19a9-4e7d-bd48-c155c2c4dcd2	\N	2025-09-25 15:37:16	2025-09-25 15:37:16	\N	f	f
600a6a1c-40a0-42c0-9acd-4b2d69463de6	e06d1710-23e3-466b-82fd-b581baf141b2	e3bf28d1-70f9-4452-8409-67caf7b5c945	825dc883-1827-489a-8ad3-f136f559a520	\N	2025-09-23 15:23:50	2025-10-21 13:30:27	2025-10-21 13:30:27	t	f
90ffee7d-f875-4ff5-adce-ad4ae4bf5fd0	34a25e47-f5cd-4474-b438-dc92d5123dc5	676c165e-b3a4-40bc-a836-7dddb105a90b	08c3a9a4-19a9-4e7d-bd48-c155c2c4dcd2	\N	2025-09-23 17:00:44	2025-10-21 13:40:23	2025-10-21 13:40:23	t	f
2a22701e-9702-44a7-b745-cf2d57f28dd3	c2dfdef9-9c06-4745-a9cb-f05faad96a58	05db621f-1cef-40b3-b113-091af477ac56	5f7ff936-e782-417d-b424-4fe25e89367d	\N	2025-09-29 14:13:08	2025-09-29 14:13:08	\N	t	f
bc59457f-96eb-4f4c-bb7d-34e09a3fe01e	5bc4b2d2-a75c-496c-85ac-3374b359997b	e3bf28d1-70f9-4452-8409-67caf7b5c945	5f31d47f-af70-4ad6-97be-00bed999c058	\N	2025-09-29 14:16:18	2025-09-29 14:17:18	2025-09-29 14:17:18	t	f
e8daa250-bd1a-497e-b42f-88806f6c4e9e	03d6e01d-162b-4d94-83e3-73777a06db70	5a50aa81-68fe-4ffa-8381-a848f1859343	5f31d47f-af70-4ad6-97be-00bed999c058	\N	2025-10-01 14:44:40	2025-10-01 14:46:10	2025-10-01 14:46:10	t	f
2646d87f-4609-4704-9a7c-c92647da89bc	e7c4d866-2994-482c-a632-a502f912c2f6	676c165e-b3a4-40bc-a836-7dddb105a90b	825dc883-1827-489a-8ad3-f136f559a520	\N	2025-09-23 16:58:50	2025-10-21 13:23:03	2025-10-21 13:23:03	t	f
7b1a9347-b8e3-4414-98fa-30a550c47e76	e7c4d866-2994-482c-a632-a502f912c2f6	5f7ff936-e782-417d-b424-4fe25e89367d	825dc883-1827-489a-8ad3-f136f559a520	\N	2025-09-23 16:58:50	2025-10-21 13:23:03	2025-10-21 13:23:03	f	f
8c2f19a2-8fa3-4333-885d-b8c18a19bbb1	6c6bc52c-97d6-48bc-8eb9-dc7623352c7c	e3bf28d1-70f9-4452-8409-67caf7b5c945	5f31d47f-af70-4ad6-97be-00bed999c058	\N	2025-09-26 09:51:15	2025-10-21 13:28:38	2025-10-21 13:28:38	f	f
c6731145-80e1-4b7b-b024-136f0f37878c	6c6bc52c-97d6-48bc-8eb9-dc7623352c7c	05db621f-1cef-40b3-b113-091af477ac56	5f31d47f-af70-4ad6-97be-00bed999c058	\N	2025-09-26 09:51:15	2025-10-21 13:28:38	2025-10-21 13:28:38	t	f
f63e67b2-c41b-4019-8300-6a2f5ffe77b2	34a25e47-f5cd-4474-b438-dc92d5123dc5	5f7ff936-e782-417d-b424-4fe25e89367d	08c3a9a4-19a9-4e7d-bd48-c155c2c4dcd2	\N	2025-09-23 17:00:44	2025-10-21 13:40:23	2025-10-21 13:40:23	f	f
b2c310ee-37de-4e03-a146-660c98302638	5bc4b2d2-a75c-496c-85ac-3374b359997b	05db621f-1cef-40b3-b113-091af477ac56	e3bf28d1-70f9-4452-8409-67caf7b5c945	\N	2025-09-29 14:17:18	2025-10-21 13:59:01	2025-10-21 13:59:01	t	f
d82579c4-6225-4fbe-9b79-63b318c778d0	feadcc1e-fe77-4aca-bda0-4c9a8316f4ed	05db621f-1cef-40b3-b113-091af477ac56	825dc883-1827-489a-8ad3-f136f559a520	\N	2025-09-29 17:21:16	2025-10-21 13:59:57	2025-10-21 13:59:57	t	f
0680653b-35a1-42f9-9e8c-703fbeb4a6bd	78bba702-7a2a-4168-8c38-b3d3edb89fe9	05db621f-1cef-40b3-b113-091af477ac56	e3bf28d1-70f9-4452-8409-67caf7b5c945	\N	2025-09-23 15:04:17	2025-10-21 14:11:12	2025-10-21 14:11:12	t	f
0331eea2-4829-4b49-ac63-c4a39c4e2e8b	3e6eaf38-ec8c-4011-ba28-8f9356a21ef7	05db621f-1cef-40b3-b113-091af477ac56	825dc883-1827-489a-8ad3-f136f559a520	\N	2025-09-23 15:59:42	2025-10-30 14:46:37	2025-10-30 14:46:37	t	f
d620807b-a626-48be-90d4-cb3b22405e14	6f2b7138-4d29-4ef6-bc29-5196752ba541	05db621f-1cef-40b3-b113-091af477ac56	08c3a9a4-19a9-4e7d-bd48-c155c2c4dcd2	\N	2025-09-25 15:03:45	2025-10-30 14:47:53	2025-10-30 14:47:53	t	f
7adb7236-9548-49ee-8fb1-d1dcee1a4527	6f2b7138-4d29-4ef6-bc29-5196752ba541	5f7ff936-e782-417d-b424-4fe25e89367d	08c3a9a4-19a9-4e7d-bd48-c155c2c4dcd2	\N	2025-09-25 15:03:45	2025-10-30 14:47:53	2025-10-30 14:47:53	f	f
a8fbdf74-384c-4fbe-a89f-59e0902e417d	4e65da2c-5a43-4208-b35d-86c340ebb55c	676c165e-b3a4-40bc-a836-7dddb105a90b	08c3a9a4-19a9-4e7d-bd48-c155c2c4dcd2	\N	2025-09-23 16:50:08	2026-01-21 15:20:32	\N	f	f
203ab516-f8bc-433b-87c9-0fdd8f9d4183	4e65da2c-5a43-4208-b35d-86c340ebb55c	5f7ff936-e782-417d-b424-4fe25e89367d	08c3a9a4-19a9-4e7d-bd48-c155c2c4dcd2	\N	2025-09-23 16:50:08	2026-01-21 15:20:32	\N	t	f
18638c5b-d903-46d4-8b47-675eabe77c18	03d6e01d-162b-4d94-83e3-73777a06db70	eeac703a-6d23-406b-bb47-9843353fda32	5f31d47f-af70-4ad6-97be-00bed999c058	\N	2025-10-01 14:44:41	2025-10-01 14:46:10	2025-10-01 14:46:10	f	t
7bee02f0-a37b-457f-ada2-8030ed623915	c9bb3ae7-30dc-4316-a763-e093b539ae78	05db621f-1cef-40b3-b113-091af477ac56	03cb1d57-4b26-424f-8898-243318ace483	\N	2025-10-21 13:29:36	2025-10-21 13:29:58	2025-10-21 13:29:58	t	f
1805e698-1f31-491d-81b1-e16f6a67cf8d	03d6e01d-162b-4d94-83e3-73777a06db70	5a50aa81-68fe-4ffa-8381-a848f1859343	5f31d47f-af70-4ad6-97be-00bed999c058	\N	2025-10-01 14:46:10	2025-10-01 16:53:52	\N	f	f
b0c42659-4337-4535-bd05-96822c974e2d	03d6e01d-162b-4d94-83e3-73777a06db70	eeac703a-6d23-406b-bb47-9843353fda32	5f31d47f-af70-4ad6-97be-00bed999c058	\N	2025-10-01 14:46:10	2025-10-01 16:53:52	\N	t	t
bc4085f9-6a67-48ac-a5de-05928443d07b	2aba2cbd-ed0f-442f-b4ee-e689c87697f1	05db621f-1cef-40b3-b113-091af477ac56	08c3a9a4-19a9-4e7d-bd48-c155c2c4dcd2	\N	2025-10-07 14:12:07	2025-10-07 14:14:03	2025-10-07 14:14:03	t	f
85e41d05-4183-406b-a8ef-322694ea33a7	2aba2cbd-ed0f-442f-b4ee-e689c87697f1	46caaeb5-a409-418b-879c-113fe9b763ca	08c3a9a4-19a9-4e7d-bd48-c155c2c4dcd2	\N	2025-10-07 14:12:08	2025-10-07 14:14:03	2025-10-07 14:14:03	f	t
f1d07190-caa3-4f08-9f64-0d1611cf0531	2aba2cbd-ed0f-442f-b4ee-e689c87697f1	46caaeb5-a409-418b-879c-113fe9b763ca	08c3a9a4-19a9-4e7d-bd48-c155c2c4dcd2	\N	2025-10-07 14:14:03	2025-10-07 14:14:11	2025-10-07 14:14:11	t	f
593311e4-b009-40a0-8bc5-72a5a648f5c2	2aba2cbd-ed0f-442f-b4ee-e689c87697f1	46caaeb5-a409-418b-879c-113fe9b763ca	08c3a9a4-19a9-4e7d-bd48-c155c2c4dcd2	\N	2025-10-07 14:14:11	2025-10-07 14:14:11	\N	t	f
88d1ab0c-a2da-444e-a253-17174ee0b08e	2aba2cbd-ed0f-442f-b4ee-e689c87697f1	05db621f-1cef-40b3-b113-091af477ac56	08c3a9a4-19a9-4e7d-bd48-c155c2c4dcd2	\N	2025-10-07 14:14:11	2025-10-07 14:14:11	\N	f	t
b24e72f0-5e10-41f5-bb7d-0959090c02e7	5b827a29-578c-4149-852f-cb3c5b267b4b	05db621f-1cef-40b3-b113-091af477ac56	08c3a9a4-19a9-4e7d-bd48-c155c2c4dcd2	\N	2025-10-07 14:34:30	2025-10-07 14:34:30	\N	t	f
8948ffd4-8f42-4239-8c67-a589661196d6	5b827a29-578c-4149-852f-cb3c5b267b4b	5f7ff936-e782-417d-b424-4fe25e89367d	08c3a9a4-19a9-4e7d-bd48-c155c2c4dcd2	\N	2025-10-07 14:34:30	2025-10-07 14:34:30	\N	f	t
a0ad40cd-6c2b-4864-9b0b-c8a5860e684b	c1a1f274-61da-4a9a-a0c3-3cd748d99dbf	05db621f-1cef-40b3-b113-091af477ac56	08c3a9a4-19a9-4e7d-bd48-c155c2c4dcd2	\N	2025-10-08 10:18:02	2025-10-08 10:18:27	2025-10-08 10:18:27	t	f
7d47ef88-0d69-4f66-b8c0-e1fa75af3dc9	c1a1f274-61da-4a9a-a0c3-3cd748d99dbf	46caaeb5-a409-418b-879c-113fe9b763ca	08c3a9a4-19a9-4e7d-bd48-c155c2c4dcd2	\N	2025-10-08 10:18:02	2025-10-08 10:18:27	2025-10-08 10:18:27	f	t
d29fa80b-6dfa-4488-a9fb-58e32ca9712c	c1a1f274-61da-4a9a-a0c3-3cd748d99dbf	5a50aa81-68fe-4ffa-8381-a848f1859343	08c3a9a4-19a9-4e7d-bd48-c155c2c4dcd2	\N	2025-10-08 10:18:27	2025-10-08 10:18:27	\N	t	f
4cb47f63-6b8f-4975-bf8e-a6948f024478	c1a1f274-61da-4a9a-a0c3-3cd748d99dbf	46caaeb5-a409-418b-879c-113fe9b763ca	08c3a9a4-19a9-4e7d-bd48-c155c2c4dcd2	\N	2025-10-08 10:18:28	2025-10-08 10:18:28	\N	f	t
de2121b0-dba5-4707-893b-75ecbb3ab7bd	f8fc98ff-774f-4c7d-8bc9-25e4e02bfff2	05db621f-1cef-40b3-b113-091af477ac56	5f31d47f-af70-4ad6-97be-00bed999c058	\N	2025-10-09 13:27:28	2025-10-09 13:28:07	2025-10-09 13:28:07	t	f
6de1810c-6adb-400d-be92-edfa2c9791ae	f8fc98ff-774f-4c7d-8bc9-25e4e02bfff2	5a50aa81-68fe-4ffa-8381-a848f1859343	5f31d47f-af70-4ad6-97be-00bed999c058	\N	2025-10-09 13:27:28	2025-10-09 13:28:07	2025-10-09 13:28:07	f	f
a7ab5307-3812-401d-82e3-dc098bb69cc9	f8fc98ff-774f-4c7d-8bc9-25e4e02bfff2	05db621f-1cef-40b3-b113-091af477ac56	5f31d47f-af70-4ad6-97be-00bed999c058	\N	2025-10-09 13:28:07	2025-10-09 13:36:26	2025-10-09 13:36:26	t	f
5b9b45cf-90ac-4e80-bed3-7ff6dd13197e	f8fc98ff-774f-4c7d-8bc9-25e4e02bfff2	5a50aa81-68fe-4ffa-8381-a848f1859343	5f31d47f-af70-4ad6-97be-00bed999c058	\N	2025-10-09 13:28:07	2025-10-09 13:36:26	2025-10-09 13:36:26	f	f
8dc96a45-fa15-41b8-b3bf-12b171e59d5e	a3f7aad4-fa14-4cdd-8c00-607c610eb6a1	dbab0b8d-c770-4c8f-aa6c-6c0d89f74c09	825dc883-1827-489a-8ad3-f136f559a520	\N	2025-10-16 10:05:35	2025-10-16 10:08:27	2025-10-16 10:08:27	t	f
45e8531d-86b3-488a-97c0-4e821fc96fc2	a3f7aad4-fa14-4cdd-8c00-607c610eb6a1	05db621f-1cef-40b3-b113-091af477ac56	825dc883-1827-489a-8ad3-f136f559a520	\N	2025-10-16 10:05:35	2025-10-16 10:08:27	2025-10-16 10:08:27	f	t
914122c2-996d-4e7b-a358-8edd24364444	a3f7aad4-fa14-4cdd-8c00-607c610eb6a1	5c3ff419-4a46-4037-9364-ea4b82fbcd64	825dc883-1827-489a-8ad3-f136f559a520	\N	2025-10-16 10:08:27	2025-10-16 10:08:27	\N	t	f
b797c2bf-d332-4ce5-8479-cc6e5d06136c	a3f7aad4-fa14-4cdd-8c00-607c610eb6a1	05db621f-1cef-40b3-b113-091af477ac56	825dc883-1827-489a-8ad3-f136f559a520	\N	2025-10-16 10:08:27	2025-10-16 10:08:27	\N	f	t
c00a9b6a-9cf7-42c8-937b-99616b92a5f8	275b42c7-0b2d-4f36-9411-799e7e31be25	05db621f-1cef-40b3-b113-091af477ac56	03cb1d57-4b26-424f-8898-243318ace483	\N	2025-10-16 16:22:43	2025-10-16 16:22:43	\N	t	f
2c7206ad-bc00-481c-8030-cd329d0f9812	275b42c7-0b2d-4f36-9411-799e7e31be25	00060ccf-bc5d-42bb-ae36-735280e8c678	03cb1d57-4b26-424f-8898-243318ace483	\N	2025-10-16 16:22:43	2025-10-16 16:22:43	\N	f	t
b0ba5ed9-108a-4545-94bb-ae4c7625d5e7	e7c4d866-2994-482c-a632-a502f912c2f6	676c165e-b3a4-40bc-a836-7dddb105a90b	03cb1d57-4b26-424f-8898-243318ace483	\N	2025-10-21 13:23:03	2025-10-21 13:23:03	\N	t	f
4da72c20-f02b-4625-bebc-7a31ef9c240f	7eae4555-8152-4e2c-8f71-3de597b3a004	676c165e-b3a4-40bc-a836-7dddb105a90b	03cb1d57-4b26-424f-8898-243318ace483	\N	2025-10-21 13:24:28	2025-10-21 13:24:42	2025-10-21 13:24:42	t	f
04714087-98c8-4055-a8ac-5eb231d02394	3db6b664-a87f-46e2-9b99-c26b947aa0a1	05db621f-1cef-40b3-b113-091af477ac56	03cb1d57-4b26-424f-8898-243318ace483	\N	2025-10-21 13:25:11	2025-10-21 13:25:11	\N	t	f
2ac21e41-a294-42d2-a34e-59fd971e6900	0c24c14f-f5ea-4900-b4ba-f9f018b52dbe	05db621f-1cef-40b3-b113-091af477ac56	03cb1d57-4b26-424f-8898-243318ace483	\N	2025-10-21 13:26:57	2025-10-21 13:27:10	2025-10-21 13:27:10	t	f
96a55ee6-0b0d-410f-ba93-b1fd712553f4	0c24c14f-f5ea-4900-b4ba-f9f018b52dbe	05db621f-1cef-40b3-b113-091af477ac56	03cb1d57-4b26-424f-8898-243318ace483	\N	2025-10-21 13:27:10	2025-10-21 13:27:10	\N	t	f
752ccd53-5d7e-454c-b07f-5347d061fed7	fdcede91-ad5e-4d6b-9cf9-c8b00daf4635	05db621f-1cef-40b3-b113-091af477ac56	03cb1d57-4b26-424f-8898-243318ace483	\N	2025-10-21 13:27:40	2025-10-21 13:27:52	2025-10-21 13:27:52	t	f
0edde888-328c-40d9-8faf-90d2f67625cb	fdcede91-ad5e-4d6b-9cf9-c8b00daf4635	05db621f-1cef-40b3-b113-091af477ac56	03cb1d57-4b26-424f-8898-243318ace483	\N	2025-10-21 13:27:52	2025-10-21 13:27:52	\N	t	f
c326b1c7-4776-4f20-9231-e65a628f3cef	fdcede91-ad5e-4d6b-9cf9-c8b00daf4635	33458126-9a32-4c22-8e9c-f1966da89961	03cb1d57-4b26-424f-8898-243318ace483	\N	2025-10-21 13:27:52	2025-10-21 13:27:52	\N	f	f
47c7e365-d497-4736-8cb3-6481375be09b	6c6bc52c-97d6-48bc-8eb9-dc7623352c7c	e3bf28d1-70f9-4452-8409-67caf7b5c945	03cb1d57-4b26-424f-8898-243318ace483	\N	2025-10-21 13:28:38	2025-10-21 13:28:38	\N	t	f
47a4c1cf-c7d0-41e3-bf06-9fa88ed42cf4	6c6bc52c-97d6-48bc-8eb9-dc7623352c7c	05db621f-1cef-40b3-b113-091af477ac56	03cb1d57-4b26-424f-8898-243318ace483	\N	2025-10-21 13:28:38	2025-10-21 13:28:38	\N	f	f
e158e39b-c80e-482d-b9da-db5739a59f6b	7cddd3ef-0ffc-4376-9ae7-c2ee4c039503	8b9de9f5-9edc-4946-b473-b04a4300bae1	03cb1d57-4b26-424f-8898-243318ace483	\N	2025-10-21 13:29:04	2025-10-21 13:29:13	2025-10-21 13:29:13	t	f
83410779-0518-4b12-a61a-748920e7462f	7cddd3ef-0ffc-4376-9ae7-c2ee4c039503	8b9de9f5-9edc-4946-b473-b04a4300bae1	03cb1d57-4b26-424f-8898-243318ace483	\N	2025-10-21 13:29:13	2025-10-21 13:29:13	\N	t	f
11f13153-8634-4bff-a293-9443f8728f70	7cddd3ef-0ffc-4376-9ae7-c2ee4c039503	05db621f-1cef-40b3-b113-091af477ac56	03cb1d57-4b26-424f-8898-243318ace483	\N	2025-10-21 13:29:13	2025-10-21 13:29:13	\N	f	f
cb742c7e-36c3-4cc0-800a-742f29492a72	c9bb3ae7-30dc-4316-a763-e093b539ae78	05db621f-1cef-40b3-b113-091af477ac56	03cb1d57-4b26-424f-8898-243318ace483	\N	2025-10-21 13:29:58	2025-10-21 13:30:08	2025-10-21 13:30:08	t	f
dee7a052-f6cb-4578-88d8-eb55220136dc	c9bb3ae7-30dc-4316-a763-e093b539ae78	33458126-9a32-4c22-8e9c-f1966da89961	03cb1d57-4b26-424f-8898-243318ace483	\N	2025-10-21 13:30:08	2025-10-21 13:30:08	\N	t	f
8096136d-bf97-496b-be35-6b7254fb6c99	e06d1710-23e3-466b-82fd-b581baf141b2	05db621f-1cef-40b3-b113-091af477ac56	825dc883-1827-489a-8ad3-f136f559a520	\N	2025-09-23 15:23:50	2025-10-21 13:30:27	2025-10-21 13:30:27	f	f
7a797e0f-1b8f-423d-8bc6-420474a9e4eb	e06d1710-23e3-466b-82fd-b581baf141b2	e3bf28d1-70f9-4452-8409-67caf7b5c945	03cb1d57-4b26-424f-8898-243318ace483	\N	2025-10-21 13:30:27	2025-10-21 13:30:27	\N	t	f
5e7311c1-35dc-4b61-83ac-324a6cd860de	e06d1710-23e3-466b-82fd-b581baf141b2	05db621f-1cef-40b3-b113-091af477ac56	03cb1d57-4b26-424f-8898-243318ace483	\N	2025-10-21 13:30:27	2025-10-21 13:30:27	\N	f	f
303d4f7f-9106-4299-a7be-e1039d9ddfa1	28b1f6fb-a13c-4526-ad9f-8d9ccfdfe095	8b9de9f5-9edc-4946-b473-b04a4300bae1	03cb1d57-4b26-424f-8898-243318ace483	\N	2025-10-21 13:34:03	2025-10-21 13:34:42	2025-10-21 13:34:42	t	f
aaa81080-d319-4ae9-bf31-a64dae65a732	28b1f6fb-a13c-4526-ad9f-8d9ccfdfe095	8b9de9f5-9edc-4946-b473-b04a4300bae1	03cb1d57-4b26-424f-8898-243318ace483	\N	2025-10-21 13:34:42	2025-10-21 13:34:48	2025-10-21 13:34:48	t	f
a57092a8-4f4e-4a30-a03e-8711d1d2ecf0	28b1f6fb-a13c-4526-ad9f-8d9ccfdfe095	8b9de9f5-9edc-4946-b473-b04a4300bae1	03cb1d57-4b26-424f-8898-243318ace483	\N	2025-10-21 13:34:48	2025-10-21 13:34:54	2025-10-21 13:34:54	t	f
3a175b38-d79e-4ba6-acae-fd683ab45d0a	28b1f6fb-a13c-4526-ad9f-8d9ccfdfe095	05db621f-1cef-40b3-b113-091af477ac56	03cb1d57-4b26-424f-8898-243318ace483	\N	2025-10-21 13:34:48	2025-10-21 13:34:54	2025-10-21 13:34:54	f	f
457ec7ab-d0c3-490c-a38d-5ce364c99b14	28b1f6fb-a13c-4526-ad9f-8d9ccfdfe095	8b9de9f5-9edc-4946-b473-b04a4300bae1	03cb1d57-4b26-424f-8898-243318ace483	\N	2025-10-21 13:34:54	2025-10-21 13:34:54	\N	t	f
df368d7a-b20a-4a5a-b359-fd5336fdfc07	28b1f6fb-a13c-4526-ad9f-8d9ccfdfe095	05db621f-1cef-40b3-b113-091af477ac56	03cb1d57-4b26-424f-8898-243318ace483	\N	2025-10-21 13:34:54	2025-10-21 13:34:54	\N	f	f
1a42a766-dad1-4d56-b27c-c5af1874a2d6	e04b639b-70fc-4717-b076-028104568539	05db621f-1cef-40b3-b113-091af477ac56	08c3a9a4-19a9-4e7d-bd48-c155c2c4dcd2	\N	2025-05-22 15:21:32	2025-10-21 13:35:12	2025-10-21 13:35:12	t	f
9a1422f7-098b-41bc-88da-72b9d81490c3	d4714126-0d64-4319-815a-023d1101a6d6	05db621f-1cef-40b3-b113-091af477ac56	03cb1d57-4b26-424f-8898-243318ace483	\N	2025-10-21 13:36:01	2025-10-21 13:36:01	\N	t	f
9db6b55b-255c-473e-a51d-ba86dc0fe790	cf5e61fe-eca0-423f-a730-1418e78e143a	8b9de9f5-9edc-4946-b473-b04a4300bae1	03cb1d57-4b26-424f-8898-243318ace483	\N	2025-10-21 13:36:58	2025-10-21 13:37:15	2025-10-21 13:37:15	t	f
33277f72-f962-4abf-887e-d316004c8ffb	cf5e61fe-eca0-423f-a730-1418e78e143a	8b9de9f5-9edc-4946-b473-b04a4300bae1	03cb1d57-4b26-424f-8898-243318ace483	\N	2025-10-21 13:37:15	2025-10-21 13:37:37	2025-10-21 13:37:37	t	f
63f89dea-cd48-4573-9107-899f12c9adef	cf5e61fe-eca0-423f-a730-1418e78e143a	8b9de9f5-9edc-4946-b473-b04a4300bae1	03cb1d57-4b26-424f-8898-243318ace483	\N	2025-10-21 13:37:37	2025-10-21 13:37:37	\N	t	f
5da3a5df-9682-4ac5-834d-65b8c33a76ba	cf5e61fe-eca0-423f-a730-1418e78e143a	05db621f-1cef-40b3-b113-091af477ac56	03cb1d57-4b26-424f-8898-243318ace483	\N	2025-10-21 13:37:37	2025-10-21 13:37:37	\N	f	t
ba39b3c2-c3a1-47a3-b86b-4c6df47cec39	f8fc98ff-774f-4c7d-8bc9-25e4e02bfff2	05db621f-1cef-40b3-b113-091af477ac56	5f31d47f-af70-4ad6-97be-00bed999c058	\N	2025-10-09 13:36:26	2025-10-21 13:39:00	2025-10-21 13:39:00	t	f
0e6a1b75-4c6f-4691-8c86-dc3e18969f23	f8fc98ff-774f-4c7d-8bc9-25e4e02bfff2	05db621f-1cef-40b3-b113-091af477ac56	e3bf28d1-70f9-4452-8409-67caf7b5c945	\N	2025-10-21 13:39:00	2025-10-21 13:39:00	\N	t	f
93aa96ff-515c-41c8-9bf6-235868b9fad4	f8fc98ff-774f-4c7d-8bc9-25e4e02bfff2	33458126-9a32-4c22-8e9c-f1966da89961	e3bf28d1-70f9-4452-8409-67caf7b5c945	\N	2025-10-21 13:39:15	2025-10-21 13:39:15	\N	f	t
e6c085a7-f7f2-4f7c-ad9a-4c81b13c23c7	34a25e47-f5cd-4474-b438-dc92d5123dc5	676c165e-b3a4-40bc-a836-7dddb105a90b	e3bf28d1-70f9-4452-8409-67caf7b5c945	\N	2025-10-21 13:40:23	2025-10-21 13:40:52	2025-10-21 13:40:52	t	f
982ee868-6a85-46a7-8ba5-8b50044ce28c	7eae4555-8152-4e2c-8f71-3de597b3a004	676c165e-b3a4-40bc-a836-7dddb105a90b	03cb1d57-4b26-424f-8898-243318ace483	\N	2025-10-21 13:24:42	2025-10-21 13:43:16	2025-10-21 13:43:16	t	f
8f7adc59-864d-4a13-9801-fe21ee4b573a	7eae4555-8152-4e2c-8f71-3de597b3a004	05db621f-1cef-40b3-b113-091af477ac56	03cb1d57-4b26-424f-8898-243318ace483	\N	2025-10-21 13:24:42	2025-10-21 13:43:16	2025-10-21 13:43:16	f	f
e5b6b446-3f6d-4938-bc19-545b1ecb2ee5	34a25e47-f5cd-4474-b438-dc92d5123dc5	5f7ff936-e782-417d-b424-4fe25e89367d	e3bf28d1-70f9-4452-8409-67caf7b5c945	\N	2025-10-21 13:40:23	2025-10-21 13:40:52	2025-10-21 13:40:52	f	f
da6325c7-dd8f-42ee-81e7-884eeb6526a5	34a25e47-f5cd-4474-b438-dc92d5123dc5	676c165e-b3a4-40bc-a836-7dddb105a90b	e3bf28d1-70f9-4452-8409-67caf7b5c945	\N	2025-10-21 13:40:52	2025-10-21 13:41:01	2025-10-21 13:41:01	t	f
2e27b556-4364-4134-9d56-b2544003bda4	34a25e47-f5cd-4474-b438-dc92d5123dc5	5f7ff936-e782-417d-b424-4fe25e89367d	e3bf28d1-70f9-4452-8409-67caf7b5c945	\N	2025-10-21 13:40:53	2025-10-21 13:41:01	2025-10-21 13:41:01	f	f
49f9fb50-2d8b-40a3-8b33-3a0091087d4a	34a25e47-f5cd-4474-b438-dc92d5123dc5	676c165e-b3a4-40bc-a836-7dddb105a90b	e3bf28d1-70f9-4452-8409-67caf7b5c945	\N	2025-10-21 13:41:01	2025-10-21 13:41:18	2025-10-21 13:41:18	t	f
b911ad1e-971a-4ef7-b549-aad31e65a396	34a25e47-f5cd-4474-b438-dc92d5123dc5	5f7ff936-e782-417d-b424-4fe25e89367d	e3bf28d1-70f9-4452-8409-67caf7b5c945	\N	2025-10-21 13:41:01	2025-10-21 13:41:18	2025-10-21 13:41:18	f	f
7cfee8c7-1aff-4e59-b07f-40a549f51afd	34a25e47-f5cd-4474-b438-dc92d5123dc5	676c165e-b3a4-40bc-a836-7dddb105a90b	e3bf28d1-70f9-4452-8409-67caf7b5c945	\N	2025-10-21 13:41:18	2025-10-21 13:41:36	2025-10-21 13:41:36	t	f
c6d28a80-23fc-4c95-be29-6d35d27d0c9b	34a25e47-f5cd-4474-b438-dc92d5123dc5	5f7ff936-e782-417d-b424-4fe25e89367d	e3bf28d1-70f9-4452-8409-67caf7b5c945	\N	2025-10-21 13:41:18	2025-10-21 13:41:36	2025-10-21 13:41:36	f	f
7849b142-b5e6-49e3-81a8-c70f0a60eb56	7eae4555-8152-4e2c-8f71-3de597b3a004	676c165e-b3a4-40bc-a836-7dddb105a90b	e3bf28d1-70f9-4452-8409-67caf7b5c945	\N	2025-10-21 13:43:16	2025-10-21 13:43:16	\N	t	f
fda2346a-1bed-4ecf-9838-b6296343a97f	34a25e47-f5cd-4474-b438-dc92d5123dc5	676c165e-b3a4-40bc-a836-7dddb105a90b	e3bf28d1-70f9-4452-8409-67caf7b5c945	\N	2025-10-21 13:41:36	2025-10-21 13:44:16	2025-10-21 13:44:16	t	f
68579f98-18e0-43d5-961d-a84fbc9e4159	34a25e47-f5cd-4474-b438-dc92d5123dc5	5f7ff936-e782-417d-b424-4fe25e89367d	e3bf28d1-70f9-4452-8409-67caf7b5c945	\N	2025-10-21 13:41:36	2025-10-21 13:44:16	2025-10-21 13:44:16	f	f
ebcdc97f-04e1-465e-bbaf-b364a5b222f3	34a25e47-f5cd-4474-b438-dc92d5123dc5	676c165e-b3a4-40bc-a836-7dddb105a90b	e3bf28d1-70f9-4452-8409-67caf7b5c945	\N	2025-10-21 13:44:16	2025-10-21 13:44:16	\N	t	f
88abfe4a-e325-48a5-afb7-96fc15dcdf1b	34a25e47-f5cd-4474-b438-dc92d5123dc5	5f7ff936-e782-417d-b424-4fe25e89367d	e3bf28d1-70f9-4452-8409-67caf7b5c945	\N	2025-10-21 13:44:16	2025-10-21 13:44:16	\N	f	f
24de5464-a6a0-4f57-9ad8-79d863a64201	674ac17a-3a09-4413-96c7-c18439728c67	676c165e-b3a4-40bc-a836-7dddb105a90b	e3bf28d1-70f9-4452-8409-67caf7b5c945	\N	2025-10-21 13:45:34	2025-10-21 13:45:34	\N	t	f
50fbe55a-854a-4ae1-a532-82e6419d19c9	2d212d3d-dbc1-4f6d-853d-293aea6f4ac1	676c165e-b3a4-40bc-a836-7dddb105a90b	e3bf28d1-70f9-4452-8409-67caf7b5c945	\N	2025-10-21 13:45:57	2025-10-21 13:45:57	\N	t	f
c4fb13aa-f5c8-494f-b83d-25f48125a399	d467ccd9-445b-438f-86b0-206b2e0b45f6	676c165e-b3a4-40bc-a836-7dddb105a90b	e3bf28d1-70f9-4452-8409-67caf7b5c945	\N	2025-10-21 13:46:45	2025-10-21 13:47:25	2025-10-21 13:47:25	t	f
dbf6bf23-406c-491b-b126-a739ef7ad814	d467ccd9-445b-438f-86b0-206b2e0b45f6	05db621f-1cef-40b3-b113-091af477ac56	e3bf28d1-70f9-4452-8409-67caf7b5c945	\N	2025-10-21 13:47:25	2025-10-21 13:47:25	\N	t	f
e5340dca-5165-4292-bb06-e1cb8ab91494	593de1d6-e7bb-429b-9d4b-0b62a1621067	8b9de9f5-9edc-4946-b473-b04a4300bae1	e3bf28d1-70f9-4452-8409-67caf7b5c945	\N	2025-10-21 13:48:30	2025-10-21 13:48:30	\N	t	f
b5e11b30-df08-4543-92d3-c25f48de3556	ba2dbdda-206d-4b3b-b626-a304eff9dac7	676c165e-b3a4-40bc-a836-7dddb105a90b	e3bf28d1-70f9-4452-8409-67caf7b5c945	\N	2025-10-21 13:48:56	2025-10-21 13:48:56	\N	t	f
59093678-e8cd-4beb-80a3-ec454e62af1c	155cc291-9dd8-477c-8d60-d91aa17bd4e0	05db621f-1cef-40b3-b113-091af477ac56	e3bf28d1-70f9-4452-8409-67caf7b5c945	\N	2025-10-21 13:50:19	2025-10-21 13:51:25	2025-10-21 13:51:25	t	f
a1af7273-e121-4c75-9697-6bf4305e7a10	155cc291-9dd8-477c-8d60-d91aa17bd4e0	05db621f-1cef-40b3-b113-091af477ac56	e3bf28d1-70f9-4452-8409-67caf7b5c945	\N	2025-10-21 13:51:25	2025-10-21 13:51:42	2025-10-21 13:51:42	t	f
57768a28-4403-4a68-9ff0-4d74256394ba	155cc291-9dd8-477c-8d60-d91aa17bd4e0	676c165e-b3a4-40bc-a836-7dddb105a90b	e3bf28d1-70f9-4452-8409-67caf7b5c945	\N	2025-10-21 13:51:25	2025-10-21 13:51:42	2025-10-21 13:51:42	f	f
0b8c6636-a736-4bf2-b2be-473087c5c9f7	155cc291-9dd8-477c-8d60-d91aa17bd4e0	05db621f-1cef-40b3-b113-091af477ac56	e3bf28d1-70f9-4452-8409-67caf7b5c945	\N	2025-10-21 13:51:42	2025-10-21 13:51:42	\N	t	f
40c4af1f-304e-4603-895f-bc7d273eefb1	155cc291-9dd8-477c-8d60-d91aa17bd4e0	8b9de9f5-9edc-4946-b473-b04a4300bae1	e3bf28d1-70f9-4452-8409-67caf7b5c945	\N	2025-10-21 13:51:42	2025-10-21 13:51:42	\N	f	f
a12c6945-2003-4391-b950-bcd4fb78c470	b3041e7a-024b-430a-b057-e7e5e6cd902e	676c165e-b3a4-40bc-a836-7dddb105a90b	03cb1d57-4b26-424f-8898-243318ace483	\N	2025-10-21 13:58:30	2025-10-21 13:58:30	\N	t	f
73d3fd73-9e1b-492c-bb23-532acdb14c3d	5bc4b2d2-a75c-496c-85ac-3374b359997b	05db621f-1cef-40b3-b113-091af477ac56	03cb1d57-4b26-424f-8898-243318ace483	\N	2025-10-21 13:59:01	2025-10-21 13:59:01	\N	t	f
42971d8d-ea5c-434a-a95c-a4f7de79ec14	5bc4b2d2-a75c-496c-85ac-3374b359997b	676c165e-b3a4-40bc-a836-7dddb105a90b	03cb1d57-4b26-424f-8898-243318ace483	\N	2025-10-21 13:59:01	2025-10-21 13:59:01	\N	f	f
d04092e2-d9d5-4a35-afa4-c541793b296b	feadcc1e-fe77-4aca-bda0-4c9a8316f4ed	05db621f-1cef-40b3-b113-091af477ac56	03cb1d57-4b26-424f-8898-243318ace483	\N	2025-10-21 13:59:57	2025-10-21 13:59:57	\N	t	f
5c9fd96d-5524-4b2f-836d-7f69472f982e	feadcc1e-fe77-4aca-bda0-4c9a8316f4ed	676c165e-b3a4-40bc-a836-7dddb105a90b	03cb1d57-4b26-424f-8898-243318ace483	\N	2025-10-21 13:59:57	2025-10-21 13:59:57	\N	f	f
c74324c6-fa68-4063-bea9-09d59a6ea238	78bba702-7a2a-4168-8c38-b3d3edb89fe9	05db621f-1cef-40b3-b113-091af477ac56	03cb1d57-4b26-424f-8898-243318ace483	\N	2025-10-21 14:11:12	2025-10-21 14:11:12	\N	t	f
664a3047-d2e2-4cbb-9418-c5c4b6024db3	78bba702-7a2a-4168-8c38-b3d3edb89fe9	676c165e-b3a4-40bc-a836-7dddb105a90b	03cb1d57-4b26-424f-8898-243318ace483	\N	2025-10-21 14:11:12	2025-10-21 14:11:12	\N	f	f
34e47246-ace5-43de-bff5-5e6874fc1ea9	b6b234aa-7daa-4728-a27d-2bbf98e39760	05db621f-1cef-40b3-b113-091af477ac56	e3bf28d1-70f9-4452-8409-67caf7b5c945	\N	2025-10-21 13:47:56	2025-10-21 14:32:18	2025-10-21 14:32:18	t	f
59f402a1-6df6-4702-8712-3d10c98b1cc8	b6b234aa-7daa-4728-a27d-2bbf98e39760	676c165e-b3a4-40bc-a836-7dddb105a90b	03cb1d57-4b26-424f-8898-243318ace483	\N	2025-10-21 14:32:18	2025-10-21 14:32:18	\N	t	f
43900c54-ff3d-4dc6-8d5c-e61c9e6565e7	64ca4ba2-19b4-4446-9e04-a268089b5d7e	676c165e-b3a4-40bc-a836-7dddb105a90b	03cb1d57-4b26-424f-8898-243318ace483	\N	2025-10-24 10:37:22	2025-10-24 10:37:22	\N	t	f
7cf5e4f3-a685-4841-8b9b-7a5d1c966b63	403648cf-d6c9-4dd7-80a5-2999da4100d3	05db621f-1cef-40b3-b113-091af477ac56	03cb1d57-4b26-424f-8898-243318ace483	\N	2025-10-24 10:44:13	2025-10-24 10:44:13	\N	t	f
baae5e6a-226e-4c28-85f0-1106d8168065	403648cf-d6c9-4dd7-80a5-2999da4100d3	676c165e-b3a4-40bc-a836-7dddb105a90b	03cb1d57-4b26-424f-8898-243318ace483	\N	2025-10-24 10:44:13	2025-10-24 10:44:13	\N	f	f
e503345f-4bec-4d43-b6e2-f5255df23760	9197a1d3-78b8-4e9c-bdf1-82b168502db7	676c165e-b3a4-40bc-a836-7dddb105a90b	03cb1d57-4b26-424f-8898-243318ace483	\N	2025-10-24 13:56:04	2025-10-24 13:56:04	\N	t	f
750f00bb-dcd5-439e-9af7-f806e1e31b32	8f723716-fbcb-4058-8e82-f2526cb712d6	676c165e-b3a4-40bc-a836-7dddb105a90b	03cb1d57-4b26-424f-8898-243318ace483	\N	2025-10-30 14:44:42	2025-10-30 14:44:42	\N	t	f
2b94e6a7-2e5a-4209-8fb3-551c7582b982	3e6eaf38-ec8c-4011-ba28-8f9356a21ef7	05db621f-1cef-40b3-b113-091af477ac56	03cb1d57-4b26-424f-8898-243318ace483	\N	2025-10-30 14:46:37	2025-10-30 14:46:46	2025-10-30 14:46:46	t	f
9f02b66c-4f69-4271-8699-f66159b71eb1	3e6eaf38-ec8c-4011-ba28-8f9356a21ef7	676c165e-b3a4-40bc-a836-7dddb105a90b	03cb1d57-4b26-424f-8898-243318ace483	\N	2025-10-30 14:46:37	2025-10-30 14:46:46	2025-10-30 14:46:46	f	f
f147efd8-cd51-42f7-875c-5a895d495e98	3e6eaf38-ec8c-4011-ba28-8f9356a21ef7	05db621f-1cef-40b3-b113-091af477ac56	03cb1d57-4b26-424f-8898-243318ace483	\N	2025-10-30 14:46:46	2025-10-30 14:46:46	\N	t	f
0454003c-a16c-4657-b728-4370493fe890	6f2b7138-4d29-4ef6-bc29-5196752ba541	05db621f-1cef-40b3-b113-091af477ac56	03cb1d57-4b26-424f-8898-243318ace483	\N	2025-10-30 14:47:53	2025-10-30 14:48:09	2025-10-30 14:48:09	t	f
0dc203c9-eb05-4cad-9a3a-8885eae8704e	6f2b7138-4d29-4ef6-bc29-5196752ba541	676c165e-b3a4-40bc-a836-7dddb105a90b	03cb1d57-4b26-424f-8898-243318ace483	\N	2025-10-30 14:47:53	2025-10-30 14:48:09	2025-10-30 14:48:09	f	f
f0aef2bd-e211-44fe-900a-ce8984053461	6f2b7138-4d29-4ef6-bc29-5196752ba541	05db621f-1cef-40b3-b113-091af477ac56	03cb1d57-4b26-424f-8898-243318ace483	\N	2025-10-30 14:48:09	2025-10-30 14:48:09	\N	t	f
36a2d337-e240-4df8-8dfe-82c2ddffdac3	6f2b7138-4d29-4ef6-bc29-5196752ba541	676c165e-b3a4-40bc-a836-7dddb105a90b	03cb1d57-4b26-424f-8898-243318ace483	\N	2025-10-30 14:48:09	2025-10-30 14:48:09	\N	f	f
cd1bd32c-ef48-4485-9827-b8edff838e04	fffc6d7f-d0bf-483a-b628-fa8d0a795348	8b9de9f5-9edc-4946-b473-b04a4300bae1	46caaeb5-a409-418b-879c-113fe9b763ca	\N	2025-11-03 09:24:40	2025-11-03 09:24:40	\N	t	f
0cdb5510-d45c-4785-bf1d-238dad4af2c5	fffc6d7f-d0bf-483a-b628-fa8d0a795348	18a0f2ab-7c09-46ab-a51c-eb3c18f17e5e	46caaeb5-a409-418b-879c-113fe9b763ca	\N	2025-11-03 09:24:40	2025-11-03 09:24:40	\N	f	t
b0bf3698-2672-46d2-b8b0-311a7ea9d50e	4dcf3bd6-fcff-4e8a-b7db-6c6761288661	05db621f-1cef-40b3-b113-091af477ac56	825dc883-1827-489a-8ad3-f136f559a520	\N	2025-11-03 09:25:43	2025-11-03 09:25:43	\N	t	f
fb7d9ec2-76ec-4829-8970-7a1f88884d74	4dcf3bd6-fcff-4e8a-b7db-6c6761288661	00060ccf-bc5d-42bb-ae36-735280e8c678	825dc883-1827-489a-8ad3-f136f559a520	\N	2025-11-03 09:25:44	2025-11-03 09:25:44	\N	f	t
f6267685-8f62-411e-a54d-d457835edb69	0fa75c74-e319-49cb-b745-85b36359584c	00060ccf-bc5d-42bb-ae36-735280e8c678	03cb1d57-4b26-424f-8898-243318ace483	\N	2025-12-05 13:46:19	2025-12-05 13:46:19	\N	f	t
c654182a-428b-41ae-b62d-1f8fa635fccd	790fe1cd-8251-4803-a007-b8587060cf3f	00060ccf-bc5d-42bb-ae36-735280e8c678	03cb1d57-4b26-424f-8898-243318ace483	\N	2025-12-05 13:47:03	2025-12-05 13:47:03	\N	f	t
3257f3ea-dfd3-4a1f-8035-925df8bf1a5f	5b8ce935-6edd-4264-a257-c11941e40e3e	33458126-9a32-4c22-8e9c-f1966da89961	638351ca-dc82-43e9-a061-011adc25de15	\N	2026-01-21 15:25:24	2026-01-21 15:25:25	\N	f	t
\.


--
